{"id":2574,"date":"2014-12-27T19:13:56","date_gmt":"2014-12-27T17:13:56","guid":{"rendered":"http:\/\/woerrlein-naturfoto.de\/wordpress\/?page_id=2574"},"modified":"2015-02-19T12:56:09","modified_gmt":"2015-02-19T11:56:09","slug":"rallenreiher","status":"publish","type":"page","link":"https:\/\/woerrlein-naturfoto.de\/wordpress\/schreitvoegel-a-z\/rallenreiher\/","title":{"rendered":"Rallenreiher"},"content":{"rendered":"<p><a href=\"http:\/\/woerrlein-naturfoto.de\/wordpress\/voegel\/\"><span style=\"color: #ffff66;\">V\u00f6gel<\/span> <\/a>-&gt;<a href=\"http:\/\/woerrlein-naturfoto.de\/wordpress\/hauptseite-voegel\/voegel\/schreitvoegel\/\"> <span style=\"color: #ffff66;\">Schreitv\u00f6gel<\/span><\/a><br \/>\n<a title=\"V\u00f6gel von A-Z\" href=\"http:\/\/woerrlein-naturfoto.de\/wordpress\/voegel\/voegel_von_a-z\/\">V\u00f6gel von A-Z<\/a><br \/>\nzur Galerie <a title=\"Schreitv\u00f6gel\" href=\"http:\/\/woerrlein-naturfoto.de\/wordpress\/hauptseite-voegel\/voegel\/schreitvoegel\/\">Schreitv\u00f6gel<\/a><\/p>\n<p><img loading=\"lazy\" decoding=\"async\" class=\"alignleft wp-image-1762\" src=\"http:\/\/woerrlein-naturfoto.de\/wordpress\/wp-content\/uploads\/Rallenreiher_5955L-600x399.jpg\" alt=\"Rallenreiher_5955L.jpg\" width=\"600\" height=\"399\" srcset=\"https:\/\/woerrlein-naturfoto.de\/wordpress\/wp-content\/uploads\/Rallenreiher_5955L-600x399.jpg 600w, https:\/\/woerrlein-naturfoto.de\/wordpress\/wp-content\/uploads\/Rallenreiher_5955L-120x80.jpg 120w, https:\/\/woerrlein-naturfoto.de\/wordpress\/wp-content\/uploads\/Rallenreiher_5955L.jpg 1000w\" sizes=\"auto, (max-width: 600px) 100vw, 600px\" \/>Der <b>Rallenreiher<\/b> (<i>Ardeola ralloides<\/i>) ist ein altweltlicher Schreitvogel aus der Familie der Reiher. In Mitteleuropa ist der Rallenreiher nur noch in Ungarn ein Brutvogel sowie bei stark schwankendem Bestand in der Slowakei. Der Rallenreiher br\u00fctet in S\u00fc\u00dfwassers\u00fcmpfen und Feuchtgebieten mit R\u00f6hricht und Uferpflanzen lokal im Mittelmeergebiet, sowie in S\u00fcdwestasien, in Marokko und der \u00c4thiopischen Region. Im September und Oktober zieht er nach Afrika, vereinzelt \u00fcberwintern Exemplare auch im s\u00fcdlichen Mittelmeerraum. Beim R\u00fcckzug in die Brutgebiete im April und Mai fliegen einige Tiere weiter in n\u00f6rdliche Richtung bis in den Nordseeraum. So k\u00f6nnen Rallenreiher bis in den sp\u00e4ten Sommer in Mitteleuropa beobachtet werden. Regelm\u00e4\u00dfige Bruten sind jedoch nur aus Ungarn bekannt.<br \/>\nDer d\u00e4mmerungsaktive Rallenreiher jagt in dichtem Geb\u00fcsch oder im Schilf nach Wasserinsekten, Fr\u00f6sche und kleine Fische. Der Vogel lebt au\u00dferhalb der Brutzeit einzelg\u00e4ngerisch oder in kleinen Gruppen und verteidigt sein Nahrungsrevier gegen\u00fcber Artgenossen.<\/p>\n<p>L\u00e4nge: 45-47 cm\u00a0\u00a0 Spannweite: 80-90 cm\u00a0\u00a0 Gewicht: 250-360 g\u00a0\u00a0 Gelege: 4-6 Eier<\/p>\n<p>zur Galerie <a title=\"Schreitv\u00f6gel\" href=\"http:\/\/woerrlein-naturfoto.de\/wordpress\/hauptseite-voegel\/voegel\/schreitvoegel\/\">Schreitv\u00f6gel<\/a><code><br \/>\n<\/code><\/p>\n<p>&nbsp;<\/p>\n<p><em>Quelle des Textauszuges und weitere Infos bei <\/em><a href=\"http:\/\/de.wikipedia.org\/wiki\/Rallenreiher\" target=\"_blank\">Wikipedia<\/a> <em>(<\/em><a href=\"http:\/\/www.gnu.org\/licenses\/fdl-1.3.txt\" target=\"_blank\">GNU-Lizenz<\/a><em>)<\/em> \u2013 <em>mein Dank gilt den<\/em> <a href=\"http:\/\/de.wikipedia.org\/w\/index.php?title=Rallenreiher&amp;action=history\" target=\"_blank\">Autoren<\/a>.<\/p>\n","protected":false},"excerpt":{"rendered":"<p>V\u00f6gel -&gt; Schreitv\u00f6gel V\u00f6gel von A-Z zur Galerie Schreitv\u00f6gel Der Rallenreiher (Ardeola ralloides) ist ein altweltlicher Schreitvogel aus der Familie der Reiher. In Mitteleuropa ist der Rallenreiher nur noch in Ungarn ein Brutvogel sowie bei stark schwankendem Bestand in der Slowakei. Der Rallenreiher br\u00fctet in S\u00fc\u00dfwassers\u00fcmpfen und Feuchtgebieten mit R\u00f6hricht und Uferpflanzen lokal im Mittelmeergebiet, &hellip; <a href=\"https:\/\/woerrlein-naturfoto.de\/wordpress\/schreitvoegel-a-z\/rallenreiher\/\" class=\"more-link\"><span class=\"screen-reader-text\">Rallenreiher<\/span> weiterlesen <span class=\"meta-nav\">&rarr;<\/span><\/a><\/p>\n","protected":false},"author":1,"featured_media":0,"parent":2551,"menu_order":0,"comment_status":"closed","ping_status":"closed","template":"page-templates\/full-width.php","meta":{"footnotes":""},"class_list":["post-2574","page","type-page","status-publish","hentry"],"_links":{"self":[{"href":"https:\/\/woerrlein-naturfoto.de\/wordpress\/wp-json\/wp\/v2\/pages\/2574","targetHints":{"allow":["GET"]}}],"collection":[{"href":"https:\/\/woerrlein-naturfoto.de\/wordpress\/wp-json\/wp\/v2\/pages"}],"about":[{"href":"https:\/\/woerrlein-naturfoto.de\/wordpress\/wp-json\/wp\/v2\/types\/page"}],"author":[{"embeddable":true,"href":"https:\/\/woerrlein-naturfoto.de\/wordpress\/wp-json\/wp\/v2\/users\/1"}],"replies":[{"embeddable":true,"href":"https:\/\/woerrlein-naturfoto.de\/wordpress\/wp-json\/wp\/v2\/comments?post=2574"}],"version-history":[{"count":7,"href":"https:\/\/woerrlein-naturfoto.de\/wordpress\/wp-json\/wp\/v2\/pages\/2574\/revisions"}],"predecessor-version":[{"id":6373,"href":"https:\/\/woerrlein-naturfoto.de\/wordpress\/wp-json\/wp\/v2\/pages\/2574\/revisions\/6373"}],"up":[{"embeddable":true,"href":"https:\/\/woerrlein-naturfoto.de\/wordpress\/wp-json\/wp\/v2\/pages\/2551"}],"wp:attachment":[{"href":"https:\/\/woerrlein-naturfoto.de\/wordpress\/wp-json\/wp\/v2\/media?parent=2574"}],"curies":[{"name":"wp","href":"https:\/\/api.w.org\/{rel}","templated":true}]}}