{"id":2571,"date":"2014-12-27T19:11:42","date_gmt":"2014-12-27T17:11:42","guid":{"rendered":"http:\/\/woerrlein-naturfoto.de\/wordpress\/?page_id=2571"},"modified":"2015-02-19T12:55:20","modified_gmt":"2015-02-19T11:55:20","slug":"nachtreiher","status":"publish","type":"page","link":"https:\/\/woerrlein-naturfoto.de\/wordpress\/schreitvoegel-a-z\/nachtreiher\/","title":{"rendered":"Nachtreiher"},"content":{"rendered":"<p><a href=\"http:\/\/woerrlein-naturfoto.de\/wordpress\/voegel\/\"><span style=\"color: #ffff66;\">V\u00f6gel<\/span> <\/a>-&gt;<a href=\"http:\/\/woerrlein-naturfoto.de\/wordpress\/hauptseite-voegel\/voegel\/schreitvoegel\/\"> <span style=\"color: #ffff66;\">Schreitv\u00f6gel<\/span><\/a><br \/>\n<a title=\"V\u00f6gel von A-Z\" href=\"http:\/\/woerrlein-naturfoto.de\/wordpress\/voegel\/voegel_von_a-z\/\">V\u00f6gel von A-Z<\/a><br \/>\nzur Galerie <a title=\"Schreitv\u00f6gel\" href=\"http:\/\/woerrlein-naturfoto.de\/wordpress\/hauptseite-voegel\/voegel\/schreitvoegel\/\">Schreitv\u00f6gel<\/a><\/p>\n<p><img loading=\"lazy\" decoding=\"async\" class=\"alignleft wp-image-1761\" src=\"http:\/\/woerrlein-naturfoto.de\/wordpress\/wp-content\/uploads\/Nachtreiher_15237L5491eb8b1da30-600x399.jpg\" alt=\"Nachtreiher_15237L5491eb8b1da30.jpg\" width=\"600\" height=\"399\" srcset=\"https:\/\/woerrlein-naturfoto.de\/wordpress\/wp-content\/uploads\/Nachtreiher_15237L5491eb8b1da30-600x399.jpg 600w, https:\/\/woerrlein-naturfoto.de\/wordpress\/wp-content\/uploads\/Nachtreiher_15237L5491eb8b1da30-120x80.jpg 120w, https:\/\/woerrlein-naturfoto.de\/wordpress\/wp-content\/uploads\/Nachtreiher_15237L5491eb8b1da30.jpg 1000w\" sizes=\"auto, (max-width: 600px) 100vw, 600px\" \/><\/p>\n<p>Der <b>Nachtreiher<\/b> (<i>Nycticorax nycticorax<\/i>) ist eine Art aus der Familie der Reiher und geh\u00f6rt somit in die Ordnung der Stelz- und Schreitv\u00f6gel. Der Nachtreiher ist nahezu weltweit vertreten, er fehlt lediglich in Australasien. Er war urspr\u00fcnglich auch in Mitteleuropa weit verbreitet, er ist mittlerweile jedoch nur noch im Osten und S\u00fcdosten Mitteleuropas ein verh\u00e4ltnism\u00e4\u00dfig h\u00e4ufiger Brut- und Sommervogel. Nachtreiher sind das ganze Jahr \u00fcber sehr sozial, man findet sie meist zusammen mit Gleichartigen, aber auch mit anderen Reiherarten. Im Winter sitzen sie meist gemeinsam auf einem Ast. Europ\u00e4ische Best\u00e4nde sind Zugv\u00f6gel, einige au\u00dfereurop\u00e4ische Populationen bleiben auch im Winter am selben Ort. Wenn es kalt ist, ziehen sie im Flug die Beine ein, um sich warm zu halten. Die Jungv\u00f6gel ziehen sich bei K\u00e4lte ins Nest zur\u00fcck und kauern dort zusammen. Nachtreiher verteidigen ihr Nahrungs- und Nistrevier. Auf Nahrungssuche begeben sich Nachtreiher vor allem abends und nachts, wodurch sie Gerangel um Futter mit tagaktiven Reiherarten vermeiden. Wenn Nahrung knapp ist, z.\u00a0B. in der Brutzeit, suchen sie auch am Tage nach Futter. Sie ern\u00e4hren sich recht vielseitig, haupts\u00e4chlich von kleinen Fischen, W\u00fcrmern und Insekten. Sie fressen gelegentlich auch Krebstiere, Amphibien, Reptilien, Muscheln, Nager, V\u00f6gel, Eier und Aas, selten auch pflanzliche Materialien.<\/p>\n<p>L\u00e4nge: 60-65 cm\u00a0\u00a0 Spannweite: 105-110 cm\u00a0\u00a0 Gewicht: 550-700 g\u00a0\u00a0 Gelege: 3-5 Eier<\/p>\n<p>zur Galerie <a title=\"Schreitv\u00f6gel\" href=\"http:\/\/woerrlein-naturfoto.de\/wordpress\/hauptseite-voegel\/voegel\/schreitvoegel\/\">Schreitv\u00f6gel<\/a><code><br \/>\n<\/code><\/p>\n<p>&nbsp;<\/p>\n<p><em>Quelle des Textauszuges und weitere Infos bei <\/em><a href=\"http:\/\/de.wikipedia.org\/wiki\/Nachtreiher\" target=\"_blank\">Wikipedia<\/a> <em>(<\/em><a href=\"http:\/\/www.gnu.org\/licenses\/fdl-1.3.txt\" target=\"_blank\">GNU-Lizenz<\/a><em>)<\/em> \u2013 <em>mein Dank gilt den<\/em> <a href=\"http:\/\/de.wikipedia.org\/w\/index.php?title=Nachtreiher&amp;action=history\" target=\"_blank\">Autoren<\/a>.<\/p>\n","protected":false},"excerpt":{"rendered":"<p>V\u00f6gel -&gt; Schreitv\u00f6gel V\u00f6gel von A-Z zur Galerie Schreitv\u00f6gel Der Nachtreiher (Nycticorax nycticorax) ist eine Art aus der Familie der Reiher und geh\u00f6rt somit in die Ordnung der Stelz- und Schreitv\u00f6gel. Der Nachtreiher ist nahezu weltweit vertreten, er fehlt lediglich in Australasien. Er war urspr\u00fcnglich auch in Mitteleuropa weit verbreitet, er ist mittlerweile jedoch nur &hellip; <a href=\"https:\/\/woerrlein-naturfoto.de\/wordpress\/schreitvoegel-a-z\/nachtreiher\/\" class=\"more-link\"><span class=\"screen-reader-text\">Nachtreiher<\/span> weiterlesen <span class=\"meta-nav\">&rarr;<\/span><\/a><\/p>\n","protected":false},"author":1,"featured_media":0,"parent":2551,"menu_order":0,"comment_status":"closed","ping_status":"closed","template":"page-templates\/full-width.php","meta":{"footnotes":""},"class_list":["post-2571","page","type-page","status-publish","hentry"],"_links":{"self":[{"href":"https:\/\/woerrlein-naturfoto.de\/wordpress\/wp-json\/wp\/v2\/pages\/2571","targetHints":{"allow":["GET"]}}],"collection":[{"href":"https:\/\/woerrlein-naturfoto.de\/wordpress\/wp-json\/wp\/v2\/pages"}],"about":[{"href":"https:\/\/woerrlein-naturfoto.de\/wordpress\/wp-json\/wp\/v2\/types\/page"}],"author":[{"embeddable":true,"href":"https:\/\/woerrlein-naturfoto.de\/wordpress\/wp-json\/wp\/v2\/users\/1"}],"replies":[{"embeddable":true,"href":"https:\/\/woerrlein-naturfoto.de\/wordpress\/wp-json\/wp\/v2\/comments?post=2571"}],"version-history":[{"count":4,"href":"https:\/\/woerrlein-naturfoto.de\/wordpress\/wp-json\/wp\/v2\/pages\/2571\/revisions"}],"predecessor-version":[{"id":6371,"href":"https:\/\/woerrlein-naturfoto.de\/wordpress\/wp-json\/wp\/v2\/pages\/2571\/revisions\/6371"}],"up":[{"embeddable":true,"href":"https:\/\/woerrlein-naturfoto.de\/wordpress\/wp-json\/wp\/v2\/pages\/2551"}],"wp:attachment":[{"href":"https:\/\/woerrlein-naturfoto.de\/wordpress\/wp-json\/wp\/v2\/media?parent=2571"}],"curies":[{"name":"wp","href":"https:\/\/api.w.org\/{rel}","templated":true}]}}