{"id":2561,"date":"2014-12-27T18:32:13","date_gmt":"2014-12-27T16:32:13","guid":{"rendered":"http:\/\/woerrlein-naturfoto.de\/wordpress\/?page_id=2561"},"modified":"2015-02-19T12:54:21","modified_gmt":"2015-02-19T11:54:21","slug":"heiliger-ibis","status":"publish","type":"page","link":"https:\/\/woerrlein-naturfoto.de\/wordpress\/schreitvoegel-a-z\/heiliger-ibis\/","title":{"rendered":"heiliger Ibis"},"content":{"rendered":"<p><a href=\"http:\/\/woerrlein-naturfoto.de\/wordpress\/voegel\/\"><span style=\"color: #ffff66;\">V\u00f6gel<\/span> <\/a>-&gt;<a href=\"http:\/\/woerrlein-naturfoto.de\/wordpress\/hauptseite-voegel\/voegel\/schreitvoegel\/\"> <span style=\"color: #ffff66;\">Schreitv\u00f6gel<\/span><\/a><br \/>\n<a title=\"V\u00f6gel von A-Z\" href=\"http:\/\/woerrlein-naturfoto.de\/wordpress\/voegel\/voegel_von_a-z\/\">V\u00f6gel von A-Z<\/a><br \/>\nzur Galerie <a title=\"Schreitv\u00f6gel\" href=\"http:\/\/woerrlein-naturfoto.de\/wordpress\/hauptseite-voegel\/voegel\/schreitvoegel\/\">Schreitv\u00f6gel<\/a><\/p>\n<p><img loading=\"lazy\" decoding=\"async\" class=\"alignleft wp-image-1751\" src=\"http:\/\/woerrlein-naturfoto.de\/wordpress\/wp-content\/uploads\/heiliger_Ibis_15493L-600x399.jpg\" alt=\"heiliger_Ibis_15493L.jpg\" width=\"600\" height=\"399\" srcset=\"https:\/\/woerrlein-naturfoto.de\/wordpress\/wp-content\/uploads\/heiliger_Ibis_15493L-600x399.jpg 600w, https:\/\/woerrlein-naturfoto.de\/wordpress\/wp-content\/uploads\/heiliger_Ibis_15493L-120x80.jpg 120w, https:\/\/woerrlein-naturfoto.de\/wordpress\/wp-content\/uploads\/heiliger_Ibis_15493L.jpg 1000w\" sizes=\"auto, (max-width: 600px) 100vw, 600px\" \/>Der <b>Heilige Ibis<\/b> (<i>Threskiornis aethiopicus<\/i>) ist eine Vogelart aus der Familie der Ibisse und L\u00f6ffler und lebt in Afrika. Der Heilige Ibis ist in Afrika s\u00fcdlich der Sahara heimisch. Seine n\u00e4chsten Verwandten sind der Molukkenibis und der Schwarzkopfibis. Die V\u00f6gel leben meist in Gew\u00e4ssern\u00e4he. Die Best\u00e4nde in \u00c4gypten, wo er einst als heiliger Vogel verehrt wurde, sind heute erloschen.<br \/>\nIn Frankreich hat sich beginnend in den 1970er Jahren eine Population aus freifliegenden Tieren des Vogelparks von Branf\u00e9r\u00e9 etabliert. Im Jahr 1984 gab es etwa 100 Tiere, 1995 etwa 400 und 2005 bereits etwa 3.000 in insgesamt 17 D\u00e9partements. Besonders verbreitet ist er in den D\u00e9partements Loire-Atlantique, Vend\u00e9e und Morbihan. Man findet ihn aber auch an der franz\u00f6sischen Mittelmeerk\u00fcste. Seit Mai 2008 laufen im D\u00e9partement Loire-Atlantique Absch\u00fcsse durch J\u00e4ger, um den Bestand wegen der negativen Auswirkungen auf andere Vogelarten zu reduzieren. Der Heilige Ibis ist ein ausgesprochener Nahrungsopportunist und ern\u00e4hrt sich von Reptilien, Fischen, Krebstieren, gro\u00dfen Insekten, Schnecken sowie gelegentlich auch Aas. M\u00fcllkippen werden regelm\u00e4\u00dfig nach Fressbarem durchsucht. An der K\u00fcste kann er sich aber auch auf Eier und Nestlinge spezialisieren. Damit hat er sogar z.\u00a0B. in S\u00fcdafrika einen gr\u00f6\u00dferen Einfluss auf den Bruterfolg der dortigen Kapscharben-Kolonien gewonnen als die Dominikanerm\u00f6we. Die franz\u00f6sischen Kolonien werden mittlerweile als eine akute Bedrohung besonders f\u00fcr Seeschwalbenkolonien angesehen.<\/p>\n<p>L\u00e4nge: 60-85 cm\u00a0\u00a0 Spannweite: 110-125 cm\u00a0\u00a0 Gewicht: 1,2-1,5 kg\u00a0\u00a0 Gelege: 2-4 Eier<\/p>\n<p>zur Galerie <a title=\"Schreitv\u00f6gel\" href=\"http:\/\/woerrlein-naturfoto.de\/wordpress\/hauptseite-voegel\/voegel\/schreitvoegel\/\">Schreitv\u00f6gel<\/a><code><br \/>\n<\/code><\/p>\n<p>&nbsp;<\/p>\n<p><em>Quelle des Textauszuges und weitere Infos bei <\/em><a href=\"http:\/\/de.wikipedia.org\/wiki\/Heiliger_Ibis\" target=\"_blank\">Wikipedia<\/a> <em>(<\/em><a href=\"http:\/\/www.gnu.org\/licenses\/fdl-1.3.txt\" target=\"_blank\">GNU-Lizenz<\/a><em>)<\/em> \u2013 <em>mein Dank gilt den<\/em> <a href=\"http:\/\/de.wikipedia.org\/w\/index.php?title=Heiliger_Ibis&amp;action=history\" target=\"_blank\">Autoren<\/a>.<\/p>\n","protected":false},"excerpt":{"rendered":"<p>V\u00f6gel -&gt; Schreitv\u00f6gel V\u00f6gel von A-Z zur Galerie Schreitv\u00f6gel Der Heilige Ibis (Threskiornis aethiopicus) ist eine Vogelart aus der Familie der Ibisse und L\u00f6ffler und lebt in Afrika. Der Heilige Ibis ist in Afrika s\u00fcdlich der Sahara heimisch. Seine n\u00e4chsten Verwandten sind der Molukkenibis und der Schwarzkopfibis. Die V\u00f6gel leben meist in Gew\u00e4ssern\u00e4he. Die Best\u00e4nde &hellip; <a href=\"https:\/\/woerrlein-naturfoto.de\/wordpress\/schreitvoegel-a-z\/heiliger-ibis\/\" class=\"more-link\"><span class=\"screen-reader-text\">heiliger Ibis<\/span> weiterlesen <span class=\"meta-nav\">&rarr;<\/span><\/a><\/p>\n","protected":false},"author":1,"featured_media":0,"parent":2551,"menu_order":0,"comment_status":"closed","ping_status":"closed","template":"page-templates\/full-width.php","meta":{"footnotes":""},"class_list":["post-2561","page","type-page","status-publish","hentry"],"_links":{"self":[{"href":"https:\/\/woerrlein-naturfoto.de\/wordpress\/wp-json\/wp\/v2\/pages\/2561","targetHints":{"allow":["GET"]}}],"collection":[{"href":"https:\/\/woerrlein-naturfoto.de\/wordpress\/wp-json\/wp\/v2\/pages"}],"about":[{"href":"https:\/\/woerrlein-naturfoto.de\/wordpress\/wp-json\/wp\/v2\/types\/page"}],"author":[{"embeddable":true,"href":"https:\/\/woerrlein-naturfoto.de\/wordpress\/wp-json\/wp\/v2\/users\/1"}],"replies":[{"embeddable":true,"href":"https:\/\/woerrlein-naturfoto.de\/wordpress\/wp-json\/wp\/v2\/comments?post=2561"}],"version-history":[{"count":5,"href":"https:\/\/woerrlein-naturfoto.de\/wordpress\/wp-json\/wp\/v2\/pages\/2561\/revisions"}],"predecessor-version":[{"id":6368,"href":"https:\/\/woerrlein-naturfoto.de\/wordpress\/wp-json\/wp\/v2\/pages\/2561\/revisions\/6368"}],"up":[{"embeddable":true,"href":"https:\/\/woerrlein-naturfoto.de\/wordpress\/wp-json\/wp\/v2\/pages\/2551"}],"wp:attachment":[{"href":"https:\/\/woerrlein-naturfoto.de\/wordpress\/wp-json\/wp\/v2\/media?parent=2561"}],"curies":[{"name":"wp","href":"https:\/\/api.w.org\/{rel}","templated":true}]}}