{"id":2553,"date":"2014-12-27T18:10:40","date_gmt":"2014-12-27T16:10:40","guid":{"rendered":"http:\/\/woerrlein-naturfoto.de\/wordpress\/?page_id=2553"},"modified":"2018-12-09T18:25:16","modified_gmt":"2018-12-09T17:25:16","slug":"graureiher","status":"publish","type":"page","link":"https:\/\/woerrlein-naturfoto.de\/wordpress\/schreitvoegel-a-z\/graureiher\/","title":{"rendered":"Graureiher"},"content":{"rendered":"<p><a href=\"http:\/\/woerrlein-naturfoto.de\/wordpress\/voegel\/\"><span style=\"color: #ffff66;\">V\u00f6gel<\/span> <\/a>-&gt;<a href=\"http:\/\/woerrlein-naturfoto.de\/wordpress\/hauptseite-voegel\/voegel\/schreitvoegel\/\"> <span style=\"color: #ffff66;\">Schreitv\u00f6gel<\/span><\/a><br \/>\n<a title=\"V\u00f6gel von A-Z\" href=\"http:\/\/woerrlein-naturfoto.de\/wordpress\/voegel\/voegel_von_a-z\/\">V\u00f6gel von A-Z<\/a><br \/>\nzur Galerie <a title=\"Schreitv\u00f6gel\" href=\"http:\/\/woerrlein-naturfoto.de\/wordpress\/hauptseite-voegel\/voegel\/schreitvoegel\/\">Schreitv\u00f6gel<\/a><\/p>\n<p><img loading=\"lazy\" decoding=\"async\" class=\"alignleft wp-image-10320\" src=\"http:\/\/woerrlein-naturfoto.de\/wordpress\/wp-content\/uploads\/2014\/12\/Graureiher_AW_57168_5046x3364-600x400.jpg\" alt=\"\" width=\"600\" height=\"400\" srcset=\"https:\/\/woerrlein-naturfoto.de\/wordpress\/wp-content\/uploads\/2014\/12\/Graureiher_AW_57168_5046x3364-600x400.jpg 600w, https:\/\/woerrlein-naturfoto.de\/wordpress\/wp-content\/uploads\/2014\/12\/Graureiher_AW_57168_5046x3364-768x512.jpg 768w, https:\/\/woerrlein-naturfoto.de\/wordpress\/wp-content\/uploads\/2014\/12\/Graureiher_AW_57168_5046x3364-120x80.jpg 120w, https:\/\/woerrlein-naturfoto.de\/wordpress\/wp-content\/uploads\/2014\/12\/Graureiher_AW_57168_5046x3364.jpg 1000w\" sizes=\"auto, (max-width: 600px) 100vw, 600px\" \/>Der <b>Graureiher<\/b> (<i>Ardea cinerea<\/i>), umgangssprachlich auch <b>Fischreiher<\/b>, ist eine Vogelart aus der Ordnung der Schreitv\u00f6gel (Ciconiiformes). Er ist in Eurasien und Afrika weit verbreitet und h\u00e4ufig. Weltweit werden vier Unterarten unterschieden. Der Graureiher ist in den milderen und s\u00fcdlichen Regionen Europas und Asiens zu finden, au\u00dferdem im gesamten s\u00fcdlichen Afrika mit Ausnahme der s\u00fcdlichen K\u00fcstennamib. Er fehlt innerhalb dieses gro\u00dfen Verbreitungsgebietes lediglich in den Tundren, W\u00fcsten, Steppen und Hochgebirgen. In Mitteleuropa ist er ein sehr h\u00e4ufiger Brutvogel. Die h\u00f6chsten Bestandsdichten werden in wasserreichen Tieflandgebieten erreicht. Graureiher sind Lebensraumgeneralisten, die gleicherma\u00dfen an S\u00fc\u00dfgew\u00e4ssern im Landesinneren, an Flussm\u00fcndungen sowie in K\u00fcstenregionen zu Hause sind. Ihre Anspr\u00fcche an ihren Lebensraum sind relativ gering. Sie ben\u00f6tigen eine N\u00e4he zu Gew\u00e4ssern mit Flachwasserzonen, verh\u00e4ltnism\u00e4\u00dfig gro\u00dfe Beute und vier bis f\u00fcnf Monate, in denen die Gew\u00e4sser nicht zufrieren. Entsprechend findet man sie an Seeufern, Fl\u00fcssen, \u00dcberschwemmungszonen, Schilfg\u00fcrtel, S\u00fcmpfen, Teichen, Str\u00e4nden, Mangroven und Salzmarschen. Weidefl\u00e4chen, die sich in einiger Entfernung vom n\u00e4chsten Gew\u00e4sser befinden, werden gleichfalls genutzt. Solche Habitate findet der Reiher in der Regel im Flachland.<\/p>\n<p>L\u00e4nge: 90-98 cm\u00a0\u00a0 Spannweite: 175-195 cm\u00a0\u00a0 Gewicht: 1,1-1,7 kg\u00a0\u00a0 Gelege: 4-5 Eier<\/p>\n<p>zur Galerie <a title=\"Schreitv\u00f6gel\" href=\"http:\/\/woerrlein-naturfoto.de\/wordpress\/hauptseite-voegel\/voegel\/schreitvoegel\/\">Schreitv\u00f6gel<\/a><code><br \/>\n<\/code><\/p>\n<p>&nbsp;<\/p>\n<p><em>Quelle des Textauszuges und weitere Infos bei <\/em><a href=\"http:\/\/de.wikipedia.org\/wiki\/Graureiher\" target=\"_blank\" rel=\"noopener noreferrer\">Wikipedia<\/a> <em>(<\/em><a href=\"http:\/\/www.gnu.org\/licenses\/fdl-1.3.txt\" target=\"_blank\" rel=\"noopener noreferrer\">GNU-Lizenz<\/a><em>)<\/em> \u2013 <em>mein Dank gilt den<\/em> <a href=\"http:\/\/de.wikipedia.org\/w\/index.php?title=Graureiher&amp;action=history\" target=\"_blank\" rel=\"noopener noreferrer\">Autoren<\/a>.<\/p>\n","protected":false},"excerpt":{"rendered":"<p>V\u00f6gel -&gt; Schreitv\u00f6gel V\u00f6gel von A-Z zur Galerie Schreitv\u00f6gel Der Graureiher (Ardea cinerea), umgangssprachlich auch Fischreiher, ist eine Vogelart aus der Ordnung der Schreitv\u00f6gel (Ciconiiformes). Er ist in Eurasien und Afrika weit verbreitet und h\u00e4ufig. Weltweit werden vier Unterarten unterschieden. Der Graureiher ist in den milderen und s\u00fcdlichen Regionen Europas und Asiens zu finden, au\u00dferdem &hellip; <a href=\"https:\/\/woerrlein-naturfoto.de\/wordpress\/schreitvoegel-a-z\/graureiher\/\" class=\"more-link\"><span class=\"screen-reader-text\">Graureiher<\/span> weiterlesen <span class=\"meta-nav\">&rarr;<\/span><\/a><\/p>\n","protected":false},"author":1,"featured_media":0,"parent":2551,"menu_order":0,"comment_status":"closed","ping_status":"closed","template":"page-templates\/full-width.php","meta":{"footnotes":""},"class_list":["post-2553","page","type-page","status-publish","hentry"],"_links":{"self":[{"href":"https:\/\/woerrlein-naturfoto.de\/wordpress\/wp-json\/wp\/v2\/pages\/2553","targetHints":{"allow":["GET"]}}],"collection":[{"href":"https:\/\/woerrlein-naturfoto.de\/wordpress\/wp-json\/wp\/v2\/pages"}],"about":[{"href":"https:\/\/woerrlein-naturfoto.de\/wordpress\/wp-json\/wp\/v2\/types\/page"}],"author":[{"embeddable":true,"href":"https:\/\/woerrlein-naturfoto.de\/wordpress\/wp-json\/wp\/v2\/users\/1"}],"replies":[{"embeddable":true,"href":"https:\/\/woerrlein-naturfoto.de\/wordpress\/wp-json\/wp\/v2\/comments?post=2553"}],"version-history":[{"count":10,"href":"https:\/\/woerrlein-naturfoto.de\/wordpress\/wp-json\/wp\/v2\/pages\/2553\/revisions"}],"predecessor-version":[{"id":10341,"href":"https:\/\/woerrlein-naturfoto.de\/wordpress\/wp-json\/wp\/v2\/pages\/2553\/revisions\/10341"}],"up":[{"embeddable":true,"href":"https:\/\/woerrlein-naturfoto.de\/wordpress\/wp-json\/wp\/v2\/pages\/2551"}],"wp:attachment":[{"href":"https:\/\/woerrlein-naturfoto.de\/wordpress\/wp-json\/wp\/v2\/media?parent=2553"}],"curies":[{"name":"wp","href":"https:\/\/api.w.org\/{rel}","templated":true}]}}