{"id":251,"date":"2014-04-06T22:15:33","date_gmt":"2014-04-06T20:15:33","guid":{"rendered":"http:\/\/woerrlein-naturfoto.de\/wordpress\/?page_id=251"},"modified":"2015-02-18T12:46:20","modified_gmt":"2015-02-18T11:46:20","slug":"hausrotschwanz","status":"publish","type":"page","link":"https:\/\/woerrlein-naturfoto.de\/wordpress\/drosseln_a-z\/hausrotschwanz\/","title":{"rendered":"Hausrotschwanz"},"content":{"rendered":"<p><a href=\"http:\/\/woerrlein-naturfoto.de\/wordpress\/voegel\/\"><span style=\"color: #ffff66;\">V\u00f6gel<\/span> <\/a>-&gt;<a href=\"http:\/\/woerrlein-naturfoto.de\/wordpress\/voegel\/sperlingsvoegel\/\"> <span style=\"color: #ffff66;\">Sperlingsv\u00f6gel<\/span><\/a> -&gt;<a href=\"http:\/\/woerrlein-naturfoto.de\/wordpress\/hauptseite-voegel\/voegel\/sperlingsvoegel\/drosseln\"> <span style=\"color: #ffff66;\">Drosseln<\/span><\/a><br \/>\n<a title=\"V\u00f6gel von A-Z\" href=\"http:\/\/woerrlein-naturfoto.de\/wordpress\/voegel\/voegel_von_a-z\/\">V\u00f6gel von A-Z<\/a><br \/>\nZur Galerie <a href=\"http:\/\/woerrlein-naturfoto.de\/wordpress\/hauptseite-voegel\/voegel\/sperlingsvoegel\/drosseln\">Drosseln<\/a><\/p>\n<p><img loading=\"lazy\" decoding=\"async\" class=\" wp-image-156 alignleft\" src=\"http:\/\/woerrlein-naturfoto.de\/wordpress\/wp-content\/uploads\/Hausrotschwanz_57792_v1-600x400.jpg\" alt=\"Hausrotschwanz_57792_v\" width=\"600\" height=\"400\" \/><\/p>\n<p>Der <b>Hausrotschwanz<\/b> (<i>Phoenicurus ochruros<\/i>)wird in vielen B\u00fcchern den\u00a0 Drosseln zugerechnet. Er ist etwas kleiner als der Haussperling und vor allem an seinem rostorangen Schwanz und dem ansonsten dunklen Gefieder zu erkennen. Hausrotschw\u00e4nze sind Nischenbr\u00fcter und waren urspr\u00fcnglich ausschlie\u00dflich im Gebirge beheimatet. Erst seit ungef\u00e4hr 250 Jahren ist die Art im Tiefland verbreitet und auch in Siedlungsgebieten in der N\u00e4he des Menschen anzutreffen. Die Nahrung besteht haupts\u00e4chlich aus Insekten, die von einer Warte aus meist am Boden, seltener auch in der Luft gefangen werden. Die Hausrotschw\u00e4nze West- und Mitteleuropas sind Kurzstreckenzieher und \u00fcberwintern vorwiegend im Mittelmeerraum. Sie verlassen dabei als eine der letzten wegziehenden Arten das Brutgebiet und kehren fr\u00fch im Jahr bereits zur\u00fcck.<\/p>\n<p>L\u00e4nge: 14,5 cm\u00a0\u00a0 Spannweite: 23-26 cm\u00a0\u00a0 Gewicht: 14-20 g\u00a0\u00a0 Gelege: 4-6 Eier<\/p>\n<p>Zur Galerie <a href=\"http:\/\/woerrlein-naturfoto.de\/wordpress\/hauptseite-voegel\/voegel\/sperlingsvoegel\/drosseln\">Drosseln<\/a><\/p>\n<p>&nbsp;<\/p>\n<p><em>Quelle des Textauszuges und weitere Infos bei <\/em><a href=\"http:\/\/de.wikipedia.org\/wiki\/Hausrotschwanz\" target=\"_blank\">Wikipedia<\/a> <em>(<\/em><a href=\"http:\/\/www.gnu.org\/licenses\/fdl-1.3.txt\" target=\"_blank\">GNU-Lizenz<\/a><em>)<\/em> \u2013 <em>mein Dank gilt den<\/em> <a href=\"http:\/\/de.wikipedia.org\/w\/index.php?title=Hausrotschwanz&amp;action=history\" target=\"_blank\">Autoren<\/a>.<\/p>\n","protected":false},"excerpt":{"rendered":"<p>V\u00f6gel -&gt; Sperlingsv\u00f6gel -&gt; Drosseln V\u00f6gel von A-Z Zur Galerie Drosseln Der Hausrotschwanz (Phoenicurus ochruros)wird in vielen B\u00fcchern den\u00a0 Drosseln zugerechnet. Er ist etwas kleiner als der Haussperling und vor allem an seinem rostorangen Schwanz und dem ansonsten dunklen Gefieder zu erkennen. Hausrotschw\u00e4nze sind Nischenbr\u00fcter und waren urspr\u00fcnglich ausschlie\u00dflich im Gebirge beheimatet. Erst seit ungef\u00e4hr &hellip; <a href=\"https:\/\/woerrlein-naturfoto.de\/wordpress\/drosseln_a-z\/hausrotschwanz\/\" class=\"more-link\"><span class=\"screen-reader-text\">Hausrotschwanz<\/span> weiterlesen <span class=\"meta-nav\">&rarr;<\/span><\/a><\/p>\n","protected":false},"author":1,"featured_media":0,"parent":211,"menu_order":0,"comment_status":"closed","ping_status":"closed","template":"page-templates\/full-width.php","meta":{"footnotes":""},"class_list":["post-251","page","type-page","status-publish","hentry"],"_links":{"self":[{"href":"https:\/\/woerrlein-naturfoto.de\/wordpress\/wp-json\/wp\/v2\/pages\/251","targetHints":{"allow":["GET"]}}],"collection":[{"href":"https:\/\/woerrlein-naturfoto.de\/wordpress\/wp-json\/wp\/v2\/pages"}],"about":[{"href":"https:\/\/woerrlein-naturfoto.de\/wordpress\/wp-json\/wp\/v2\/types\/page"}],"author":[{"embeddable":true,"href":"https:\/\/woerrlein-naturfoto.de\/wordpress\/wp-json\/wp\/v2\/users\/1"}],"replies":[{"embeddable":true,"href":"https:\/\/woerrlein-naturfoto.de\/wordpress\/wp-json\/wp\/v2\/comments?post=251"}],"version-history":[{"count":21,"href":"https:\/\/woerrlein-naturfoto.de\/wordpress\/wp-json\/wp\/v2\/pages\/251\/revisions"}],"predecessor-version":[{"id":6320,"href":"https:\/\/woerrlein-naturfoto.de\/wordpress\/wp-json\/wp\/v2\/pages\/251\/revisions\/6320"}],"up":[{"embeddable":true,"href":"https:\/\/woerrlein-naturfoto.de\/wordpress\/wp-json\/wp\/v2\/pages\/211"}],"wp:attachment":[{"href":"https:\/\/woerrlein-naturfoto.de\/wordpress\/wp-json\/wp\/v2\/media?parent=251"}],"curies":[{"name":"wp","href":"https:\/\/api.w.org\/{rel}","templated":true}]}}