{"id":2471,"date":"2014-12-27T13:13:53","date_gmt":"2014-12-27T11:13:53","guid":{"rendered":"http:\/\/woerrlein-naturfoto.de\/wordpress\/?page_id=2471"},"modified":"2017-02-18T14:53:06","modified_gmt":"2017-02-18T13:53:06","slug":"rothalstaucher","status":"publish","type":"page","link":"https:\/\/woerrlein-naturfoto.de\/wordpress\/lappentaucher-a-z\/rothalstaucher\/","title":{"rendered":"Rothalstaucher"},"content":{"rendered":"<p><a href=\"http:\/\/woerrlein-naturfoto.de\/wordpress\/voegel\/\"><span style=\"color: #ffff66;\">V\u00f6gel<\/span> <\/a>-&gt;<a href=\"http:\/\/woerrlein-naturfoto.de\/wordpress\/hauptseite-voegel\/voegel\/lappentaucher-2\/\"> <span style=\"color: #ffff66;\">Lappentaucher<\/span><\/a><br \/>\n<a title=\"V\u00f6gel von A-Z\" href=\"http:\/\/woerrlein-naturfoto.de\/wordpress\/voegel\/voegel_von_a-z\/\">V\u00f6gel von A-Z<\/a><br \/>\nzur Galerie <a title=\"Rothalstaucher\" href=\"http:\/\/woerrlein-naturfoto.de\/wordpress\/hauptseite-voegel\/voegel\/lappentaucher-2\/rothalstaucher\/\">Rothalstaucher<\/a><\/p>\n<p><img loading=\"lazy\" decoding=\"async\" class=\"alignleft wp-image-1601\" src=\"http:\/\/woerrlein-naturfoto.de\/wordpress\/wp-content\/uploads\/Rothalstaucher_61967_v-600x400.jpg\" alt=\"Rothalstaucher_61967_v.jpg\" width=\"600\" height=\"400\" \/><\/p>\n<p>Der <b>Rothalstaucher<\/b> (<i>Podiceps grisegena<\/i>) ist eine Vogelart aus der Familie der Lappentaucher. Das <a title=\"Holarktis\" href=\"http:\/\/de.wikipedia.org\/wiki\/Holarktis\" target=\"_blank\">holarktische<\/a> Verbreitungsgebiet der Art umfasst Teile des n\u00f6rdlichen Eurasiens und des n\u00f6rdlichen Nordamerikas. In Eurasien ist die Verbreitung in mehrere Teilareale zergliedert, das westliche geschlossene Verbreitungsareal reicht vom \u00f6stlichen Mitteleuropa bis Westsibirien. Wie alle Lappentaucher ist der Rothalstaucher ein guter Schwimmer und geschickter Taucher. Im Sommer besteht seine Nahrung \u00fcberwiegend aus Wasserinsekten und deren Larven, sowie Mollusken, Krebstieren und Fr\u00f6schen. Im Winter spielen Fische eine etwas gr\u00f6\u00dfere Rolle in seiner Ern\u00e4hrung. Die Art br\u00fctet meist auf recht kleinen, flachen Gew\u00e4ssern mit einer gut entwickelten Ufervegetation. Der Rothalstaucher ist ein Teil- und Kurzstreckenzieher, der sich vom Sp\u00e4therbst bis Fr\u00fchjahr auf tieferen Seen sowie an Meeresbuchten ohne gr\u00f6\u00dferen Wellengang aufh\u00e4lt.<br \/>\nDas Paarbildungsverhalten weist zahlreiche Elemente auf, die auch beim\u00a0<a title=\"Haubentaucher\" href=\"http:\/\/woerrlein-naturfoto.de\/wordpress\/lappentaucher-a-z\/haubentaucher\/\" target=\"_blank\">Haubentaucher<\/a> zu beobachten sind. Rothalstaucher sind in dieser Zeit sehr ruffreudig. Zu den Verhaltenselementen z\u00e4hlt ein Kopfsch\u00fctteln, das von lauten Rufen begleitet ist. Der Schnabel wird dabei schr\u00e4g nach unten gehalten. Die verl\u00e4ngerten Kopffedern sind dabei stark gestr\u00e4ubt. Auch beim \u201eMaterial-Pr\u00e4sentieren\u201c, einem weiteren ritualisierten Verhaltenselement, rufen die V\u00f6gel laut, w\u00e4hrend sie aufeinander zu schwimmen. Bei der sogenannten \u201ePinguin-Pose\u201c heben die Rothalstaucher den Vorderk\u00f6rper weit aus dem Wasser, w\u00e4hrend sie heftig Wasser treten. Dieses Verhaltenselement endet, wenn die beiden V\u00f6gel mit voneinander abgewendeten K\u00f6pfen wieder auf das Wasser zur\u00fccksinken.<\/p>\n<p>L\u00e4nge: 40-50 cm\u00a0\u00a0 Spannweite: 80-85 cm\u00a0\u00a0 Gewicht: 500-800 g\u00a0\u00a0 Gelege: 4-5 Eier<\/p>\n<p>zur Galerie <a title=\"Rothalstaucher\" href=\"http:\/\/woerrlein-naturfoto.de\/wordpress\/hauptseite-voegel\/voegel\/lappentaucher-2\/rothalstaucher\/\">Rothalstaucher<\/a><code><br \/>\n<\/code><\/p>\n<p>&nbsp;<\/p>\n<p><em>Quelle des Textauszuges und weitere Infos bei <\/em><a href=\"http:\/\/de.wikipedia.org\/wiki\/Rothalstaucher\" target=\"_blank\">Wikipedia<\/a> <em>(<\/em><a href=\"http:\/\/www.gnu.org\/licenses\/fdl-1.3.txt\" target=\"_blank\">GNU-Lizenz<\/a><em>)<\/em> \u2013 <em>mein Dank gilt den<\/em> <a href=\"http:\/\/de.wikipedia.org\/w\/index.php?title=Rothalstaucher&amp;action=history\" target=\"_blank\">Autoren<\/a>.<\/p>\n","protected":false},"excerpt":{"rendered":"<p>V\u00f6gel -&gt; Lappentaucher V\u00f6gel von A-Z zur Galerie Rothalstaucher Der Rothalstaucher (Podiceps grisegena) ist eine Vogelart aus der Familie der Lappentaucher. Das holarktische Verbreitungsgebiet der Art umfasst Teile des n\u00f6rdlichen Eurasiens und des n\u00f6rdlichen Nordamerikas. In Eurasien ist die Verbreitung in mehrere Teilareale zergliedert, das westliche geschlossene Verbreitungsareal reicht vom \u00f6stlichen Mitteleuropa bis Westsibirien. Wie &hellip; <a href=\"https:\/\/woerrlein-naturfoto.de\/wordpress\/lappentaucher-a-z\/rothalstaucher\/\" class=\"more-link\"><span class=\"screen-reader-text\">Rothalstaucher<\/span> weiterlesen <span class=\"meta-nav\">&rarr;<\/span><\/a><\/p>\n","protected":false},"author":1,"featured_media":0,"parent":2461,"menu_order":0,"comment_status":"closed","ping_status":"closed","template":"page-templates\/full-width.php","meta":{"footnotes":""},"class_list":["post-2471","page","type-page","status-publish","hentry"],"_links":{"self":[{"href":"https:\/\/woerrlein-naturfoto.de\/wordpress\/wp-json\/wp\/v2\/pages\/2471","targetHints":{"allow":["GET"]}}],"collection":[{"href":"https:\/\/woerrlein-naturfoto.de\/wordpress\/wp-json\/wp\/v2\/pages"}],"about":[{"href":"https:\/\/woerrlein-naturfoto.de\/wordpress\/wp-json\/wp\/v2\/types\/page"}],"author":[{"embeddable":true,"href":"https:\/\/woerrlein-naturfoto.de\/wordpress\/wp-json\/wp\/v2\/users\/1"}],"replies":[{"embeddable":true,"href":"https:\/\/woerrlein-naturfoto.de\/wordpress\/wp-json\/wp\/v2\/comments?post=2471"}],"version-history":[{"count":10,"href":"https:\/\/woerrlein-naturfoto.de\/wordpress\/wp-json\/wp\/v2\/pages\/2471\/revisions"}],"predecessor-version":[{"id":8807,"href":"https:\/\/woerrlein-naturfoto.de\/wordpress\/wp-json\/wp\/v2\/pages\/2471\/revisions\/8807"}],"up":[{"embeddable":true,"href":"https:\/\/woerrlein-naturfoto.de\/wordpress\/wp-json\/wp\/v2\/pages\/2461"}],"wp:attachment":[{"href":"https:\/\/woerrlein-naturfoto.de\/wordpress\/wp-json\/wp\/v2\/media?parent=2471"}],"curies":[{"name":"wp","href":"https:\/\/api.w.org\/{rel}","templated":true}]}}