{"id":2451,"date":"2014-12-27T12:20:34","date_gmt":"2014-12-27T10:20:34","guid":{"rendered":"http:\/\/woerrlein-naturfoto.de\/wordpress\/?page_id=2451"},"modified":"2015-02-23T12:46:57","modified_gmt":"2015-02-23T11:46:57","slug":"grauer-kranich","status":"publish","type":"page","link":"https:\/\/woerrlein-naturfoto.de\/wordpress\/kraniche-a-z\/grauer-kranich\/","title":{"rendered":"Grauer Kranich"},"content":{"rendered":"<p><a href=\"http:\/\/woerrlein-naturfoto.de\/wordpress\/voegel\/\"><span style=\"color: #ffff66;\">V\u00f6gel<\/span> <\/a>-&gt;<a href=\"http:\/\/woerrlein-naturfoto.de\/wordpress\/hauptseite-voegel\/voegel\/kraniche\/\"> <span style=\"color: #ffff66;\">Kraniche<\/span><\/a><br \/>\n<a title=\"V\u00f6gel von A-Z\" href=\"http:\/\/woerrlein-naturfoto.de\/wordpress\/voegel\/voegel_von_a-z\/\">V\u00f6gel von A-Z<\/a><br \/>\nzur Galerie <a title=\"Kraniche\" href=\"http:\/\/woerrlein-naturfoto.de\/wordpress\/hauptseite-voegel\/voegel\/kraniche\/\">Kraniche<\/a><\/p>\n<p><img loading=\"lazy\" decoding=\"async\" class=\"alignleft wp-image-1543\" src=\"http:\/\/woerrlein-naturfoto.de\/wordpress\/wp-content\/uploads\/Kraniche_D141002_1359_v-600x400.jpg\" alt=\"Kraniche_D141002_1359_v.jpg\" width=\"600\" height=\"400\" srcset=\"https:\/\/woerrlein-naturfoto.de\/wordpress\/wp-content\/uploads\/Kraniche_D141002_1359_v-600x400.jpg 600w, https:\/\/woerrlein-naturfoto.de\/wordpress\/wp-content\/uploads\/Kraniche_D141002_1359_v-120x80.jpg 120w, https:\/\/woerrlein-naturfoto.de\/wordpress\/wp-content\/uploads\/Kraniche_D141002_1359_v.jpg 1000w\" sizes=\"auto, (max-width: 600px) 100vw, 600px\" \/><\/p>\n<p>Der <b>Kranich<\/b> (<i>Grus grus<\/i>), auch <b>Grauer Kranich<\/b> oder <b>Eurasischer Kranich<\/b> genannt, ist der einzige Vertreter der Familie der Kraniche in Nord- und Mitteleuropa. Kraniche bewohnen Sumpf- und Moorlandschaften in weiten Teilen des \u00f6stlichen und n\u00f6rdlichen Europa, aber auch einige Gebiete im Norden Asiens. Sie nehmen das ganze Jahr \u00fcber sowohl tierische als auch pflanzliche Nahrung auf. Der Bestand hat in den letzten Jahrzehnten stark zugenommen, so dass die Art zurzeit nicht gef\u00e4hrdet ist. Die Sch\u00f6nheit der Kraniche und ihre spektakul\u00e4ren Balzt\u00e4nze haben schon in fr\u00fcher Zeit die Menschen fasziniert. In der griechischen Mythologie war der Kranich Apollon, Demeter und Hermes zugeordnet. Er war ein Symbol der Wachsamkeit und Klugheit und galt als \u201eVogel des Gl\u00fccks\u201c. In China stand er f\u00fcr ein langes Leben, Weisheit, das Alter sowie die Beziehung zwischen Vater und Sohn. Auch in Japan ist der Kranich ein Symbol des Gl\u00fccks und der Langlebigkeit. In der Heraldik ist der Kranich das Symbol der Vorsicht und der schlaflosen Wachsamkeit. In der Dichtung wird der Kranich symbolisch f\u00fcr etwas \u201eErhabenes\u201c in der Natur verwendet.<br \/>\nKraniche nehmen das ganze Jahr \u00fcber sowohl tierische als auch pflanzliche Nahrung auf. Die Nahrung besteht aus Kleins\u00e4ugern, Reptilien, kleinen Fischen, Fr\u00f6schen, Schnecken, W\u00fcrmern, Insekten und deren Larven. Sie beinhaltet auch Mais-, Gersten-, Weizen- und Haferk\u00f6rner, Sonnenblumenkerne, Erbsen, Bohnen, Erdn\u00fcsse, Oliven, Beeren, Eicheln, Gem\u00fcse, Kartoffeln, Pflanzenwurzeln, -sprossen und Halme. Im \u00dcberwinterungsgebiet ern\u00e4hren sich Kraniche von den Fr\u00fcchten der Stein- und Korkeiche sowie von Sonnenblumenkernen.<\/p>\n<p>L\u00e4nge: 110-130 cm\u00a0\u00a0 Spannweite: 200-230 cm\u00a0\u00a0 Gewicht: 34,5-6 kg\u00a0\u00a0 Gelege: 2 Eier<\/p>\n<p>zur Galerie <a title=\"Kraniche\" href=\"http:\/\/woerrlein-naturfoto.de\/wordpress\/hauptseite-voegel\/voegel\/kraniche\/\">Kraniche<\/a><code><br \/>\n<\/code><\/p>\n<p>&nbsp;<\/p>\n<p><em>Quelle des Textauszuges und weitere Infos bei <\/em><a href=\"http:\/\/de.wikipedia.org\/wiki\/Kranich\" target=\"_blank\">Wikipedia<\/a> <em>(<\/em><a href=\"http:\/\/www.gnu.org\/licenses\/fdl-1.3.txt\" target=\"_blank\">GNU-Lizenz<\/a><em>)<\/em> \u2013 <em>mein Dank gilt den<\/em> <a href=\"http:\/\/de.wikipedia.org\/w\/index.php?title=Kranich&amp;action=history\" target=\"_blank\">Autoren<\/a>.<\/p>\n","protected":false},"excerpt":{"rendered":"<p>V\u00f6gel -&gt; Kraniche V\u00f6gel von A-Z zur Galerie Kraniche Der Kranich (Grus grus), auch Grauer Kranich oder Eurasischer Kranich genannt, ist der einzige Vertreter der Familie der Kraniche in Nord- und Mitteleuropa. Kraniche bewohnen Sumpf- und Moorlandschaften in weiten Teilen des \u00f6stlichen und n\u00f6rdlichen Europa, aber auch einige Gebiete im Norden Asiens. Sie nehmen das &hellip; <a href=\"https:\/\/woerrlein-naturfoto.de\/wordpress\/kraniche-a-z\/grauer-kranich\/\" class=\"more-link\"><span class=\"screen-reader-text\">Grauer Kranich<\/span> weiterlesen <span class=\"meta-nav\">&rarr;<\/span><\/a><\/p>\n","protected":false},"author":1,"featured_media":0,"parent":2449,"menu_order":0,"comment_status":"closed","ping_status":"closed","template":"page-templates\/full-width.php","meta":{"footnotes":""},"class_list":["post-2451","page","type-page","status-publish","hentry"],"_links":{"self":[{"href":"https:\/\/woerrlein-naturfoto.de\/wordpress\/wp-json\/wp\/v2\/pages\/2451","targetHints":{"allow":["GET"]}}],"collection":[{"href":"https:\/\/woerrlein-naturfoto.de\/wordpress\/wp-json\/wp\/v2\/pages"}],"about":[{"href":"https:\/\/woerrlein-naturfoto.de\/wordpress\/wp-json\/wp\/v2\/types\/page"}],"author":[{"embeddable":true,"href":"https:\/\/woerrlein-naturfoto.de\/wordpress\/wp-json\/wp\/v2\/users\/1"}],"replies":[{"embeddable":true,"href":"https:\/\/woerrlein-naturfoto.de\/wordpress\/wp-json\/wp\/v2\/comments?post=2451"}],"version-history":[{"count":8,"href":"https:\/\/woerrlein-naturfoto.de\/wordpress\/wp-json\/wp\/v2\/pages\/2451\/revisions"}],"predecessor-version":[{"id":6504,"href":"https:\/\/woerrlein-naturfoto.de\/wordpress\/wp-json\/wp\/v2\/pages\/2451\/revisions\/6504"}],"up":[{"embeddable":true,"href":"https:\/\/woerrlein-naturfoto.de\/wordpress\/wp-json\/wp\/v2\/pages\/2449"}],"wp:attachment":[{"href":"https:\/\/woerrlein-naturfoto.de\/wordpress\/wp-json\/wp\/v2\/media?parent=2451"}],"curies":[{"name":"wp","href":"https:\/\/api.w.org\/{rel}","templated":true}]}}