{"id":2426,"date":"2014-12-27T11:15:15","date_gmt":"2014-12-27T09:15:15","guid":{"rendered":"http:\/\/woerrlein-naturfoto.de\/wordpress\/?page_id=2426"},"modified":"2022-05-04T17:30:36","modified_gmt":"2022-05-04T15:30:36","slug":"auerhuhn","status":"publish","type":"page","link":"https:\/\/woerrlein-naturfoto.de\/wordpress\/huehnervoegel-a-z\/auerhuhn\/","title":{"rendered":"Auerhuhn"},"content":{"rendered":"<p><span style=\"color: #ffff00;\"><a style=\"color: #ffff00;\" href=\"http:\/\/woerrlein-naturfoto.de\/wordpress\/voegel\/\">V\u00f6gel <\/a><\/span>-&gt;<span style=\"color: #ffff00;\"><a style=\"color: #ffff00;\" href=\"http:\/\/woerrlein-naturfoto.de\/wordpress\/hauptseite-voegel\/voegel\/huehnervoegel\/\"> H\u00fchnerv\u00f6gel<\/a><\/span><br \/>\n<a title=\"V\u00f6gel von A-Z\" href=\"http:\/\/woerrlein-naturfoto.de\/wordpress\/voegel\/voegel_von_a-z\/\">V\u00f6gel von A-Z<\/a><br \/>\nzur Galerie <a title=\"H\u00fchnerv\u00f6gel\" href=\"http:\/\/woerrlein-naturfoto.de\/wordpress\/hauptseite-voegel\/voegel\/huehnervoegel\/\">H\u00fchnerv\u00f6gel<\/a><\/p>\n<p><img loading=\"lazy\" decoding=\"async\" class=\"alignleft wp-image-1509\" src=\"http:\/\/woerrlein-naturfoto.de\/wordpress\/wp-content\/uploads\/Auerhuhn_0091L-600x400.jpg\" alt=\"Auerhuhn_0091L.jpg\" width=\"600\" height=\"400\" \/><\/p>\n<p>Das <b>Auerhuhn<\/b> (<i>Tetrao urogallus<\/i>) ist eine Vogelart aus der Familie der Fasanenartigen und der Ordnung der H\u00fchnerv\u00f6gel, gleichzeitig auch der gr\u00f6\u00dfte H\u00fchnervogel Europas. Es besiedelt Nadel-, Misch- und Laubwaldzonen von Schottland \u00fcber Nordeuropa bis in den Osten Zentralsibirien. In Europa besiedelt es <a href=\"http:\/\/de.wikipedia.org\/wiki\/Boreale_Zone\" target=\"_blank\" rel=\"noopener\">boreale<\/a> und gem\u00e4\u00dfigte Zonen oberhalb von 1000 H\u00f6henmeter. Nur sehr vereinzelt kommt es auch in tieferen Lagen vor wie beispielsweise in Ostpolen und der Niederlausitz. Es ist sehr scheu und stellt gro\u00dfe Anforderungen an seine Umgebung. In Mitteleuropa ist es nur noch selten und nur in alten, unber\u00fchrten Bergwaldregionen anzutreffen, z.\u00a0B. in \u00d6sterreich, der Schweiz, Slowenien, dem Bayerischen Wald, dem Fichtelgebirge und im s\u00fcdlichen Berchtesgadener Land. Da es ein sehr geringes Ausbreitungspotenzial hat, sind Kleinpopulationen rasch isoliert.<br \/>\nDas Auerhuhn ist ein hochspezialisierter Pflanzenfresser; im Sommerhalbjahr ern\u00e4hrt es sich fast ausschlie\u00dflich von Heidelbeerbl\u00e4ttern und Beeren, daneben auch von Grass\u00e4merei und jungen Spr\u00f6sslingen. Als K\u00fcken in den ersten Lebenswochen sind die Auerh\u00fchner auf tierisches Eiwei\u00df in Form von Insekten angewiesen, wobei das Angebot an erreichbarer Nahrung sehr stark vom Witterungsverlauf abh\u00e4ngt. Im Winter besteht die Nahrung haupts\u00e4chlich aus Nadeln und Knospen von Kiefer, Fichte, Tanne und Buche. Zum Aufschlie\u00dfen und Zermahlen ihrer Nahrung nehmen die Auerh\u00fchner Magensteinchen, sog. <a title=\"Gastrolith\" href=\"http:\/\/de.wikipedia.org\/wiki\/Gastrolith\" target=\"_blank\" rel=\"noopener\">Gastrolithen<\/a> auf.<\/p>\n<p>L\u00e4nge: 60-87 cm\u00a0\u00a0 Spannweite: 87-125 cm\u00a0\u00a0 Gewicht: 3,5-5,5 kg\u00a0\u00a0 Gelege: 7-11 Eier<\/p>\n<p>zur Galerie <a title=\"H\u00fchnerv\u00f6gel\" href=\"http:\/\/woerrlein-naturfoto.de\/wordpress\/hauptseite-voegel\/voegel\/huehnervoegel\/\">H\u00fchnerv\u00f6gel<\/a><code><br \/>\n<\/code><\/p>\n<p>&nbsp;<\/p>\n<p><em>Quelle des Textauszuges und weitere Infos bei <\/em><a href=\"http:\/\/de.wikipedia.org\/wiki\/Auerhuhn\" target=\"_blank\" rel=\"noopener\">Wikipedia<\/a> <em>(<\/em><a href=\"http:\/\/www.gnu.org\/licenses\/fdl-1.3.txt\" target=\"_blank\" rel=\"noopener\">GNU-Lizenz<\/a><em>)<\/em> \u2013 <em>mein Dank gilt den<\/em> <a href=\"http:\/\/de.wikipedia.org\/w\/index.php?title=Auerhuhn&amp;action=history\" target=\"_blank\" rel=\"noopener\">Autoren<\/a>.<\/p>\n","protected":false},"excerpt":{"rendered":"<p>V\u00f6gel -&gt; H\u00fchnerv\u00f6gel V\u00f6gel von A-Z zur Galerie H\u00fchnerv\u00f6gel Das Auerhuhn (Tetrao urogallus) ist eine Vogelart aus der Familie der Fasanenartigen und der Ordnung der H\u00fchnerv\u00f6gel, gleichzeitig auch der gr\u00f6\u00dfte H\u00fchnervogel Europas. Es besiedelt Nadel-, Misch- und Laubwaldzonen von Schottland \u00fcber Nordeuropa bis in den Osten Zentralsibirien. In Europa besiedelt es boreale und gem\u00e4\u00dfigte Zonen &hellip; <a href=\"https:\/\/woerrlein-naturfoto.de\/wordpress\/huehnervoegel-a-z\/auerhuhn\/\" class=\"more-link\"><span class=\"screen-reader-text\">Auerhuhn<\/span> weiterlesen <span class=\"meta-nav\">&rarr;<\/span><\/a><\/p>\n","protected":false},"author":1,"featured_media":0,"parent":2423,"menu_order":0,"comment_status":"closed","ping_status":"closed","template":"page-templates\/full-width.php","meta":{"footnotes":""},"class_list":["post-2426","page","type-page","status-publish","hentry"],"_links":{"self":[{"href":"https:\/\/woerrlein-naturfoto.de\/wordpress\/wp-json\/wp\/v2\/pages\/2426","targetHints":{"allow":["GET"]}}],"collection":[{"href":"https:\/\/woerrlein-naturfoto.de\/wordpress\/wp-json\/wp\/v2\/pages"}],"about":[{"href":"https:\/\/woerrlein-naturfoto.de\/wordpress\/wp-json\/wp\/v2\/types\/page"}],"author":[{"embeddable":true,"href":"https:\/\/woerrlein-naturfoto.de\/wordpress\/wp-json\/wp\/v2\/users\/1"}],"replies":[{"embeddable":true,"href":"https:\/\/woerrlein-naturfoto.de\/wordpress\/wp-json\/wp\/v2\/comments?post=2426"}],"version-history":[{"count":10,"href":"https:\/\/woerrlein-naturfoto.de\/wordpress\/wp-json\/wp\/v2\/pages\/2426\/revisions"}],"predecessor-version":[{"id":14879,"href":"https:\/\/woerrlein-naturfoto.de\/wordpress\/wp-json\/wp\/v2\/pages\/2426\/revisions\/14879"}],"up":[{"embeddable":true,"href":"https:\/\/woerrlein-naturfoto.de\/wordpress\/wp-json\/wp\/v2\/pages\/2423"}],"wp:attachment":[{"href":"https:\/\/woerrlein-naturfoto.de\/wordpress\/wp-json\/wp\/v2\/media?parent=2426"}],"curies":[{"name":"wp","href":"https:\/\/api.w.org\/{rel}","templated":true}]}}