{"id":2383,"date":"2014-12-26T18:48:53","date_gmt":"2014-12-26T16:48:53","guid":{"rendered":"http:\/\/woerrlein-naturfoto.de\/wordpress\/?page_id=2383"},"modified":"2020-09-27T22:51:10","modified_gmt":"2020-09-27T20:51:10","slug":"schreiadler","status":"publish","type":"page","link":"https:\/\/woerrlein-naturfoto.de\/wordpress\/greifvoegel-a-z\/schreiadler\/","title":{"rendered":"Schreiadler"},"content":{"rendered":"<p><a href=\"http:\/\/woerrlein-naturfoto.de\/wordpress\/voegel\/\"><span style=\"color: #ffff66;\">V\u00f6gel<\/span> <\/a>-&gt;<a href=\"http:\/\/woerrlein-naturfoto.de\/wordpress\/hauptseite-voegel\/voegel\/greifvoegel\/\"> <span style=\"color: #ffff66;\">Greifv\u00f6gel<\/span><\/a><a title=\"Greifv\u00f6gel\" href=\"http:\/\/woerrlein-naturfoto.de\/wordpress\/hauptseite-voegel\/voegel\/greifvoegel\/\"><br \/>\n<\/a><a href=\"http:\/\/woerrlein-naturfoto.de\/wordpress\/voegel_von_a-z\/\">V\u00f6gel von A-Z<\/a><br \/>\nzur Galerie <a title=\"Greifv\u00f6gel\" href=\"http:\/\/woerrlein-naturfoto.de\/wordpress\/hauptseite-voegel\/voegel\/greifvoegel\/\">Greifv\u00f6gel<\/a><\/p>\n<p><img loading=\"lazy\" decoding=\"async\" class=\"alignleft wp-image-12576\" src=\"https:\/\/woerrlein-naturfoto.de\/wordpress\/wp-content\/uploads\/2014\/12\/Schreiadler_AW21506L_6460x4307-600x400.jpg\" alt=\"\" width=\"600\" height=\"400\" srcset=\"https:\/\/woerrlein-naturfoto.de\/wordpress\/wp-content\/uploads\/2014\/12\/Schreiadler_AW21506L_6460x4307-600x400.jpg 600w, https:\/\/woerrlein-naturfoto.de\/wordpress\/wp-content\/uploads\/2014\/12\/Schreiadler_AW21506L_6460x4307-768x512.jpg 768w, https:\/\/woerrlein-naturfoto.de\/wordpress\/wp-content\/uploads\/2014\/12\/Schreiadler_AW21506L_6460x4307-120x80.jpg 120w, https:\/\/woerrlein-naturfoto.de\/wordpress\/wp-content\/uploads\/2014\/12\/Schreiadler_AW21506L_6460x4307.jpg 1000w\" sizes=\"auto, (max-width: 600px) 100vw, 600px\" \/><\/p>\n<p>Der <b>Schreiadler<\/b> (<i>Aquila pomarina<\/i>) ist eine Vogelart aus der Familie der Habichtartigen. Er hat ein relativ kleines Verbreitungsgebiet im Westen der <a href=\"de.wikipedia.org\/wiki\/Pal\u00e4arktis\" target=\"_blank\" rel=\"noopener noreferrer\">Pal\u00e4arktis<\/a>; die westliche Arealgrenze verl\u00e4uft durch den Osten Deutschlands. Die Art bewohnt naturnahe W\u00e4lder mit angrenzenden extensiv genutzten Fl\u00e4chen. Die Art ist vor allem durch ihre besondere Brutbiologie bekannt. Meist werden zwei Eier gelegt; das zuerst geschl\u00fcpfte Junge t\u00f6tet jedoch grunds\u00e4tzlich das j\u00fcngere Geschwister, so dass au\u00dfer in seltenen Ausnahmef\u00e4llen immer nur ein Jungvogel ausfliegt. Der Schreiadler ist ein Zugvogel, er \u00fcberwintert im s\u00fcdlichen Afrika. Der Weltbestand ist ungef\u00e4hrdet, der deutsche Bestand ist jedoch r\u00fcckl\u00e4ufig und gilt laut Roter Liste als \u201estark gef\u00e4hrdet\u201c. Der Schreiadler nutzt zur Jagd auf bodenbewohnende Tiere im Wesentlichen drei Methoden: Die Jagd zu Fu\u00df, die Ansitzjagd sowie den Suchflug. Schreiadler sind f\u00fcr ihre Fu\u00dfjagd bekannt, dabei laufen sie vor allem auf Wiesen oder abgeernteten \u00c4ckern \u00e4hnlich wie der Wei\u00dfstorch gr\u00f6\u00dfere Strecken. Zur Ansitzjagd werden niedrige Warten genutzt, zum Beispiel Heuhaufen, Zaunpf\u00e4hle oder B\u00e4ume. Der Suchflug findet in niedriger H\u00f6he statt, dabei kreist der Adler \u00fcber geeigneten Bereichen und steht h\u00e4ufig gegen den Wind in der Luft. Die Nahrung des Schreiadlers umfasst ein breites Spektrum bodenbewohnender kleiner Wirbeltiere bis zur Gr\u00f6\u00dfe junger Feldhasen sowie Wirbellose und Aas.<\/p>\n<p>L\u00e4nge: 57-65 cm\u00a0\u00a0 Spannweite: 135-160 cm\u00a0\u00a0 Gewicht: 1,3-1,8 kg\u00a0\u00a0 Gelege: 1-3 Eier<\/p>\n<p>zur Galerie <a title=\"Greifv\u00f6gel\" href=\"http:\/\/woerrlein-naturfoto.de\/wordpress\/hauptseite-voegel\/voegel\/greifvoegel\/\">Greifv\u00f6gel<\/a><code><br \/>\n<\/code><\/p>\n<p>&nbsp;<\/p>\n<p><em>Quelle des Textauszuges und weitere Infos bei <\/em><a href=\"http:\/\/de.wikipedia.org\/wiki\/Schreiadler\" target=\"_blank\" rel=\"noopener noreferrer\">Wikipedia<\/a> <em>(<\/em><a href=\"http:\/\/www.gnu.org\/licenses\/fdl-1.3.txt\" target=\"_blank\" rel=\"noopener noreferrer\">GNU-Lizenz<\/a><em>)<\/em> \u2013 <em>mein Dank gilt den<\/em> <a href=\"http:\/\/de.wikipedia.org\/w\/index.php?title=Schreiadler&amp;action=history\" target=\"_blank\" rel=\"noopener noreferrer\">Autoren<\/a>.<\/p>\n","protected":false},"excerpt":{"rendered":"<p>V\u00f6gel -&gt; Greifv\u00f6gel V\u00f6gel von A-Z zur Galerie Greifv\u00f6gel Der Schreiadler (Aquila pomarina) ist eine Vogelart aus der Familie der Habichtartigen. Er hat ein relativ kleines Verbreitungsgebiet im Westen der Pal\u00e4arktis; die westliche Arealgrenze verl\u00e4uft durch den Osten Deutschlands. Die Art bewohnt naturnahe W\u00e4lder mit angrenzenden extensiv genutzten Fl\u00e4chen. Die Art ist vor allem durch &hellip; <a href=\"https:\/\/woerrlein-naturfoto.de\/wordpress\/greifvoegel-a-z\/schreiadler\/\" class=\"more-link\"><span class=\"screen-reader-text\">Schreiadler<\/span> weiterlesen <span class=\"meta-nav\">&rarr;<\/span><\/a><\/p>\n","protected":false},"author":1,"featured_media":0,"parent":2362,"menu_order":0,"comment_status":"closed","ping_status":"closed","template":"page-templates\/full-width.php","meta":{"footnotes":""},"class_list":["post-2383","page","type-page","status-publish","hentry"],"_links":{"self":[{"href":"https:\/\/woerrlein-naturfoto.de\/wordpress\/wp-json\/wp\/v2\/pages\/2383","targetHints":{"allow":["GET"]}}],"collection":[{"href":"https:\/\/woerrlein-naturfoto.de\/wordpress\/wp-json\/wp\/v2\/pages"}],"about":[{"href":"https:\/\/woerrlein-naturfoto.de\/wordpress\/wp-json\/wp\/v2\/types\/page"}],"author":[{"embeddable":true,"href":"https:\/\/woerrlein-naturfoto.de\/wordpress\/wp-json\/wp\/v2\/users\/1"}],"replies":[{"embeddable":true,"href":"https:\/\/woerrlein-naturfoto.de\/wordpress\/wp-json\/wp\/v2\/comments?post=2383"}],"version-history":[{"count":9,"href":"https:\/\/woerrlein-naturfoto.de\/wordpress\/wp-json\/wp\/v2\/pages\/2383\/revisions"}],"predecessor-version":[{"id":12592,"href":"https:\/\/woerrlein-naturfoto.de\/wordpress\/wp-json\/wp\/v2\/pages\/2383\/revisions\/12592"}],"up":[{"embeddable":true,"href":"https:\/\/woerrlein-naturfoto.de\/wordpress\/wp-json\/wp\/v2\/pages\/2362"}],"wp:attachment":[{"href":"https:\/\/woerrlein-naturfoto.de\/wordpress\/wp-json\/wp\/v2\/media?parent=2383"}],"curies":[{"name":"wp","href":"https:\/\/api.w.org\/{rel}","templated":true}]}}

<p><a href="http://woerrlein-naturfoto.de/wordpress/voegel/"><span style="color: #ffff66;">Vögel</span> </a>-&gt;<a href="http://woerrlein-naturfoto.de/wordpress/hauptseite-voegel/voegel/greifvoegel/"> <span style="color: #ffff66;">Greifvögel</span></a><a title="Greifvögel" href="http://woerrlein-naturfoto.de/wordpress/hauptseite-voegel/voegel/greifvoegel/"><br />
</a><a href="http://woerrlein-naturfoto.de/wordpress/voegel_von_a-z/">Vögel von A-Z</a><br />
zur Galerie <a title="Greifvögel" href="http://woerrlein-naturfoto.de/wordpress/hauptseite-voegel/voegel/greifvoegel/">Greifvögel</a></p>
<p><img loading="lazy" decoding="async" class="alignleft wp-image-12576" src="https://woerrlein-naturfoto.de/wordpress/wp-content/uploads/2014/12/Schreiadler_AW21506L_6460x4307-600x400.jpg" alt="" width="600" height="400" srcset="https://woerrlein-naturfoto.de/wordpress/wp-content/uploads/2014/12/Schreiadler_AW21506L_6460x4307-600x400.jpg 600w, https://woerrlein-naturfoto.de/wordpress/wp-content/uploads/2014/12/Schreiadler_AW21506L_6460x4307-768x512.jpg 768w, https://woerrlein-naturfoto.de/wordpress/wp-content/uploads/2014/12/Schreiadler_AW21506L_6460x4307-120x80.jpg 120w, https://woerrlein-naturfoto.de/wordpress/wp-content/uploads/2014/12/Schreiadler_AW21506L_6460x4307.jpg 1000w" sizes="auto, (max-width: 600px) 100vw, 600px" /></p>
<p>Der <b>Schreiadler</b> (<i>Aquila pomarina</i>) ist eine Vogelart aus der Familie der Habichtartigen. Er hat ein relativ kleines Verbreitungsgebiet im Westen der <a href="de.wikipedia.org/wiki/Paläarktis" target="_blank" rel="noopener noreferrer">Paläarktis</a>; die westliche Arealgrenze verläuft durch den Osten Deutschlands. Die Art bewohnt naturnahe Wälder mit angrenzenden extensiv genutzten Flächen. Die Art ist vor allem durch ihre besondere Brutbiologie bekannt. Meist werden zwei Eier gelegt; das zuerst geschlüpfte Junge tötet jedoch grundsätzlich das jüngere Geschwister, so dass außer in seltenen Ausnahmefällen immer nur ein Jungvogel ausfliegt. Der Schreiadler ist ein Zugvogel, er überwintert im südlichen Afrika. Der Weltbestand ist ungefährdet, der deutsche Bestand ist jedoch rückläufig und gilt laut Roter Liste als „stark gefährdet“. Der Schreiadler nutzt zur Jagd auf bodenbewohnende Tiere im Wesentlichen drei Methoden: Die Jagd zu Fuß, die Ansitzjagd sowie den Suchflug. Schreiadler sind für ihre Fußjagd bekannt, dabei laufen sie vor allem auf Wiesen oder abgeernteten Äckern ähnlich wie der Weißstorch größere Strecken. Zur Ansitzjagd werden niedrige Warten genutzt, zum Beispiel Heuhaufen, Zaunpfähle oder Bäume. Der Suchflug findet in niedriger Höhe statt, dabei kreist der Adler über geeigneten Bereichen und steht häufig gegen den Wind in der Luft. Die Nahrung des Schreiadlers umfasst ein breites Spektrum bodenbewohnender kleiner Wirbeltiere bis zur Größe junger Feldhasen sowie Wirbellose und Aas.</p>
<p>Länge: 57-65 cm   Spannweite: 135-160 cm   Gewicht: 1,3-1,8 kg   Gelege: 1-3 Eier</p>
<p>zur Galerie <a title="Greifvögel" href="http://woerrlein-naturfoto.de/wordpress/hauptseite-voegel/voegel/greifvoegel/">Greifvögel</a><code><br />
</code></p>
<p>&nbsp;</p>
<p><em>Quelle des Textauszuges und weitere Infos bei </em><a href="http://de.wikipedia.org/wiki/Schreiadler" target="_blank" rel="noopener noreferrer">Wikipedia</a> <em>(</em><a href="http://www.gnu.org/licenses/fdl-1.3.txt" target="_blank" rel="noopener noreferrer">GNU-Lizenz</a><em>)</em> – <em>mein Dank gilt den</em> <a href="http://de.wikipedia.org/w/index.php?title=Schreiadler&amp;action=history" target="_blank" rel="noopener noreferrer">Autoren</a>.</p>

<p>Vögel -&gt; Greifvögel Vögel von A-Z zur Galerie Greifvögel Der Schreiadler (Aquila pomarina) ist eine Vogelart aus der Familie der Habichtartigen. Er hat ein relativ kleines Verbreitungsgebiet im Westen der Paläarktis; die westliche Arealgrenze verläuft durch den Osten Deutschlands. Die Art bewohnt naturnahe Wälder mit angrenzenden extensiv genutzten Flächen. Die Art ist vor allem durch &hellip; <a href="https://woerrlein-naturfoto.de/wordpress/greifvoegel-a-z/schreiadler/" class="more-link"><span class="screen-reader-text">Schreiadler</span> weiterlesen <span class="meta-nav">&rarr;</span></a></p>
