{"id":2331,"date":"2014-12-26T13:13:44","date_gmt":"2014-12-26T11:13:44","guid":{"rendered":"http:\/\/woerrlein-naturfoto.de\/wordpress\/?page_id=2331"},"modified":"2022-05-04T17:08:20","modified_gmt":"2022-05-04T15:08:20","slug":"hoeckerschwan","status":"publish","type":"page","link":"https:\/\/woerrlein-naturfoto.de\/wordpress\/schwaene-a-z\/hoeckerschwan\/","title":{"rendered":"H\u00f6ckerschwan"},"content":{"rendered":"<p><span style=\"color: #ffff00;\"><a style=\"color: #ffff00;\" href=\"http:\/\/woerrlein-naturfoto.de\/wordpress\/voegel\/\">V\u00f6gel <\/a><\/span>-&gt;<span style=\"color: #ffff00;\"><a style=\"color: #ffff00;\" href=\"http:\/\/woerrlein-naturfoto.de\/wordpress\/hauptseite-voegel\/voegel\/gaensevoegel-2\/\"> G\u00e4nsev\u00f6gel <\/a><\/span>-&gt;<span style=\"color: #ffff00;\"><a style=\"color: #ffff00;\" href=\"http:\/\/woerrlein-naturfoto.de\/wordpress\/hauptseite-voegel\/voegel\/gaensevoegel-2\/schwaene\/\"> Schw\u00e4ne<\/a><\/span><a title=\"G\u00e4nsev\u00f6gel\" href=\"http:\/\/woerrlein-naturfoto.de\/wordpress\/voegel\/gaensevoegel\/\"><br \/>\n<\/a><a href=\"http:\/\/woerrlein-naturfoto.de\/wordpress\/voegel_von_a-z\/\">V\u00f6gel von A-Z<\/a><br \/>\nzur Galerie <a title=\"Schw\u00e4ne\" href=\"http:\/\/woerrlein-naturfoto.de\/wordpress\/hauptseite-voegel\/voegel\/gaensevoegel-2\/schwaene\/\">Schw\u00e4ne<\/a><br \/>\n<img loading=\"lazy\" decoding=\"async\" class=\"alignleft wp-image-1454\" src=\"http:\/\/woerrlein-naturfoto.de\/wordpress\/wp-content\/uploads\/Hoeckerschwaene_29627a_v-600x400.jpg\" alt=\"Hoeckerschwaene_29627a_v.jpg\" width=\"600\" height=\"400\" srcset=\"https:\/\/woerrlein-naturfoto.de\/wordpress\/wp-content\/uploads\/Hoeckerschwaene_29627a_v-600x400.jpg 600w, https:\/\/woerrlein-naturfoto.de\/wordpress\/wp-content\/uploads\/Hoeckerschwaene_29627a_v-120x80.jpg 120w, https:\/\/woerrlein-naturfoto.de\/wordpress\/wp-content\/uploads\/Hoeckerschwaene_29627a_v.jpg 1000w\" sizes=\"auto, (max-width: 600px) 100vw, 600px\" \/>Der <b>H\u00f6ckerschwan<\/b> (<i>Cygnus olor<\/i>) ist eine Vogelart, die innerhalb der Entenv\u00f6gel zur Gattung der Schw\u00e4ne geh\u00f6rt. Als halbdomestizierter Vogel ist er heute in weiten Bereichen Mitteleuropas beheimatet. Er h\u00e4lt sich bevorzugt auf Seen, Park- und Fischteichen, in seichten Meeresbuchten und im Winter auch auf offenen Flussl\u00e4ufen auf. Namensgebend f\u00fcr die Art ist der schwarze H\u00f6cker am Schnabelansatz. Schw\u00e4ne haben in Mitteleuropa nur wenige Fressfeinde. H\u00f6ckerschw\u00e4ne geh\u00f6ren in Deutschland zu den jagdbaren Tierarten und jedes Jahr werden mehrere Tausend geschossen. Zu einer Bestandsregulierung kommt es durch die stark ausgepr\u00e4gte Territorialit\u00e4t der Schw\u00e4ne w\u00e4hrend der Brutzeit sowie durch Verluste in strengen Winterhalbjahren.<br \/>\nDunenk\u00fcken haben ein hell silbergraues Gefieder mit einer wei\u00dfen Unterseite. Der Schnabel ist schwarz, die F\u00fc\u00dfe und Beine dunkelgrau. Noch nicht ausgewachsene Jungv\u00f6gel haben ein dumpf graubraunes Gefieder, das im Verlauf des ersten Lebensjahres zunehmend heller wird. Der Schnabel ist noch grau bis fleischfarben, wird dabei zunehmend mehr orange. Die braunen Federn werden allm\u00e4hlich verloren. Ein vollst\u00e4ndig wei\u00dfes Gefieder weisen die Jungschw\u00e4ne nach der Vollmauser im zweiten Lebensjahr auf.<\/p>\n<p>L\u00e4nge: 145-160 cm\u00a0\u00a0 Spannweite: 210-235 cm\u00a0\u00a0 Gewicht: 8-13 kg\u00a0\u00a0 Gelege: 5-8 Eier<\/p>\n<p>zur Galerie <a title=\"Schw\u00e4ne\" href=\"http:\/\/woerrlein-naturfoto.de\/wordpress\/hauptseite-voegel\/voegel\/gaensevoegel-2\/schwaene\/\">Schw\u00e4ne<\/a><code><br \/>\n<\/code><\/p>\n<p>&nbsp;<\/p>\n<p><em>Quelle des Textauszuges und weitere Infos bei <\/em><a href=\"http:\/\/de.wikipedia.org\/wiki\/H%C3%B6ckerschwan\" target=\"_blank\" rel=\"noopener\">Wikipedia<\/a> <em>(<\/em><a href=\"http:\/\/www.gnu.org\/licenses\/fdl-1.3.txt\" target=\"_blank\" rel=\"noopener\">GNU-Lizenz<\/a><em>)<\/em> \u2013 <em>mein Dank gilt den<\/em> <a href=\"http:\/\/de.wikipedia.org\/w\/index.php?title=H%C3%B6ckerschwan&amp;action=history\" target=\"_blank\" rel=\"noopener\">Autoren<\/a>.<\/p>\n","protected":false},"excerpt":{"rendered":"<p>V\u00f6gel -&gt; G\u00e4nsev\u00f6gel -&gt; Schw\u00e4ne V\u00f6gel von A-Z zur Galerie Schw\u00e4ne Der H\u00f6ckerschwan (Cygnus olor) ist eine Vogelart, die innerhalb der Entenv\u00f6gel zur Gattung der Schw\u00e4ne geh\u00f6rt. Als halbdomestizierter Vogel ist er heute in weiten Bereichen Mitteleuropas beheimatet. Er h\u00e4lt sich bevorzugt auf Seen, Park- und Fischteichen, in seichten Meeresbuchten und im Winter auch auf &hellip; <a href=\"https:\/\/woerrlein-naturfoto.de\/wordpress\/schwaene-a-z\/hoeckerschwan\/\" class=\"more-link\"><span class=\"screen-reader-text\">H\u00f6ckerschwan<\/span> weiterlesen <span class=\"meta-nav\">&rarr;<\/span><\/a><\/p>\n","protected":false},"author":1,"featured_media":0,"parent":2329,"menu_order":0,"comment_status":"closed","ping_status":"closed","template":"page-templates\/full-width.php","meta":{"footnotes":""},"class_list":["post-2331","page","type-page","status-publish","hentry"],"_links":{"self":[{"href":"https:\/\/woerrlein-naturfoto.de\/wordpress\/wp-json\/wp\/v2\/pages\/2331","targetHints":{"allow":["GET"]}}],"collection":[{"href":"https:\/\/woerrlein-naturfoto.de\/wordpress\/wp-json\/wp\/v2\/pages"}],"about":[{"href":"https:\/\/woerrlein-naturfoto.de\/wordpress\/wp-json\/wp\/v2\/types\/page"}],"author":[{"embeddable":true,"href":"https:\/\/woerrlein-naturfoto.de\/wordpress\/wp-json\/wp\/v2\/users\/1"}],"replies":[{"embeddable":true,"href":"https:\/\/woerrlein-naturfoto.de\/wordpress\/wp-json\/wp\/v2\/comments?post=2331"}],"version-history":[{"count":9,"href":"https:\/\/woerrlein-naturfoto.de\/wordpress\/wp-json\/wp\/v2\/pages\/2331\/revisions"}],"predecessor-version":[{"id":14862,"href":"https:\/\/woerrlein-naturfoto.de\/wordpress\/wp-json\/wp\/v2\/pages\/2331\/revisions\/14862"}],"up":[{"embeddable":true,"href":"https:\/\/woerrlein-naturfoto.de\/wordpress\/wp-json\/wp\/v2\/pages\/2329"}],"wp:attachment":[{"href":"https:\/\/woerrlein-naturfoto.de\/wordpress\/wp-json\/wp\/v2\/media?parent=2331"}],"curies":[{"name":"wp","href":"https:\/\/api.w.org\/{rel}","templated":true}]}}

Höckerschwan

<p><span style="color: #ffff00;"><a style="color: #ffff00;" href="http://woerrlein-naturfoto.de/wordpress/voegel/">Vögel </a></span>-&gt;<span style="color: #ffff00;"><a style="color: #ffff00;" href="http://woerrlein-naturfoto.de/wordpress/hauptseite-voegel/voegel/gaensevoegel-2/"> Gänsevögel </a></span>-&gt;<span style="color: #ffff00;"><a style="color: #ffff00;" href="http://woerrlein-naturfoto.de/wordpress/hauptseite-voegel/voegel/gaensevoegel-2/schwaene/"> Schwäne</a></span><a title="Gänsevögel" href="http://woerrlein-naturfoto.de/wordpress/voegel/gaensevoegel/"><br />
</a><a href="http://woerrlein-naturfoto.de/wordpress/voegel_von_a-z/">Vögel von A-Z</a><br />
zur Galerie <a title="Schwäne" href="http://woerrlein-naturfoto.de/wordpress/hauptseite-voegel/voegel/gaensevoegel-2/schwaene/">Schwäne</a><br />
<img loading="lazy" decoding="async" class="alignleft wp-image-1454" src="http://woerrlein-naturfoto.de/wordpress/wp-content/uploads/Hoeckerschwaene_29627a_v-600x400.jpg" alt="Hoeckerschwaene_29627a_v.jpg" width="600" height="400" srcset="https://woerrlein-naturfoto.de/wordpress/wp-content/uploads/Hoeckerschwaene_29627a_v-600x400.jpg 600w, https://woerrlein-naturfoto.de/wordpress/wp-content/uploads/Hoeckerschwaene_29627a_v-120x80.jpg 120w, https://woerrlein-naturfoto.de/wordpress/wp-content/uploads/Hoeckerschwaene_29627a_v.jpg 1000w" sizes="auto, (max-width: 600px) 100vw, 600px" />Der <b>Höckerschwan</b> (<i>Cygnus olor</i>) ist eine Vogelart, die innerhalb der Entenvögel zur Gattung der Schwäne gehört. Als halbdomestizierter Vogel ist er heute in weiten Bereichen Mitteleuropas beheimatet. Er hält sich bevorzugt auf Seen, Park- und Fischteichen, in seichten Meeresbuchten und im Winter auch auf offenen Flussläufen auf. Namensgebend für die Art ist der schwarze Höcker am Schnabelansatz. Schwäne haben in Mitteleuropa nur wenige Fressfeinde. Höckerschwäne gehören in Deutschland zu den jagdbaren Tierarten und jedes Jahr werden mehrere Tausend geschossen. Zu einer Bestandsregulierung kommt es durch die stark ausgeprägte Territorialität der Schwäne während der Brutzeit sowie durch Verluste in strengen Winterhalbjahren.<br />
Dunenküken haben ein hell silbergraues Gefieder mit einer weißen Unterseite. Der Schnabel ist schwarz, die Füße und Beine dunkelgrau. Noch nicht ausgewachsene Jungvögel haben ein dumpf graubraunes Gefieder, das im Verlauf des ersten Lebensjahres zunehmend heller wird. Der Schnabel ist noch grau bis fleischfarben, wird dabei zunehmend mehr orange. Die braunen Federn werden allmählich verloren. Ein vollständig weißes Gefieder weisen die Jungschwäne nach der Vollmauser im zweiten Lebensjahr auf.</p>
<p>Länge: 145-160 cm   Spannweite: 210-235 cm   Gewicht: 8-13 kg   Gelege: 5-8 Eier</p>
<p>zur Galerie <a title="Schwäne" href="http://woerrlein-naturfoto.de/wordpress/hauptseite-voegel/voegel/gaensevoegel-2/schwaene/">Schwäne</a><code><br />
</code></p>
<p>&nbsp;</p>
<p><em>Quelle des Textauszuges und weitere Infos bei </em><a href="http://de.wikipedia.org/wiki/H%C3%B6ckerschwan" target="_blank" rel="noopener">Wikipedia</a> <em>(</em><a href="http://www.gnu.org/licenses/fdl-1.3.txt" target="_blank" rel="noopener">GNU-Lizenz</a><em>)</em> – <em>mein Dank gilt den</em> <a href="http://de.wikipedia.org/w/index.php?title=H%C3%B6ckerschwan&amp;action=history" target="_blank" rel="noopener">Autoren</a>.</p>

<p>Vögel -&gt; Gänsevögel -&gt; Schwäne Vögel von A-Z zur Galerie Schwäne Der Höckerschwan (Cygnus olor) ist eine Vogelart, die innerhalb der Entenvögel zur Gattung der Schwäne gehört. Als halbdomestizierter Vogel ist er heute in weiten Bereichen Mitteleuropas beheimatet. Er hält sich bevorzugt auf Seen, Park- und Fischteichen, in seichten Meeresbuchten und im Winter auch auf &hellip; <a href="https://woerrlein-naturfoto.de/wordpress/schwaene-a-z/hoeckerschwan/" class="more-link"><span class="screen-reader-text">Höckerschwan</span> weiterlesen <span class="meta-nav">&rarr;</span></a></p>
