{"id":2216,"date":"2014-12-25T18:08:23","date_gmt":"2014-12-25T16:08:23","guid":{"rendered":"http:\/\/woerrlein-naturfoto.de\/wordpress\/?page_id=2216"},"modified":"2015-02-23T12:53:31","modified_gmt":"2015-02-23T11:53:31","slug":"weisswangengans","status":"publish","type":"page","link":"https:\/\/woerrlein-naturfoto.de\/wordpress\/gaense-a-z\/weisswangengans\/","title":{"rendered":"Wei\u00dfwangengans"},"content":{"rendered":"<p><a href=\"http:\/\/woerrlein-naturfoto.de\/wordpress\/voegel\/\"><span style=\"color: #ffff66;\">V\u00f6gel<\/span> <\/a>-&gt; <a href=\"http:\/\/woerrlein-naturfoto.de\/wordpress\/voegel\/gaensevoegel\/\"><span style=\"color: #ffff66;\">G\u00e4nsev\u00f6gel<\/span><\/a> -&gt;<a href=\"http:\/\/woerrlein-naturfoto.de\/wordpress\/hauptseite-voegel\/voegel\/gaensevoegel-2\/gaense\/\"> <span style=\"color: #ffff66;\">G\u00e4nse<\/span><\/a><a title=\"G\u00e4nsev\u00f6gel\" href=\"http:\/\/woerrlein-naturfoto.de\/wordpress\/voegel\/gaensevoegel\/\"><br \/>\n<\/a><a href=\"http:\/\/woerrlein-naturfoto.de\/wordpress\/voegel_von_a-z\/\">V\u00f6gel von A-Z<\/a><br \/>\nzur Galerie <a title=\"G\u00e4nse\" href=\"http:\/\/woerrlein-naturfoto.de\/wordpress\/hauptseite-voegel\/voegel\/gaensevoegel-2\/gaense\/\">G\u00e4nse<\/a><code><br \/>\n<\/code><\/p>\n<p><img loading=\"lazy\" decoding=\"async\" class=\"alignleft wp-image-1427\" src=\"http:\/\/woerrlein-naturfoto.de\/wordpress\/wp-content\/uploads\/Nonnengans_54854_v-600x400.jpg\" alt=\"Nonnengans_54854_v.jpg\" width=\"600\" height=\"400\" \/><\/p>\n<p>Die <b>Wei\u00dfwangengans<\/b> (<i>Branta leucopsis<\/i>), wegen des Kontrastes zwischen wei\u00dfem Gesicht zum schwarzen Scheitel, Nacken und Hals, der an die traditionelle Tracht katholischer Nonnen erinnert, auch als <b>Nonnengans<\/b> bezeichnet, ist eine Art der Gattung Meerg\u00e4nse (<i>Branta<\/i>) in der Familie der Entenv\u00f6gel. Sie wird nicht in Unterarten, jedoch in drei getrennte Populationen aufgeteilt. Die Wei\u00dfwangengans br\u00fctete fr\u00fcher ausschlie\u00dflich an der russischen Eismeerk\u00fcste. Seit den 1970er Jahren hat sie auch den Ostseeraum besiedelt und z\u00e4hlt mittlerweile auch zu den Brutv\u00f6geln Mitteleuropas. Sie ist nach wie vor jedoch \u00fcberwiegend ein Wintergast, der meist als Einzelvogel oder in kleinen Trupps in Gesellschaft von Saat- und Bl\u00e4ssg\u00e4nsen beobachtet werden kann. Zu Beginn des Zuges sammeln sie sich dagegen zu gewaltigen Schw\u00e4rmen, die bis zu 50.000 Tiere z\u00e4hlen k\u00f6nnen.<br \/>\nWei\u00dfwangeng\u00e4nse leben im Winter vorwiegend von kurzem Gras, fressen aber auch andere Pflanzen, die in Salz- und Brackwasserwiesen heimisch sind, insbesondere Andel und Queller. Im Fr\u00fchjahr werden auch die Knospen und K\u00e4tzchen von Weiden genommen, tierische Lebewesen wie verschiedenen Crustaceen, Wasserinsekten und wahrscheinlich auch Mollusken erg\u00e4nzen das Nahrungsspektrum.<\/p>\n<p>L\u00e4nge: 60-70 cm\u00a0\u00a0 Spannweite: 135-145 cm\u00a0\u00a0 Gewicht: 1,5-2 kg\u00a0\u00a0 Gelege: 4-5 Eier<\/p>\n<p>zur Galerie <a title=\"G\u00e4nse\" href=\"http:\/\/woerrlein-naturfoto.de\/wordpress\/hauptseite-voegel\/voegel\/gaensevoegel-2\/gaense\/\">G\u00e4nse<\/a><code><br \/>\n<\/code><\/p>\n<p>&nbsp;<\/p>\n<p><em>Quelle des Textauszuges und weitere Infos bei <\/em><a href=\"http:\/\/de.wikipedia.org\/wiki\/Wei%C3%9Fwangengans\" target=\"_blank\">Wikipedia<\/a> <em>(<\/em><a href=\"http:\/\/www.gnu.org\/licenses\/fdl-1.3.txt\" target=\"_blank\">GNU-Lizenz<\/a><em>)<\/em> \u2013 <em>mein Dank gilt den<\/em> <a href=\"http:\/\/de.wikipedia.org\/w\/index.php?title=Wei%C3%9Fwangengans&amp;action=history\" target=\"_blank\">Autoren<\/a>.<\/p>\n<p><span class=\"edit-link\"><a class=\"post-edit-link\" href=\"http:\/\/woerrlein-naturfoto.de\/wordpress\/wp-admin\/post.php?post=2211&amp;action=edit\">Bearbeiten<\/a><\/span><\/p>\n","protected":false},"excerpt":{"rendered":"<p>V\u00f6gel -&gt; G\u00e4nsev\u00f6gel -&gt; G\u00e4nse V\u00f6gel von A-Z zur Galerie G\u00e4nse Die Wei\u00dfwangengans (Branta leucopsis), wegen des Kontrastes zwischen wei\u00dfem Gesicht zum schwarzen Scheitel, Nacken und Hals, der an die traditionelle Tracht katholischer Nonnen erinnert, auch als Nonnengans bezeichnet, ist eine Art der Gattung Meerg\u00e4nse (Branta) in der Familie der Entenv\u00f6gel. Sie wird nicht in &hellip; <a href=\"https:\/\/woerrlein-naturfoto.de\/wordpress\/gaense-a-z\/weisswangengans\/\" class=\"more-link\"><span class=\"screen-reader-text\">Wei\u00dfwangengans<\/span> weiterlesen <span class=\"meta-nav\">&rarr;<\/span><\/a><\/p>\n","protected":false},"author":1,"featured_media":0,"parent":2182,"menu_order":0,"comment_status":"closed","ping_status":"closed","template":"page-templates\/full-width.php","meta":{"footnotes":""},"class_list":["post-2216","page","type-page","status-publish","hentry"],"_links":{"self":[{"href":"https:\/\/woerrlein-naturfoto.de\/wordpress\/wp-json\/wp\/v2\/pages\/2216","targetHints":{"allow":["GET"]}}],"collection":[{"href":"https:\/\/woerrlein-naturfoto.de\/wordpress\/wp-json\/wp\/v2\/pages"}],"about":[{"href":"https:\/\/woerrlein-naturfoto.de\/wordpress\/wp-json\/wp\/v2\/types\/page"}],"author":[{"embeddable":true,"href":"https:\/\/woerrlein-naturfoto.de\/wordpress\/wp-json\/wp\/v2\/users\/1"}],"replies":[{"embeddable":true,"href":"https:\/\/woerrlein-naturfoto.de\/wordpress\/wp-json\/wp\/v2\/comments?post=2216"}],"version-history":[{"count":9,"href":"https:\/\/woerrlein-naturfoto.de\/wordpress\/wp-json\/wp\/v2\/pages\/2216\/revisions"}],"predecessor-version":[{"id":6521,"href":"https:\/\/woerrlein-naturfoto.de\/wordpress\/wp-json\/wp\/v2\/pages\/2216\/revisions\/6521"}],"up":[{"embeddable":true,"href":"https:\/\/woerrlein-naturfoto.de\/wordpress\/wp-json\/wp\/v2\/pages\/2182"}],"wp:attachment":[{"href":"https:\/\/woerrlein-naturfoto.de\/wordpress\/wp-json\/wp\/v2\/media?parent=2216"}],"curies":[{"name":"wp","href":"https:\/\/api.w.org\/{rel}","templated":true}]}}