{"id":2195,"date":"2014-12-25T17:09:45","date_gmt":"2014-12-25T15:09:45","guid":{"rendered":"http:\/\/woerrlein-naturfoto.de\/wordpress\/?page_id=2195"},"modified":"2015-02-23T12:51:59","modified_gmt":"2015-02-23T11:51:59","slug":"hoeckergans","status":"publish","type":"page","link":"https:\/\/woerrlein-naturfoto.de\/wordpress\/gaense-a-z\/hoeckergans\/","title":{"rendered":"H\u00f6ckergans"},"content":{"rendered":"<p><a href=\"http:\/\/woerrlein-naturfoto.de\/wordpress\/voegel\/\"><span style=\"color: #ffff66;\">V\u00f6gel<\/span> <\/a>-&gt; <a href=\"http:\/\/woerrlein-naturfoto.de\/wordpress\/voegel\/gaensevoegel\/\"><span style=\"color: #ffff66;\">G\u00e4nsev\u00f6gel<\/span><\/a> -&gt;<a href=\"http:\/\/woerrlein-naturfoto.de\/wordpress\/hauptseite-voegel\/voegel\/gaensevoegel-2\/gaense\/\"> <span style=\"color: #ffff66;\">G\u00e4nse<\/span><\/a><a title=\"G\u00e4nsev\u00f6gel\" href=\"http:\/\/woerrlein-naturfoto.de\/wordpress\/voegel\/gaensevoegel\/\"><br \/>\n<\/a><a href=\"http:\/\/woerrlein-naturfoto.de\/wordpress\/voegel_von_a-z\/\">V\u00f6gel von A-Z<\/a><br \/>\nzur Galerie <a title=\"G\u00e4nse\" href=\"http:\/\/woerrlein-naturfoto.de\/wordpress\/hauptseite-voegel\/voegel\/gaensevoegel-2\/gaense\/\">G\u00e4nse<code><\/code><\/a><code><\/code><\/p>\n<p><img loading=\"lazy\" decoding=\"async\" class=\" wp-image-1405 alignleft\" src=\"http:\/\/woerrlein-naturfoto.de\/wordpress\/wp-content\/uploads\/Hoeckergans_AW23092v-600x400.jpg\" alt=\"Hoeckergans_AW23092v.jpg\" width=\"600\" height=\"400\" \/>Die <strong>H\u00f6ckergans<\/strong> ist eine Rasse der Hausg\u00e4nse, die auf die Domestizierung der Schwanengans (<em>Anser cygnoides<\/em>) zur\u00fcckgeht. H\u00f6ckerg\u00e4nse sind eingeschr\u00e4nkt flugf\u00e4hig. H\u00f6ckerg\u00e4nse haben einen dem H\u00f6ckerschwan \u00e4hnlichen H\u00f6cker auf dem Oberschnabel, der bei m\u00e4nnlichen Tieren ausgepr\u00e4gter ist als bei weiblichen, und insbesondere bei alten Gantern derart auswachsen kann, dass er beinahe wie ein kleines Horn wirkt. Bei der Wildform ist dieser H\u00f6cker nur schwach und im m\u00e4nnlichen Geschlecht ausgepr\u00e4gt. Hinzu kommt insbesondere bei m\u00e4nnlichen Tieren oftmals eine Kehlwamme, die bereits bei jungen G\u00f6sseln eine relativ sichere Geschlechtsbestimmung erlaubt. Farblich sind die meisten H\u00f6ckerg\u00e4nse wie ihre Stammform, die Schwanengans, gef\u00e4rbt, daneben gibt es wei\u00dfe Rassen, welche im Gegensatz zu wei\u00dfen Hausg\u00e4nsen echte Leuzisten sind. H\u00f6ckerg\u00e4nse sind mit bis zu 7 kg im m\u00e4nnlichen, bzw. 5 kg im weiblichen Geschlecht wesentlich schwerer als die Stammform.<\/p>\n<p>zur Galerie <a title=\"G\u00e4nse\" href=\"http:\/\/woerrlein-naturfoto.de\/wordpress\/hauptseite-voegel\/voegel\/gaensevoegel-2\/gaense\/\">G\u00e4nse<\/a><code><br \/>\n<\/code><\/p>\n<p>&nbsp;<\/p>\n<p><em>Quelle des Textauszuges und weitere Infos bei <\/em><a href=\"http:\/\/de.wikipedia.org\/wiki\/H%C3%B6ckergans\" target=\"_blank\">Wikipedia<\/a> <em>(<\/em><a href=\"http:\/\/www.gnu.org\/licenses\/fdl-1.3.txt\" target=\"_blank\">GNU-Lizenz<\/a><em>)<\/em> \u2013 <em>mein Dank gilt den<\/em> <a href=\"http:\/\/de.wikipedia.org\/w\/index.php?title=H%C3%B6ckergans&amp;action=history\" target=\"_blank\">Autoren<\/a>.<\/p>\n","protected":false},"excerpt":{"rendered":"<p>V\u00f6gel -&gt; G\u00e4nsev\u00f6gel -&gt; G\u00e4nse V\u00f6gel von A-Z zur Galerie G\u00e4nse Die H\u00f6ckergans ist eine Rasse der Hausg\u00e4nse, die auf die Domestizierung der Schwanengans (Anser cygnoides) zur\u00fcckgeht. H\u00f6ckerg\u00e4nse sind eingeschr\u00e4nkt flugf\u00e4hig. H\u00f6ckerg\u00e4nse haben einen dem H\u00f6ckerschwan \u00e4hnlichen H\u00f6cker auf dem Oberschnabel, der bei m\u00e4nnlichen Tieren ausgepr\u00e4gter ist als bei weiblichen, und insbesondere bei alten Gantern &hellip; <a href=\"https:\/\/woerrlein-naturfoto.de\/wordpress\/gaense-a-z\/hoeckergans\/\" class=\"more-link\"><span class=\"screen-reader-text\">H\u00f6ckergans<\/span> weiterlesen <span class=\"meta-nav\">&rarr;<\/span><\/a><\/p>\n","protected":false},"author":1,"featured_media":0,"parent":2182,"menu_order":0,"comment_status":"closed","ping_status":"closed","template":"page-templates\/full-width.php","meta":{"footnotes":""},"class_list":["post-2195","page","type-page","status-publish","hentry"],"_links":{"self":[{"href":"https:\/\/woerrlein-naturfoto.de\/wordpress\/wp-json\/wp\/v2\/pages\/2195","targetHints":{"allow":["GET"]}}],"collection":[{"href":"https:\/\/woerrlein-naturfoto.de\/wordpress\/wp-json\/wp\/v2\/pages"}],"about":[{"href":"https:\/\/woerrlein-naturfoto.de\/wordpress\/wp-json\/wp\/v2\/types\/page"}],"author":[{"embeddable":true,"href":"https:\/\/woerrlein-naturfoto.de\/wordpress\/wp-json\/wp\/v2\/users\/1"}],"replies":[{"embeddable":true,"href":"https:\/\/woerrlein-naturfoto.de\/wordpress\/wp-json\/wp\/v2\/comments?post=2195"}],"version-history":[{"count":13,"href":"https:\/\/woerrlein-naturfoto.de\/wordpress\/wp-json\/wp\/v2\/pages\/2195\/revisions"}],"predecessor-version":[{"id":6517,"href":"https:\/\/woerrlein-naturfoto.de\/wordpress\/wp-json\/wp\/v2\/pages\/2195\/revisions\/6517"}],"up":[{"embeddable":true,"href":"https:\/\/woerrlein-naturfoto.de\/wordpress\/wp-json\/wp\/v2\/pages\/2182"}],"wp:attachment":[{"href":"https:\/\/woerrlein-naturfoto.de\/wordpress\/wp-json\/wp\/v2\/media?parent=2195"}],"curies":[{"name":"wp","href":"https:\/\/api.w.org\/{rel}","templated":true}]}}