{"id":20880,"date":"2025-12-19T17:23:59","date_gmt":"2025-12-19T16:23:59","guid":{"rendered":"https:\/\/woerrlein-naturfoto.de\/wordpress\/?page_id=20880"},"modified":"2025-12-19T17:30:43","modified_gmt":"2025-12-19T16:30:43","slug":"steppenmoewe","status":"publish","type":"page","link":"https:\/\/woerrlein-naturfoto.de\/wordpress\/moewen-a-z\/steppenmoewe\/","title":{"rendered":"Steppenm\u00f6we"},"content":{"rendered":"<p><a href=\"http:\/\/woerrlein-naturfoto.de\/wordpress\/voegel\/\"><span style=\"color: #ffff66;\">V\u00f6gel<\/span> <\/a>-&gt;<a href=\"http:\/\/woerrlein-naturfoto.de\/wordpress\/hauptseite-voegel\/voegel\/watvoegel-2\"> <span style=\"color: #ffff66;\">Watv\u00f6gel<\/span> <\/a>-&gt;<a href=\"http:\/\/woerrlein-naturfoto.de\/wordpress\/hauptseite-voegel\/voegel\/watvoegel\/moewen-2\/\"> <span style=\"color: #ffff66;\">M\u00f6wen<\/span><\/a><br \/>\n<a title=\"V\u00f6gel von A-Z\" href=\"http:\/\/woerrlein-naturfoto.de\/wordpress\/voegel\/voegel_von_a-z\/\">V\u00f6gel von A-Z<\/a><br \/>\nZur Galerie <a title=\"M\u00f6wen\" href=\"http:\/\/woerrlein-naturfoto.de\/wordpress\/hauptseite-voegel\/voegel\/watvoegel\/moewen-2\/\">M\u00f6wen<\/a><\/p>\n<p><img loading=\"lazy\" decoding=\"async\" class=\"alignleft wp-image-20769\" src=\"https:\/\/woerrlein-naturfoto.de\/wordpress\/wp-content\/uploads\/2014\/08\/Steppenmoewe_250925_8172.jpg\" alt=\"\" width=\"600\" height=\"400\" srcset=\"https:\/\/woerrlein-naturfoto.de\/wordpress\/wp-content\/uploads\/2014\/08\/Steppenmoewe_250925_8172.jpg 1000w, https:\/\/woerrlein-naturfoto.de\/wordpress\/wp-content\/uploads\/2014\/08\/Steppenmoewe_250925_8172-600x400.jpg 600w, https:\/\/woerrlein-naturfoto.de\/wordpress\/wp-content\/uploads\/2014\/08\/Steppenmoewe_250925_8172-768x512.jpg 768w, https:\/\/woerrlein-naturfoto.de\/wordpress\/wp-content\/uploads\/2014\/08\/Steppenmoewe_250925_8172-120x80.jpg 120w\" sizes=\"auto, (max-width: 600px) 100vw, 600px\" \/>Die <b>Steppenm\u00f6we<\/b> (<i>Larus cachinnans<\/i>) ist eine relativ gro\u00dfe Vogelart innerhalb der M\u00f6wen. Sie ist im s\u00fcdlichen Osteuropa und im westlichen Mittelasien beheimatet, wo sie vom Schwarzen Meer bis in den Osten Kasachstans br\u00fctet. Zerstreute Brutvorkommen gibt es jedoch auch bis nach Mitteleuropa hinein; die gr\u00f6\u00dften liegen in Polen. In Deutschland br\u00fctet die Art vereinzelt im Osten. Nach der Brutzeit wandern vor allem viele junge V\u00f6gel nach Nordwesten ab und sind dann zerstreut bis Westeuropa zu finden. Die Haupt\u00fcberwinterungsgebiete liegen im Nahen Osten.<br \/>\nDie Steppenm\u00f6we ist\u00a0 etwa so gro\u00df wie eine Silberm\u00f6we. Im K\u00f6rperbau \u00e4hnelt sie jedoch der etwas kleineren Heringsm\u00f6we, mit der sie n\u00e4her verwandt ist. Sie wirkt oft schm\u00e4chtig mit relativ kleinem Kopf, schlankem, gerade nach hinten abfallendem Hinterleib und hohen Beinen. Der Kopf ist langgezogen, die Stirn flach und der Hinterkopf kantig. Der Schnabel ist wenig kr\u00e4ftig mit nur schwach ausgepr\u00e4gtem <a class=\"new\" title=\"Gonyswinkel (Seite nicht vorhanden)\" href=\"https:\/\/de.wikipedia.org\/w\/index.php?title=Gonyswinkel&amp;action=edit&amp;redlink=1\" target=\"_blank\" rel=\"noopener\">Gonyswinkel<\/a> und langgezogenem Nasenloch. Das Auge wirkt klein und sitzt relativ weit vorne und oben am Kopf. Ein <a title=\"Sexualdimorphismus\" href=\"https:\/\/de.wikipedia.org\/wiki\/Sexualdimorphismus\" target=\"_blank\" rel=\"noopener\">Sexualdimorphismus<\/a> ist nicht ausgepr\u00e4gt. Junge Steppenm\u00f6wen wechseln nach dem vierten Winter ins Adultkleid.<\/p>\n<p>zur Galerie <a title=\"Greifv\u00f6gel\" href=\"http:\/\/woerrlein-naturfoto.de\/wordpress\/hauptseite-voegel\/voegel\/greifvoegel\/\">Greifv\u00f6gel<\/a><code><br \/>\n<\/code><\/p>\n<p>&nbsp;<\/p>\n<p><em>Quelle des Textauszuges und weitere Infos bei <\/em><a href=\"https:\/\/de.wikipedia.org\/wiki\/Steppenm%C3%B6we\" target=\"_blank\" rel=\"noopener noreferrer\">Wikipedia<\/a> <em>(<\/em><a href=\"http:\/\/www.gnu.org\/licenses\/fdl-1.3.txt\" target=\"_blank\" rel=\"noopener noreferrer\">GNU-Lizenz<\/a><em>)<\/em> \u2013 <em>mein Dank gilt den<\/em> <a href=\"https:\/\/de.wikipedia.org\/w\/index.php?title=Steppenm%C3%B6we&amp;action=history\" target=\"_blank\" rel=\"noopener noreferrer\">Autoren<\/a>.<\/p>\n<p>&nbsp;<\/p>\n","protected":false},"excerpt":{"rendered":"<p>V\u00f6gel -&gt; Watv\u00f6gel -&gt; M\u00f6wen V\u00f6gel von A-Z Zur Galerie M\u00f6wen Die Steppenm\u00f6we (Larus cachinnans) ist eine relativ gro\u00dfe Vogelart innerhalb der M\u00f6wen. Sie ist im s\u00fcdlichen Osteuropa und im westlichen Mittelasien beheimatet, wo sie vom Schwarzen Meer bis in den Osten Kasachstans br\u00fctet. Zerstreute Brutvorkommen gibt es jedoch auch bis nach Mitteleuropa hinein; die &hellip; <a href=\"https:\/\/woerrlein-naturfoto.de\/wordpress\/moewen-a-z\/steppenmoewe\/\" class=\"more-link\"><span class=\"screen-reader-text\">Steppenm\u00f6we<\/span> weiterlesen <span class=\"meta-nav\">&rarr;<\/span><\/a><\/p>\n","protected":false},"author":1,"featured_media":0,"parent":961,"menu_order":0,"comment_status":"closed","ping_status":"closed","template":"page-templates\/full-width.php","meta":{"footnotes":""},"class_list":["post-20880","page","type-page","status-publish","hentry"],"_links":{"self":[{"href":"https:\/\/woerrlein-naturfoto.de\/wordpress\/wp-json\/wp\/v2\/pages\/20880","targetHints":{"allow":["GET"]}}],"collection":[{"href":"https:\/\/woerrlein-naturfoto.de\/wordpress\/wp-json\/wp\/v2\/pages"}],"about":[{"href":"https:\/\/woerrlein-naturfoto.de\/wordpress\/wp-json\/wp\/v2\/types\/page"}],"author":[{"embeddable":true,"href":"https:\/\/woerrlein-naturfoto.de\/wordpress\/wp-json\/wp\/v2\/users\/1"}],"replies":[{"embeddable":true,"href":"https:\/\/woerrlein-naturfoto.de\/wordpress\/wp-json\/wp\/v2\/comments?post=20880"}],"version-history":[{"count":3,"href":"https:\/\/woerrlein-naturfoto.de\/wordpress\/wp-json\/wp\/v2\/pages\/20880\/revisions"}],"predecessor-version":[{"id":20883,"href":"https:\/\/woerrlein-naturfoto.de\/wordpress\/wp-json\/wp\/v2\/pages\/20880\/revisions\/20883"}],"up":[{"embeddable":true,"href":"https:\/\/woerrlein-naturfoto.de\/wordpress\/wp-json\/wp\/v2\/pages\/961"}],"wp:attachment":[{"href":"https:\/\/woerrlein-naturfoto.de\/wordpress\/wp-json\/wp\/v2\/media?parent=20880"}],"curies":[{"name":"wp","href":"https:\/\/api.w.org\/{rel}","templated":true}]}}