{"id":20255,"date":"2025-06-06T16:25:19","date_gmt":"2025-06-06T14:25:19","guid":{"rendered":"https:\/\/woerrlein-naturfoto.de\/wordpress\/?page_id=20255"},"modified":"2025-06-06T16:27:36","modified_gmt":"2025-06-06T14:27:36","slug":"grosse-holzbiene","status":"publish","type":"page","link":"https:\/\/woerrlein-naturfoto.de\/wordpress\/hautfluegler-zweifluegler-a-z\/grosse-holzbiene\/","title":{"rendered":"Gro\u00dfe Holzbiene"},"content":{"rendered":"<p><a href=\"http:\/\/woerrlein-naturfoto.de\/wordpress\/insekten\/\"><span style=\"color: #ffff66;\">Insekten<\/span> <\/a>-&gt;<a href=\"http:\/\/woerrlein-naturfoto.de\/wordpress\/hauptseite-insekten\/insekten\/hautfluegler-zweifluegler-2\/\"> <span style=\"color: #ffff66;\">Hautfl\u00fcgler, Zweifl\u00fcgler<\/span><\/a><br \/>\n<a title=\"Insekten A-Z\" href=\"http:\/\/woerrlein-naturfoto.de\/wordpress\/insekten-a-z\/\">Insekten von A-Z<\/a><br \/>\nzur Galerie <a href=\"http:\/\/woerrlein-naturfoto.de\/wordpress\/hauptseite-insekten\/insekten\/hautfluegler-zweifluegler-2\/\">Hautfl\u00fcgler, Zweifl\u00fcgler<\/a><\/p>\n<p><img loading=\"lazy\" decoding=\"async\" class=\"alignleft wp-image-20129\" src=\"https:\/\/woerrlein-naturfoto.de\/wordpress\/wp-content\/uploads\/2015\/01\/GrosseHolzbiene_230804_5868.jpg\" alt=\"\" width=\"600\" height=\"400\" srcset=\"https:\/\/woerrlein-naturfoto.de\/wordpress\/wp-content\/uploads\/2015\/01\/GrosseHolzbiene_230804_5868.jpg 1000w, https:\/\/woerrlein-naturfoto.de\/wordpress\/wp-content\/uploads\/2015\/01\/GrosseHolzbiene_230804_5868-600x400.jpg 600w, https:\/\/woerrlein-naturfoto.de\/wordpress\/wp-content\/uploads\/2015\/01\/GrosseHolzbiene_230804_5868-768x512.jpg 768w, https:\/\/woerrlein-naturfoto.de\/wordpress\/wp-content\/uploads\/2015\/01\/GrosseHolzbiene_230804_5868-120x80.jpg 120w\" sizes=\"auto, (max-width: 600px) 100vw, 600px\" \/>Die <b>Gro\u00dfe Blaue Holzbiene<\/b>, auch <b>Blauschwarze<\/b> oder <b>Violettfl\u00fcgelige Holzbiene<\/b> (<i>Xylocopa violacea<\/i>), ist eine Biene aus der Gattung der Holzbienen innerhalb der Familie der echten Bienen. In manchen Bundesl\u00e4ndern sowie in der Schweiz war sie, auf Grund ihres W\u00e4rmeanspruchs in Kombination mit geeigneten Nistm\u00f6glichkeiten, als gef\u00e4hrdet und zum Teil, wie etwa in Baden-W\u00fcrttemberg, sogar als \u201estark gef\u00e4hrdet\u201c eingestuft worden. Seit den Erhebungen im Rahmen des Stuttgarter Wildbienen-Katasters hat sich diese Kategorisierung jedoch als unbegr\u00fcndet erwiesen. In der Roten Liste gef\u00e4hrdeter Arten wird sie f\u00fcr Deutschland aktuell als \u201eungef\u00e4hrdet\u201c gef\u00fchrt<sup id=\"cite_ref-1\" class=\"reference\"><\/sup> (fr\u00fcher auf der \u201eVorwarnstufe\u201c). Sie wurde zur &#8222;Wildbiene des Jahres 2024&#8220; gew\u00e4hlt.<br \/>\nMit 20 bis 28 Millimeter K\u00f6rperl\u00e4nge z\u00e4hlen die Tiere zu den gr\u00f6\u00dften Vertretern der Bienen in Mitteleuropa. Ihr K\u00f6rper ist tiefschwarz und hat eine hummel\u00e4hnliche Erscheinung, der ansonsten blauschwarze Thorax ist am R\u00fccken grau gef\u00e4rbt. Auch die Fl\u00fcgel sind sehr dunkel und weisen einen auff\u00e4lligen blauen Schiller auf.<br \/>\nAm Kopf befinden sich neben den gro\u00dfen schwarzen Facettenaugen auch drei kleinere Punktaugen auf der Stirn. Diese Neben-Augen sind bei der Wahrnehmung der Lichtintensit\u00e4t hilfreich, aber vor allem beim Fliegen. Die Holzbiene hat also insgesamt f\u00fcnf Augen, wie viele andere Insekten auch. Der K\u00f6rper ist relativ kurz behaart.<\/p>\n<p>Zur Galerie <a href=\"http:\/\/woerrlein-naturfoto.de\/wordpress\/hauptseite-insekten\/insekten\/hautfluegler-zweifluegler-2\/\">Hautfl\u00fcgler, Zweifl\u00fcgler<\/a><\/p>\n<p>&nbsp;<\/p>\n<p><em>Quelle des Textauszuges und weitere Infos bei <\/em><a href=\"https:\/\/de.wikipedia.org\/wiki\/Gro%C3%9Fe_Holzbiene\" target=\"_blank\" rel=\"noopener noreferrer\">Wikipedia<\/a><em> (<\/em><a href=\"http:\/\/www.gnu.org\/licenses\/fdl-1.3.txt\" target=\"_blank\" rel=\"noopener noreferrer\">GNU-Lizenz<\/a><em>)\u2013 mein Dank gilt den <\/em><a href=\"https:\/\/de.wikipedia.org\/w\/index.php?title=Gro%C3%9Fe_Holzbiene&amp;action=history\" target=\"_blank\" rel=\"noopener noreferrer\">Autoren<\/a><em>.<\/em><\/p>\n","protected":false},"excerpt":{"rendered":"<p>Insekten -&gt; Hautfl\u00fcgler, Zweifl\u00fcgler Insekten von A-Z zur Galerie Hautfl\u00fcgler, Zweifl\u00fcgler Die Gro\u00dfe Blaue Holzbiene, auch Blauschwarze oder Violettfl\u00fcgelige Holzbiene (Xylocopa violacea), ist eine Biene aus der Gattung der Holzbienen innerhalb der Familie der echten Bienen. In manchen Bundesl\u00e4ndern sowie in der Schweiz war sie, auf Grund ihres W\u00e4rmeanspruchs in Kombination mit geeigneten Nistm\u00f6glichkeiten, als &hellip; <a href=\"https:\/\/woerrlein-naturfoto.de\/wordpress\/hautfluegler-zweifluegler-a-z\/grosse-holzbiene\/\" class=\"more-link\"><span class=\"screen-reader-text\">Gro\u00dfe Holzbiene<\/span> weiterlesen <span class=\"meta-nav\">&rarr;<\/span><\/a><\/p>\n","protected":false},"author":1,"featured_media":0,"parent":3739,"menu_order":0,"comment_status":"closed","ping_status":"closed","template":"page-templates\/full-width.php","meta":{"footnotes":""},"class_list":["post-20255","page","type-page","status-publish","hentry"],"_links":{"self":[{"href":"https:\/\/woerrlein-naturfoto.de\/wordpress\/wp-json\/wp\/v2\/pages\/20255","targetHints":{"allow":["GET"]}}],"collection":[{"href":"https:\/\/woerrlein-naturfoto.de\/wordpress\/wp-json\/wp\/v2\/pages"}],"about":[{"href":"https:\/\/woerrlein-naturfoto.de\/wordpress\/wp-json\/wp\/v2\/types\/page"}],"author":[{"embeddable":true,"href":"https:\/\/woerrlein-naturfoto.de\/wordpress\/wp-json\/wp\/v2\/users\/1"}],"replies":[{"embeddable":true,"href":"https:\/\/woerrlein-naturfoto.de\/wordpress\/wp-json\/wp\/v2\/comments?post=20255"}],"version-history":[{"count":3,"href":"https:\/\/woerrlein-naturfoto.de\/wordpress\/wp-json\/wp\/v2\/pages\/20255\/revisions"}],"predecessor-version":[{"id":20258,"href":"https:\/\/woerrlein-naturfoto.de\/wordpress\/wp-json\/wp\/v2\/pages\/20255\/revisions\/20258"}],"up":[{"embeddable":true,"href":"https:\/\/woerrlein-naturfoto.de\/wordpress\/wp-json\/wp\/v2\/pages\/3739"}],"wp:attachment":[{"href":"https:\/\/woerrlein-naturfoto.de\/wordpress\/wp-json\/wp\/v2\/media?parent=20255"}],"curies":[{"name":"wp","href":"https:\/\/api.w.org\/{rel}","templated":true}]}}