{"id":19163,"date":"2024-11-13T17:53:22","date_gmt":"2024-11-13T16:53:22","guid":{"rendered":"https:\/\/woerrlein-naturfoto.de\/wordpress\/?page_id=19163"},"modified":"2024-11-13T17:56:38","modified_gmt":"2024-11-13T16:56:38","slug":"dorniger-stachelbart","status":"publish","type":"page","link":"https:\/\/woerrlein-naturfoto.de\/wordpress\/pilze-a-z\/dorniger-stachelbart\/","title":{"rendered":"Dorniger Stachelbart"},"content":{"rendered":"<p><a href=\"http:\/\/woerrlein-naturfoto.de\/wordpress\/hauptseite-pflanzen\/pflanzen\/\"><span style=\"color: #ffff66;\">Pflanzen<\/span> <\/a>-&gt;<a href=\"http:\/\/woerrlein-naturfoto.de\/wordpress\/hauptseite-pflanzen\/pflanzen\/pilze-2\/\"> <span style=\"color: #ffff66;\">Pilze<\/span><\/a><br \/>\n<a href=\"http:\/\/woerrlein-naturfoto.de\/wordpress\/pflanzen-von-a-z\/\">Pflanzen von A-Z<\/a><br \/>\nzur Galerie <a href=\"https:\/\/woerrlein-naturfoto.de\/wordpress\/hauptseite-pflanzen\/pflanzen\/pilze-2\/pilze-i-a-bis-g\/\">Pilze I<\/a><\/p>\n<p><img loading=\"lazy\" decoding=\"async\" class=\"alignleft wp-image-19077\" src=\"https:\/\/woerrlein-naturfoto.de\/wordpress\/wp-content\/uploads\/2022\/10\/DornigerStachelbart_AW_94673-267x400.jpg\" alt=\"\" width=\"267\" height=\"400\" srcset=\"https:\/\/woerrlein-naturfoto.de\/wordpress\/wp-content\/uploads\/2022\/10\/DornigerStachelbart_AW_94673-267x400.jpg 267w, https:\/\/woerrlein-naturfoto.de\/wordpress\/wp-content\/uploads\/2022\/10\/DornigerStachelbart_AW_94673.jpg 567w\" sizes=\"auto, (max-width: 267px) 100vw, 267px\" \/>Der <b>Dornige Stachelbart<\/b> (<i>Hericium cirrhatum<\/i>) ist eine Pilzart aus der Familie der Stachelbartverwandten.<br \/>\nDer Fruchtk\u00f6rper besteht aus hutartigen, flachen und ungestielten Elementen, die b\u00fcschelartig zusammengewachsen sind. Die Einzelh\u00fcte sind 50 bis 150 Millimeter breit und jung cremewei\u00dflich, sp\u00e4ter gelblich bis gelbbr\u00e4unlich gef\u00e4rbt. Sie sind meist unregelm\u00e4\u00dfig gelappt und oft verbogen oder verdreht. Ihre Oberseite ist mit dornartigen kurzen Stacheln besetzt, die keiner bestimmten Richtung folgen. Die dichtstehenden Stacheln an der Unterseite der H\u00fcte mit der sporentragenden Fruchtschicht sind hingegen senkrecht angeordnet. Das wei\u00dfliche, beim jungen Fruchtk\u00f6rper m\u00fcrbe Fleisch gilbt und wird im Alter etwas z\u00e4h. Das Sporenpulver des Dornigen Stachelbartes ist wei\u00df.<\/p>\n<p><strong>Vorkommen:<\/strong>\u00a0\u00a0\u00a0\u00a0\u00a0\u00a0\u00a0 August &#8211; November<\/p>\n<p>zur Galerie <a href=\"https:\/\/woerrlein-naturfoto.de\/wordpress\/hauptseite-pflanzen\/pflanzen\/pilze-2\/pilze-i-a-bis-g\/\">Pilze I<\/a><\/p>\n<p><em>Quelle des Textauszuges und weitere Infos bei <\/em><a href=\"https:\/\/de.wikipedia.org\/wiki\/Dorniger_Stachelbart\" target=\"_blank\" rel=\"noopener noreferrer\">Wikipedia<\/a><em> (<\/em><a href=\"http:\/\/www.gnu.org\/licenses\/fdl-1.3.txt\" target=\"_blank\" rel=\"noopener noreferrer\">GNU-Lizenz<\/a><em>)\u2013 mein Dank gilt den <\/em><a href=\"https:\/\/de.wikipedia.org\/w\/index.php?title=Amiant-K%C3%B6rnchenschirmling&amp;action=history\" target=\"_blank\" rel=\"noopener noreferrer\">Autoren<\/a><em>.<\/em><\/p>\n","protected":false},"excerpt":{"rendered":"<p>Pflanzen -&gt; Pilze Pflanzen von A-Z zur Galerie Pilze I Der Dornige Stachelbart (Hericium cirrhatum) ist eine Pilzart aus der Familie der Stachelbartverwandten. Der Fruchtk\u00f6rper besteht aus hutartigen, flachen und ungestielten Elementen, die b\u00fcschelartig zusammengewachsen sind. Die Einzelh\u00fcte sind 50 bis 150 Millimeter breit und jung cremewei\u00dflich, sp\u00e4ter gelblich bis gelbbr\u00e4unlich gef\u00e4rbt. Sie sind meist &hellip; <a href=\"https:\/\/woerrlein-naturfoto.de\/wordpress\/pilze-a-z\/dorniger-stachelbart\/\" class=\"more-link\"><span class=\"screen-reader-text\">Dorniger Stachelbart<\/span> weiterlesen <span class=\"meta-nav\">&rarr;<\/span><\/a><\/p>\n","protected":false},"author":1,"featured_media":0,"parent":5118,"menu_order":0,"comment_status":"closed","ping_status":"closed","template":"page-templates\/full-width.php","meta":{"footnotes":""},"class_list":["post-19163","page","type-page","status-publish","hentry"],"_links":{"self":[{"href":"https:\/\/woerrlein-naturfoto.de\/wordpress\/wp-json\/wp\/v2\/pages\/19163","targetHints":{"allow":["GET"]}}],"collection":[{"href":"https:\/\/woerrlein-naturfoto.de\/wordpress\/wp-json\/wp\/v2\/pages"}],"about":[{"href":"https:\/\/woerrlein-naturfoto.de\/wordpress\/wp-json\/wp\/v2\/types\/page"}],"author":[{"embeddable":true,"href":"https:\/\/woerrlein-naturfoto.de\/wordpress\/wp-json\/wp\/v2\/users\/1"}],"replies":[{"embeddable":true,"href":"https:\/\/woerrlein-naturfoto.de\/wordpress\/wp-json\/wp\/v2\/comments?post=19163"}],"version-history":[{"count":3,"href":"https:\/\/woerrlein-naturfoto.de\/wordpress\/wp-json\/wp\/v2\/pages\/19163\/revisions"}],"predecessor-version":[{"id":19166,"href":"https:\/\/woerrlein-naturfoto.de\/wordpress\/wp-json\/wp\/v2\/pages\/19163\/revisions\/19166"}],"up":[{"embeddable":true,"href":"https:\/\/woerrlein-naturfoto.de\/wordpress\/wp-json\/wp\/v2\/pages\/5118"}],"wp:attachment":[{"href":"https:\/\/woerrlein-naturfoto.de\/wordpress\/wp-json\/wp\/v2\/media?parent=19163"}],"curies":[{"name":"wp","href":"https:\/\/api.w.org\/{rel}","templated":true}]}}