{"id":18577,"date":"2024-07-09T13:59:35","date_gmt":"2024-07-09T11:59:35","guid":{"rendered":"https:\/\/woerrlein-naturfoto.de\/wordpress\/?page_id=18577"},"modified":"2024-07-09T13:59:35","modified_gmt":"2024-07-09T11:59:35","slug":"gemeine-waldschwebfliege","status":"publish","type":"page","link":"https:\/\/woerrlein-naturfoto.de\/wordpress\/hautfluegler-zweifluegler-a-z\/gemeine-waldschwebfliege\/","title":{"rendered":"Gemeine Waldschwebfliege"},"content":{"rendered":"<p><a href=\"http:\/\/woerrlein-naturfoto.de\/wordpress\/insekten\/\"><span style=\"color: #ffff66;\">Insekten<\/span> <\/a>-&gt;<a href=\"http:\/\/woerrlein-naturfoto.de\/wordpress\/hauptseite-insekten\/insekten\/hautfluegler-zweifluegler-2\/\"> <span style=\"color: #ffff66;\">Hautfl\u00fcgler, Zweifl\u00fcgler<\/span><\/a><br \/>\n<a title=\"Insekten A-Z\" href=\"http:\/\/woerrlein-naturfoto.de\/wordpress\/insekten-a-z\/\">Insekten von A-Z<\/a><br \/>\nzur Galerie <a href=\"http:\/\/woerrlein-naturfoto.de\/wordpress\/hauptseite-insekten\/insekten\/hautfluegler-zweifluegler-2\/\">Hautfl\u00fcgler, Zweifl\u00fcgler<\/a><\/p>\n<p><img loading=\"lazy\" decoding=\"async\" class=\"alignleft wp-image-18456\" src=\"https:\/\/woerrlein-naturfoto.de\/wordpress\/wp-content\/uploads\/2024\/07\/GemeineWaldschwebfliege_AW40882L-600x400.jpg\" alt=\"\" width=\"600\" height=\"400\" srcset=\"https:\/\/woerrlein-naturfoto.de\/wordpress\/wp-content\/uploads\/2024\/07\/GemeineWaldschwebfliege_AW40882L-600x400.jpg 600w, https:\/\/woerrlein-naturfoto.de\/wordpress\/wp-content\/uploads\/2024\/07\/GemeineWaldschwebfliege_AW40882L-768x512.jpg 768w, https:\/\/woerrlein-naturfoto.de\/wordpress\/wp-content\/uploads\/2024\/07\/GemeineWaldschwebfliege_AW40882L-120x80.jpg 120w, https:\/\/woerrlein-naturfoto.de\/wordpress\/wp-content\/uploads\/2024\/07\/GemeineWaldschwebfliege_AW40882L.jpg 1000w\" sizes=\"auto, (max-width: 600px) 100vw, 600px\" \/>Die <b>Gemeine Waldschwebfliege<\/b> oder <b>Gemeine Hummel-Schwebfliege<\/b> (<i>Volucella pellucens<\/i>) ist eine Fliege aus der Familie der Schwebfliegen.<br \/>\nDie Fliegen erreichen eine K\u00f6rperl\u00e4nge von 12 bis 18 Millimetern. Die Frons (Stirnregion) und der Vorderteil des Kopfes mit den leicht nach vorne verl\u00e4ngerten Mundwerkzeugen sind r\u00f6tlichgelb gef\u00e4rbt. Die <a title=\"F\u00fchler (Biologie)\" href=\"https:\/\/de.wikipedia.org\/wiki\/F%C3%BChler_(Biologie)\">F\u00fchler<\/a> sind ebenso r\u00f6tlichgelb und haben eine gefiederte Borste. Die Facettenaugen sind weinrot und bei den Weibchen sehr nahe beieinander. Das <a title=\"Notum\" href=\"https:\/\/de.wikipedia.org\/wiki\/Notum\" target=\"_blank\" rel=\"noopener\">Mesonotum<\/a> ist auf der Oberseite schwarz gl\u00e4nzend, an den Seiten ist es dunkel rostbraun gef\u00e4rbt und tr\u00e4gt schwarze Borsten. Das <a title=\"Scutellum (Insekten)\" href=\"https:\/\/de.wikipedia.org\/wiki\/Scutellum_(Insekten)\" target=\"_blank\" rel=\"noopener\">Schildchen<\/a> ist rostbraun get\u00f6nt und tr\u00e4gt am Rand schwarze Borsten. Der kurze und plumpe Hinterleib ist schwarz gef\u00e4rbt, das zweite Hinterleibssegment ist charakteristisch elfenbeinf\u00e4rbig. Diese Binde kann auch mittig durch einen schmalen schwarzen R\u00fccken in zwei Flecken getrennt sein. Die <a title=\"Fl\u00fcgel (Insekt)\" href=\"https:\/\/de.wikipedia.org\/wiki\/Fl%C3%BCgel_(Insekt)\">Fl\u00fcgel<\/a> tragen mittig einen auff\u00e4lligen dunklen Fleck. Die Beine sind schwarz, lediglich die Schenkelringe (Trochanter) und die Tarsen der Vorderbeine sind basal rostbraun.<br \/>\nDie Tiere kommen in der Pal\u00e4arktis und Orientalis vor. Sie sind in Mitteleuropa vom Flachland bis in hohe Lagen h\u00e4ufig zu finden und fliegen von Mai bis September. Sie leben an Waldr\u00e4ndern, -lichtungen und -wegen.<\/p>\n<p>Zur Galerie <a href=\"http:\/\/woerrlein-naturfoto.de\/wordpress\/hauptseite-insekten\/insekten\/hautfluegler-zweifluegler-2\/\">Hautfl\u00fcgler, Zweifl\u00fcgler<\/a><\/p>\n<p><em>Quelle des Textauszuges und weitere Infos bei <\/em><a href=\"https:\/\/de.wikipedia.org\/wiki\/Gemeine_Waldschwebfliege\" target=\"_blank\" rel=\"noopener noreferrer\">Wikipedia<\/a><em> (<\/em><a href=\"http:\/\/www.gnu.org\/licenses\/fdl-1.3.txt\" target=\"_blank\" rel=\"noopener noreferrer\">GNU-Lizenz<\/a><em>)\u2013 mein Dank gilt den <\/em><a href=\"https:\/\/de.wikipedia.org\/w\/index.php?title=Gemeine_Waldschwebfliege&amp;action=history\" target=\"_blank\" rel=\"noopener noreferrer\">Autoren<\/a><em>.<\/em><\/p>\n","protected":false},"excerpt":{"rendered":"<p>Insekten -&gt; Hautfl\u00fcgler, Zweifl\u00fcgler Insekten von A-Z zur Galerie Hautfl\u00fcgler, Zweifl\u00fcgler Die Gemeine Waldschwebfliege oder Gemeine Hummel-Schwebfliege (Volucella pellucens) ist eine Fliege aus der Familie der Schwebfliegen. Die Fliegen erreichen eine K\u00f6rperl\u00e4nge von 12 bis 18 Millimetern. Die Frons (Stirnregion) und der Vorderteil des Kopfes mit den leicht nach vorne verl\u00e4ngerten Mundwerkzeugen sind r\u00f6tlichgelb gef\u00e4rbt. &hellip; <a href=\"https:\/\/woerrlein-naturfoto.de\/wordpress\/hautfluegler-zweifluegler-a-z\/gemeine-waldschwebfliege\/\" class=\"more-link\"><span class=\"screen-reader-text\">Gemeine Waldschwebfliege<\/span> weiterlesen <span class=\"meta-nav\">&rarr;<\/span><\/a><\/p>\n","protected":false},"author":1,"featured_media":0,"parent":3739,"menu_order":0,"comment_status":"closed","ping_status":"closed","template":"page-templates\/full-width.php","meta":{"footnotes":""},"class_list":["post-18577","page","type-page","status-publish","hentry"],"_links":{"self":[{"href":"https:\/\/woerrlein-naturfoto.de\/wordpress\/wp-json\/wp\/v2\/pages\/18577","targetHints":{"allow":["GET"]}}],"collection":[{"href":"https:\/\/woerrlein-naturfoto.de\/wordpress\/wp-json\/wp\/v2\/pages"}],"about":[{"href":"https:\/\/woerrlein-naturfoto.de\/wordpress\/wp-json\/wp\/v2\/types\/page"}],"author":[{"embeddable":true,"href":"https:\/\/woerrlein-naturfoto.de\/wordpress\/wp-json\/wp\/v2\/users\/1"}],"replies":[{"embeddable":true,"href":"https:\/\/woerrlein-naturfoto.de\/wordpress\/wp-json\/wp\/v2\/comments?post=18577"}],"version-history":[{"count":1,"href":"https:\/\/woerrlein-naturfoto.de\/wordpress\/wp-json\/wp\/v2\/pages\/18577\/revisions"}],"predecessor-version":[{"id":18578,"href":"https:\/\/woerrlein-naturfoto.de\/wordpress\/wp-json\/wp\/v2\/pages\/18577\/revisions\/18578"}],"up":[{"embeddable":true,"href":"https:\/\/woerrlein-naturfoto.de\/wordpress\/wp-json\/wp\/v2\/pages\/3739"}],"wp:attachment":[{"href":"https:\/\/woerrlein-naturfoto.de\/wordpress\/wp-json\/wp\/v2\/media?parent=18577"}],"curies":[{"name":"wp","href":"https:\/\/api.w.org\/{rel}","templated":true}]}}