{"id":18552,"date":"2024-07-08T14:54:13","date_gmt":"2024-07-08T12:54:13","guid":{"rendered":"https:\/\/woerrlein-naturfoto.de\/wordpress\/?page_id=18552"},"modified":"2024-07-08T14:57:56","modified_gmt":"2024-07-08T12:57:56","slug":"schwarzer-apollo","status":"publish","type":"page","link":"https:\/\/woerrlein-naturfoto.de\/wordpress\/ritterfalter-a-z\/schwarzer-apollo\/","title":{"rendered":"Schwarzer Apollo"},"content":{"rendered":"<p><span style=\"color: #ffff00;\"><a href=\"http:\/\/woerrlein-naturfoto.de\/wordpress\/insekten\/\"><span style=\"color: #ffff66;\"><span style=\"color: #ffff00;\">Insekten<\/span><\/span><\/a><\/span> -&gt; <span style=\"color: #ffff00;\"><a href=\"http:\/\/woerrlein-naturfoto.de\/wordpress\/hauptseite-insekten\/insekten\/schmetterlinge-2\/\"><span style=\"color: #ffff66;\"><span style=\"color: #ffff00;\">Schmetterlinge<\/span><\/span><\/a><\/span>-&gt;<a href=\"https:\/\/woerrlein-naturfoto.de\/wordpress\/hauptseite-insekten\/insekten\/schmetterlinge-2\/Ritterfalter\/\"><span style=\"color: #ffff66;\"><span style=\"color: #ffff00;\">Ritterfalter<\/span><\/span><\/a><br \/>\n<a title=\"Insekten A-Z\" href=\"http:\/\/woerrlein-naturfoto.de\/wordpress\/insekten-a-z\/\">Insekten von A-Z<\/a><br \/>\nzur Galerie <a href=\"https:\/\/woerrlein-naturfoto.de\/wordpress\/hauptseite-insekten\/insekten\/schmetterlinge-2\/ritterfalter\/\">Ritterfalter<\/a><\/p>\n<p><img loading=\"lazy\" decoding=\"async\" class=\"alignleft wp-image-18468\" src=\"https:\/\/woerrlein-naturfoto.de\/wordpress\/wp-content\/uploads\/2024\/07\/SchwarzerApollo_240611_0243-600x400.jpg\" alt=\"\" width=\"600\" height=\"400\" srcset=\"https:\/\/woerrlein-naturfoto.de\/wordpress\/wp-content\/uploads\/2024\/07\/SchwarzerApollo_240611_0243-600x400.jpg 600w, https:\/\/woerrlein-naturfoto.de\/wordpress\/wp-content\/uploads\/2024\/07\/SchwarzerApollo_240611_0243-768x512.jpg 768w, https:\/\/woerrlein-naturfoto.de\/wordpress\/wp-content\/uploads\/2024\/07\/SchwarzerApollo_240611_0243-120x80.jpg 120w, https:\/\/woerrlein-naturfoto.de\/wordpress\/wp-content\/uploads\/2024\/07\/SchwarzerApollo_240611_0243.jpg 1000w\" sizes=\"auto, (max-width: 600px) 100vw, 600px\" \/>Der <b>Schwarze Apollo<\/b> (<i>Parnassius mnemosyne<\/i>) ist ein Schmetterling (Tagfalter) aus der Familie der <a title=\"Ritterfalter\" href=\"https:\/\/de.wikipedia.org\/wiki\/Ritterfalter\" target=\"_blank\" rel=\"noopener\">Ritterfalter<\/a> (Papilionidae).<br \/>\nDie Falter erreichen eine Vorderfl\u00fcgelspannweite von 50 bis 62 Millimetern. Die Fl\u00fcgel sind wei\u00df mit schwarzen Adern und zwei schwarzen Flecken in der Zelle der Vorderfl\u00fcgel. An den Fl\u00fcgelspitzen sind die Fl\u00fcgel grau durchscheinend. Die Hinterfl\u00fcgel sind zum Innenrand dunkel. Das Weibchen hat gr\u00f6\u00dfere durchscheinende Zonen auf den Vorderfl\u00fcgeln und auch auf den Hinterfl\u00fcgeln grau durchscheinende Zonen am Apex. In den Alpen finden sich Falter, die in beiden Geschlechtern dunkel gef\u00e4rbt sind. Am Hinterleib haben die Weibchen gelbe Flecken und begattete Weibchen tragen am Hinterleib eine gro\u00dfe <a title=\"Sphragis (Biologie)\" href=\"https:\/\/de.wikipedia.org\/wiki\/Sphragis_(Biologie)\" target=\"_blank\" rel=\"noopener\">Sphragis<\/a> aus Chitin ab dem 3. Abdominalsegment bis zum K\u00f6rperende.<br \/>\nDen Schwarzen Apollo findet man von Meeresh\u00f6he bis zu einer H\u00f6he von \u00fcber 3000 Metern in Asien. In Europa kommt er meist zwischen 1000 \u2013 1700\u00a0m vor. Ideal geeignet als Biotop sind an Mischw\u00e4lder grenzende Wiesen und Gebirgsh\u00e4nge in Laubwaldzonen. Die Art ist in Mitteleuropa bis hin zum 65. Breitengrad verbreitet. Er fehlt nur in England, D\u00e4nemark und auf der Iberischen Halbinsel. Das Verbreitungsgebiet au\u00dferhalb Europas reicht vom Libanon im S\u00fcden \u00fcber die T\u00fcrkei und den Kaukasus bis nach Zentralasien.<br \/>\nDurch die hohen Anspr\u00fcche an das Biotop ist diese Art sehr selten und nur inselartig anzutreffen. Vorkommen gibt es in den Pyren\u00e4en, dem Massif Central, Norwegen, dem gesamten Alpenbogen, in einigen Mittelgebirgen wie z.\u00a0B. Rh\u00f6n, Schw\u00e4bische Alb, Vogelsberg und Harz, in den Karpaten und den Bergen des Balkans. Diese Pl\u00e4tze sind meistens streng gesch\u00fctzt.<br \/>\nDer Schwarze Apollo ern\u00e4hrt sich ausschlie\u00dflich von bestimmten Lerchenspornarten wie z.\u00a0B. vom Mittleren Lerchensporn (<i>Corydalis intermedia<\/i>), Hohlen Lerchensporn (<i>Corydalis cava<\/i>) und Gefingerten Lerchensporn (<i>Corydalis solida<\/i>).<\/p>\n<p><strong>Flugzeit:<\/strong> \u00a0\u00a0\u00a0 Mitte April bis August in einer Generation.<\/p>\n<p>Zur Galerie <a href=\"https:\/\/woerrlein-naturfoto.de\/wordpress\/hauptseite-insekten\/insekten\/schmetterlinge-2\/ritterfalter\/\">Ritterfalter<\/a><\/p>\n<p>&nbsp;<\/p>\n<p><em>Quelle des Textauszuges und weitere Infos bei <\/em><a href=\"https:\/\/de.wikipedia.org\/wiki\/Schwarzer_Apollo\" target=\"_blank\" rel=\"noopener noreferrer\">Wikipedia<\/a><em> (<\/em><a href=\"http:\/\/www.gnu.org\/licenses\/fdl-1.3.txt\" target=\"_blank\" rel=\"noopener noreferrer\">GNU-Lizenz<\/a><em>)\u2013 mein Dank gilt den <\/em><a href=\"https:\/\/de.wikipedia.org\/w\/index.php?title=Schwarzer_Apollo&amp;action=history\" target=\"_blank\" rel=\"noopener noreferrer\">Autoren<\/a><em>.<\/em><\/p>\n","protected":false},"excerpt":{"rendered":"<p>Insekten -&gt; Schmetterlinge-&gt;Ritterfalter Insekten von A-Z zur Galerie Ritterfalter Der Schwarze Apollo (Parnassius mnemosyne) ist ein Schmetterling (Tagfalter) aus der Familie der Ritterfalter (Papilionidae). Die Falter erreichen eine Vorderfl\u00fcgelspannweite von 50 bis 62 Millimetern. Die Fl\u00fcgel sind wei\u00df mit schwarzen Adern und zwei schwarzen Flecken in der Zelle der Vorderfl\u00fcgel. An den Fl\u00fcgelspitzen sind die &hellip; <a href=\"https:\/\/woerrlein-naturfoto.de\/wordpress\/ritterfalter-a-z\/schwarzer-apollo\/\" class=\"more-link\"><span class=\"screen-reader-text\">Schwarzer Apollo<\/span> weiterlesen <span class=\"meta-nav\">&rarr;<\/span><\/a><\/p>\n","protected":false},"author":1,"featured_media":0,"parent":15075,"menu_order":0,"comment_status":"closed","ping_status":"closed","template":"page-templates\/full-width.php","meta":{"footnotes":""},"class_list":["post-18552","page","type-page","status-publish","hentry"],"_links":{"self":[{"href":"https:\/\/woerrlein-naturfoto.de\/wordpress\/wp-json\/wp\/v2\/pages\/18552","targetHints":{"allow":["GET"]}}],"collection":[{"href":"https:\/\/woerrlein-naturfoto.de\/wordpress\/wp-json\/wp\/v2\/pages"}],"about":[{"href":"https:\/\/woerrlein-naturfoto.de\/wordpress\/wp-json\/wp\/v2\/types\/page"}],"author":[{"embeddable":true,"href":"https:\/\/woerrlein-naturfoto.de\/wordpress\/wp-json\/wp\/v2\/users\/1"}],"replies":[{"embeddable":true,"href":"https:\/\/woerrlein-naturfoto.de\/wordpress\/wp-json\/wp\/v2\/comments?post=18552"}],"version-history":[{"count":4,"href":"https:\/\/woerrlein-naturfoto.de\/wordpress\/wp-json\/wp\/v2\/pages\/18552\/revisions"}],"predecessor-version":[{"id":18556,"href":"https:\/\/woerrlein-naturfoto.de\/wordpress\/wp-json\/wp\/v2\/pages\/18552\/revisions\/18556"}],"up":[{"embeddable":true,"href":"https:\/\/woerrlein-naturfoto.de\/wordpress\/wp-json\/wp\/v2\/pages\/15075"}],"wp:attachment":[{"href":"https:\/\/woerrlein-naturfoto.de\/wordpress\/wp-json\/wp\/v2\/media?parent=18552"}],"curies":[{"name":"wp","href":"https:\/\/api.w.org\/{rel}","templated":true}]}}