{"id":18217,"date":"2024-03-29T11:40:06","date_gmt":"2024-03-29T10:40:06","guid":{"rendered":"https:\/\/woerrlein-naturfoto.de\/wordpress\/?page_id=18217"},"modified":"2024-03-29T11:45:15","modified_gmt":"2024-03-29T10:45:15","slug":"sperber","status":"publish","type":"page","link":"https:\/\/woerrlein-naturfoto.de\/wordpress\/greifvoegel-a-z\/sperber\/","title":{"rendered":"Sperber"},"content":{"rendered":"<p><a href=\"http:\/\/woerrlein-naturfoto.de\/wordpress\/voegel\/\"><span style=\"color: #ffff66;\">V\u00f6gel<\/span> <\/a>-&gt;<a href=\"http:\/\/woerrlein-naturfoto.de\/wordpress\/hauptseite-voegel\/voegel\/greifvoegel\/\"> <span style=\"color: #ffff66;\">Greifv\u00f6gel<\/span><\/a><br \/>\n<a href=\"http:\/\/woerrlein-naturfoto.de\/wordpress\/voegel_von_a-z\/\">V\u00f6gel von A-Z<\/a><br \/>\nzur Galerie <a title=\"Greifv\u00f6gel\" href=\"http:\/\/woerrlein-naturfoto.de\/wordpress\/hauptseite-voegel\/voegel\/greifvoegel\/\">Greifv\u00f6gel<\/a><\/p>\n<p><img loading=\"lazy\" decoding=\"async\" class=\"alignleft wp-image-18175\" src=\"https:\/\/woerrlein-naturfoto.de\/wordpress\/wp-content\/uploads\/2014\/12\/Sperber_230925_6929-600x400.jpg\" alt=\"\" width=\"600\" height=\"400\" srcset=\"https:\/\/woerrlein-naturfoto.de\/wordpress\/wp-content\/uploads\/2014\/12\/Sperber_230925_6929-600x400.jpg 600w, https:\/\/woerrlein-naturfoto.de\/wordpress\/wp-content\/uploads\/2014\/12\/Sperber_230925_6929-768x512.jpg 768w, https:\/\/woerrlein-naturfoto.de\/wordpress\/wp-content\/uploads\/2014\/12\/Sperber_230925_6929-120x80.jpg 120w, https:\/\/woerrlein-naturfoto.de\/wordpress\/wp-content\/uploads\/2014\/12\/Sperber_230925_6929.jpg 1000w\" sizes=\"auto, (max-width: 600px) 100vw, 600px\" \/><\/p>\n<p>Der <b>Sperber<\/b> (<i>Accipiter nisus<\/i>) ist ein Greifvogel und geh\u00f6rt zur Familie der Habichtartigen (Accipitridae). Die Weibchen sind fast doppelt so gro\u00df und schwer wie die M\u00e4nnchen.<br \/>\nSperber sind eng an den Wald gebunden, br\u00fcten heute in vielen Teilen Europas aber auch in st\u00e4dtischen Gr\u00fcnanlagen. Sie ern\u00e4hren sich \u00fcberwiegend von kleinen und mittelgro\u00dfen V\u00f6geln bis zur Gr\u00f6\u00dfe einer Taube. Nach einem starken, durch das Insektizid DDT verursachten R\u00fcckgang in Europa nach 1950 hat sich der Bestand ab etwa 1975 wieder erholt und nimmt vielerorts noch immer zu.<br \/>\nDie Verbreitung des Sperbers umfasst weite Teile der Pal\u00e4arktis von den Kanarischen Inseln und Irland nach Osten bis Kamtschatka und Japan. Er besiedelt hier \u00fcberwiegend die borealen und boreomontanen Nadelw\u00e4lder. Das Vorkommen der Art wird im gr\u00f6\u00dften Teil ihres Areals nach Norden wie nach S\u00fcden durch die Verbreitung dieser Nadelw\u00e4lder begrenzt. Nur in Mittel- und Westeuropa sowie im westlichen Mittelmeergebiet, wo andere, Laubw\u00e4lder bewohnende kleine Vertreter der Gattung <i>Accipiter<\/i> fehlen, besiedelt er auch Laubw\u00e4lder der gem\u00e4\u00dfigten Zone sowie die mediterranen Hartlaubw\u00e4lder. In den letzten Jahrzehnten zeigt auch diese Greifvogelart eine starke Tendenz zur Verst\u00e4dterung und bewohnt nun auch Parks, Friedh\u00f6fe und \u00e4hnliche Gr\u00fcnanlagen in vielen St\u00e4dten Europas.<\/p>\n<p>L\u00e4nge: 30-40 cm\u00a0\u00a0 Spannweite: 55-75 cm\u00a0\u00a0 Gewicht: 170-210 g\u00a0\u00a0 Gelege: 3-5 Eier<\/p>\n<p>zur Galerie <a title=\"Greifv\u00f6gel\" href=\"http:\/\/woerrlein-naturfoto.de\/wordpress\/hauptseite-voegel\/voegel\/greifvoegel\/\">Greifv\u00f6gel<\/a><code><br \/>\n<\/code><\/p>\n<p>&nbsp;<\/p>\n<p><em>Quelle des Textauszuges und weitere Infos bei <\/em><a href=\"https:\/\/de.wikipedia.org\/wiki\/Sperber_(Art)\" target=\"_blank\" rel=\"noopener noreferrer\">Wikipedia<\/a> <em>(<\/em><a href=\"http:\/\/www.gnu.org\/licenses\/fdl-1.3.txt\" target=\"_blank\" rel=\"noopener noreferrer\">GNU-Lizenz<\/a><em>)<\/em> \u2013 <em>mein Dank gilt den<\/em> <a href=\"https:\/\/de.wikipedia.org\/w\/index.php?title=Sperber_(Art)&amp;action=history\" target=\"_blank\" rel=\"noopener noreferrer\">Autoren<\/a>.<\/p>\n","protected":false},"excerpt":{"rendered":"<p>V\u00f6gel -&gt; Greifv\u00f6gel V\u00f6gel von A-Z zur Galerie Greifv\u00f6gel Der Sperber (Accipiter nisus) ist ein Greifvogel und geh\u00f6rt zur Familie der Habichtartigen (Accipitridae). Die Weibchen sind fast doppelt so gro\u00df und schwer wie die M\u00e4nnchen. Sperber sind eng an den Wald gebunden, br\u00fcten heute in vielen Teilen Europas aber auch in st\u00e4dtischen Gr\u00fcnanlagen. Sie ern\u00e4hren &hellip; <a href=\"https:\/\/woerrlein-naturfoto.de\/wordpress\/greifvoegel-a-z\/sperber\/\" class=\"more-link\"><span class=\"screen-reader-text\">Sperber<\/span> weiterlesen <span class=\"meta-nav\">&rarr;<\/span><\/a><\/p>\n","protected":false},"author":1,"featured_media":0,"parent":2362,"menu_order":0,"comment_status":"closed","ping_status":"closed","template":"page-templates\/full-width.php","meta":{"footnotes":""},"class_list":["post-18217","page","type-page","status-publish","hentry"],"_links":{"self":[{"href":"https:\/\/woerrlein-naturfoto.de\/wordpress\/wp-json\/wp\/v2\/pages\/18217","targetHints":{"allow":["GET"]}}],"collection":[{"href":"https:\/\/woerrlein-naturfoto.de\/wordpress\/wp-json\/wp\/v2\/pages"}],"about":[{"href":"https:\/\/woerrlein-naturfoto.de\/wordpress\/wp-json\/wp\/v2\/types\/page"}],"author":[{"embeddable":true,"href":"https:\/\/woerrlein-naturfoto.de\/wordpress\/wp-json\/wp\/v2\/users\/1"}],"replies":[{"embeddable":true,"href":"https:\/\/woerrlein-naturfoto.de\/wordpress\/wp-json\/wp\/v2\/comments?post=18217"}],"version-history":[{"count":4,"href":"https:\/\/woerrlein-naturfoto.de\/wordpress\/wp-json\/wp\/v2\/pages\/18217\/revisions"}],"predecessor-version":[{"id":18221,"href":"https:\/\/woerrlein-naturfoto.de\/wordpress\/wp-json\/wp\/v2\/pages\/18217\/revisions\/18221"}],"up":[{"embeddable":true,"href":"https:\/\/woerrlein-naturfoto.de\/wordpress\/wp-json\/wp\/v2\/pages\/2362"}],"wp:attachment":[{"href":"https:\/\/woerrlein-naturfoto.de\/wordpress\/wp-json\/wp\/v2\/media?parent=18217"}],"curies":[{"name":"wp","href":"https:\/\/api.w.org\/{rel}","templated":true}]}}

<p><a href="http://woerrlein-naturfoto.de/wordpress/voegel/"><span style="color: #ffff66;">Vögel</span> </a>-&gt;<a href="http://woerrlein-naturfoto.de/wordpress/hauptseite-voegel/voegel/greifvoegel/"> <span style="color: #ffff66;">Greifvögel</span></a><br />
<a href="http://woerrlein-naturfoto.de/wordpress/voegel_von_a-z/">Vögel von A-Z</a><br />
zur Galerie <a title="Greifvögel" href="http://woerrlein-naturfoto.de/wordpress/hauptseite-voegel/voegel/greifvoegel/">Greifvögel</a></p>
<p><img loading="lazy" decoding="async" class="alignleft wp-image-18175" src="https://woerrlein-naturfoto.de/wordpress/wp-content/uploads/2014/12/Sperber_230925_6929-600x400.jpg" alt="" width="600" height="400" srcset="https://woerrlein-naturfoto.de/wordpress/wp-content/uploads/2014/12/Sperber_230925_6929-600x400.jpg 600w, https://woerrlein-naturfoto.de/wordpress/wp-content/uploads/2014/12/Sperber_230925_6929-768x512.jpg 768w, https://woerrlein-naturfoto.de/wordpress/wp-content/uploads/2014/12/Sperber_230925_6929-120x80.jpg 120w, https://woerrlein-naturfoto.de/wordpress/wp-content/uploads/2014/12/Sperber_230925_6929.jpg 1000w" sizes="auto, (max-width: 600px) 100vw, 600px" /></p>
<p>Der <b>Sperber</b> (<i>Accipiter nisus</i>) ist ein Greifvogel und gehört zur Familie der Habichtartigen (Accipitridae). Die Weibchen sind fast doppelt so groß und schwer wie die Männchen.<br />
Sperber sind eng an den Wald gebunden, brüten heute in vielen Teilen Europas aber auch in städtischen Grünanlagen. Sie ernähren sich überwiegend von kleinen und mittelgroßen Vögeln bis zur Größe einer Taube. Nach einem starken, durch das Insektizid DDT verursachten Rückgang in Europa nach 1950 hat sich der Bestand ab etwa 1975 wieder erholt und nimmt vielerorts noch immer zu.<br />
Die Verbreitung des Sperbers umfasst weite Teile der Paläarktis von den Kanarischen Inseln und Irland nach Osten bis Kamtschatka und Japan. Er besiedelt hier überwiegend die borealen und boreomontanen Nadelwälder. Das Vorkommen der Art wird im größten Teil ihres Areals nach Norden wie nach Süden durch die Verbreitung dieser Nadelwälder begrenzt. Nur in Mittel- und Westeuropa sowie im westlichen Mittelmeergebiet, wo andere, Laubwälder bewohnende kleine Vertreter der Gattung <i>Accipiter</i> fehlen, besiedelt er auch Laubwälder der gemäßigten Zone sowie die mediterranen Hartlaubwälder. In den letzten Jahrzehnten zeigt auch diese Greifvogelart eine starke Tendenz zur Verstädterung und bewohnt nun auch Parks, Friedhöfe und ähnliche Grünanlagen in vielen Städten Europas.</p>
<p>Länge: 30-40 cm   Spannweite: 55-75 cm   Gewicht: 170-210 g   Gelege: 3-5 Eier</p>
<p>zur Galerie <a title="Greifvögel" href="http://woerrlein-naturfoto.de/wordpress/hauptseite-voegel/voegel/greifvoegel/">Greifvögel</a><code><br />
</code></p>
<p>&nbsp;</p>
<p><em>Quelle des Textauszuges und weitere Infos bei </em><a href="https://de.wikipedia.org/wiki/Sperber_(Art)" target="_blank" rel="noopener noreferrer">Wikipedia</a> <em>(</em><a href="http://www.gnu.org/licenses/fdl-1.3.txt" target="_blank" rel="noopener noreferrer">GNU-Lizenz</a><em>)</em> – <em>mein Dank gilt den</em> <a href="https://de.wikipedia.org/w/index.php?title=Sperber_(Art)&amp;action=history" target="_blank" rel="noopener noreferrer">Autoren</a>.</p>

<p>Vögel -&gt; Greifvögel Vögel von A-Z zur Galerie Greifvögel Der Sperber (Accipiter nisus) ist ein Greifvogel und gehört zur Familie der Habichtartigen (Accipitridae). Die Weibchen sind fast doppelt so groß und schwer wie die Männchen. Sperber sind eng an den Wald gebunden, brüten heute in vielen Teilen Europas aber auch in städtischen Grünanlagen. Sie ernähren &hellip; <a href="https://woerrlein-naturfoto.de/wordpress/greifvoegel-a-z/sperber/" class="more-link"><span class="screen-reader-text">Sperber</span> weiterlesen <span class="meta-nav">&rarr;</span></a></p>
