{"id":176,"date":"2014-03-30T14:14:33","date_gmt":"2014-03-30T12:14:33","guid":{"rendered":"http:\/\/woerrlein-naturfoto.de\/wordpress\/?page_id=176"},"modified":"2015-02-18T12:45:43","modified_gmt":"2015-02-18T11:45:43","slug":"amseln","status":"publish","type":"page","link":"https:\/\/woerrlein-naturfoto.de\/wordpress\/drosseln_a-z\/amseln\/","title":{"rendered":"Amsel"},"content":{"rendered":"<p><a href=\"http:\/\/woerrlein-naturfoto.de\/wordpress\/voegel\/\"><span style=\"color: #ffff66;\">V\u00f6gel<\/span> <\/a>-&gt;<a href=\"http:\/\/woerrlein-naturfoto.de\/wordpress\/voegel\/sperlingsvoegel\/\"> <span style=\"color: #ffff66;\">Sperlingsv\u00f6gel<\/span><\/a> -&gt;<a href=\"http:\/\/woerrlein-naturfoto.de\/wordpress\/hauptseite-voegel\/voegel\/sperlingsvoegel\/drosseln\"> <span style=\"color: #ffff66;\">Drosseln<\/span><\/a><br \/>\n<a title=\"V\u00f6gel von A-Z\" href=\"http:\/\/woerrlein-naturfoto.de\/wordpress\/voegel\/voegel_von_a-z\/\">V\u00f6gel von A-Z<\/a><br \/>\nZur Galerie <a href=\"http:\/\/woerrlein-naturfoto.de\/wordpress\/hauptseite-voegel\/voegel\/sperlingsvoegel\/drosseln\">Drosseln<\/a><\/p>\n<p><img loading=\"lazy\" decoding=\"async\" class=\" wp-image-150 alignleft\" src=\"http:\/\/woerrlein-naturfoto.de\/wordpress\/wp-content\/uploads\/Amsel_70065_v1-600x400.jpg\" alt=\"Amsel_70065_v\" width=\"600\" height=\"400\" \/><\/p>\n<p>Die <strong>Amsel<\/strong> <em>(<\/em><i>Turdus merula<\/i>) geh\u00f6rt zur Familie der Drosseln. Urspr\u00fcnglich ein scheuer Waldvogel, z\u00e4hlt die Amsel heutzutage zu unseren h\u00e4ufigsten Singv\u00f6geln. Ihre Nahrung sind Insekten und Regenw\u00fcrmer im Fr\u00fchling und Sommer sowie Fr\u00fcchte im Herbst und Winter, oft durchw\u00fchlt sie auch herabgefallenes Laub. Das M\u00e4nnchen singt meist von einer exponierten Warte aus. Bei der Wahl ihres Nistplatzes sind Amseln nicht w\u00e4hlerisch, sie bauen ihr Nest in B\u00e4ume oder B\u00fcsche, aber auch in Kletterpflanzen an Geb\u00e4uden oder sogar in Blumenk\u00e4sten.<\/p>\n<p>L\u00e4nge: 24-35 cm\u00a0\u00a0 Spannweite: 34-39 cm\u00a0\u00a0 Gewicht: 95-110 g\u00a0\u00a0 Gelege: 4-5 Eier<\/p>\n<p>Zur Galerie <a href=\"http:\/\/woerrlein-naturfoto.de\/wordpress\/hauptseite-voegel\/voegel\/sperlingsvoegel\/drosseln\">Drosseln<\/a><\/p>\n<p>&nbsp;<\/p>\n<p><em>Quelle des Textauszuges und weitere Infos bei <\/em><a href=\"http:\/\/de.wikipedia.org\/wiki\/Amsel\" target=\"_blank\">Wikipedia<\/a> <em>(<\/em><a href=\"http:\/\/www.gnu.org\/licenses\/fdl-1.3.txt\" target=\"_blank\">GNU-Lizenz<\/a><em>)<\/em> \u2013 <em>mein Dank gilt den<\/em> <a href=\"http:\/\/de.wikipedia.org\/w\/index.php?title=Blaukehlchen&amp;action=history\" target=\"_blank\">Autoren<\/a>.<\/p>\n","protected":false},"excerpt":{"rendered":"<p>V\u00f6gel -&gt; Sperlingsv\u00f6gel -&gt; Drosseln V\u00f6gel von A-Z Zur Galerie Drosseln Die Amsel (Turdus merula) geh\u00f6rt zur Familie der Drosseln. Urspr\u00fcnglich ein scheuer Waldvogel, z\u00e4hlt die Amsel heutzutage zu unseren h\u00e4ufigsten Singv\u00f6geln. Ihre Nahrung sind Insekten und Regenw\u00fcrmer im Fr\u00fchling und Sommer sowie Fr\u00fcchte im Herbst und Winter, oft durchw\u00fchlt sie auch herabgefallenes Laub. Das &hellip; <a href=\"https:\/\/woerrlein-naturfoto.de\/wordpress\/drosseln_a-z\/amseln\/\" class=\"more-link\"><span class=\"screen-reader-text\">Amsel<\/span> weiterlesen <span class=\"meta-nav\">&rarr;<\/span><\/a><\/p>\n","protected":false},"author":1,"featured_media":0,"parent":211,"menu_order":0,"comment_status":"closed","ping_status":"closed","template":"page-templates\/full-width.php","meta":{"footnotes":""},"class_list":["post-176","page","type-page","status-publish","hentry"],"_links":{"self":[{"href":"https:\/\/woerrlein-naturfoto.de\/wordpress\/wp-json\/wp\/v2\/pages\/176","targetHints":{"allow":["GET"]}}],"collection":[{"href":"https:\/\/woerrlein-naturfoto.de\/wordpress\/wp-json\/wp\/v2\/pages"}],"about":[{"href":"https:\/\/woerrlein-naturfoto.de\/wordpress\/wp-json\/wp\/v2\/types\/page"}],"author":[{"embeddable":true,"href":"https:\/\/woerrlein-naturfoto.de\/wordpress\/wp-json\/wp\/v2\/users\/1"}],"replies":[{"embeddable":true,"href":"https:\/\/woerrlein-naturfoto.de\/wordpress\/wp-json\/wp\/v2\/comments?post=176"}],"version-history":[{"count":35,"href":"https:\/\/woerrlein-naturfoto.de\/wordpress\/wp-json\/wp\/v2\/pages\/176\/revisions"}],"predecessor-version":[{"id":6318,"href":"https:\/\/woerrlein-naturfoto.de\/wordpress\/wp-json\/wp\/v2\/pages\/176\/revisions\/6318"}],"up":[{"embeddable":true,"href":"https:\/\/woerrlein-naturfoto.de\/wordpress\/wp-json\/wp\/v2\/pages\/211"}],"wp:attachment":[{"href":"https:\/\/woerrlein-naturfoto.de\/wordpress\/wp-json\/wp\/v2\/media?parent=176"}],"curies":[{"name":"wp","href":"https:\/\/api.w.org\/{rel}","templated":true}]}}