{"id":16874,"date":"2023-01-25T18:49:40","date_gmt":"2023-01-25T17:49:40","guid":{"rendered":"https:\/\/woerrlein-naturfoto.de\/wordpress\/?page_id=16874"},"modified":"2023-01-25T19:03:19","modified_gmt":"2023-01-25T18:03:19","slug":"rosenschnabelente","status":"publish","type":"page","link":"https:\/\/woerrlein-naturfoto.de\/wordpress\/tauchenten-a-z\/rosenschnabelente\/","title":{"rendered":"Rosenschnabelente"},"content":{"rendered":"<p><span style=\"color: #ffff00;\"><a style=\"color: #ffff00;\" href=\"http:\/\/woerrlein-naturfoto.de\/wordpress\/voegel\/\">V\u00f6gel <\/a><\/span>-&gt;<span style=\"color: #ffff00;\"><a style=\"color: #ffff00;\" href=\"http:\/\/woerrlein-naturfoto.de\/wordpress\/hauptseite-voegel\/voegel\/gaensevoegel-2\/\"> G\u00e4nsev\u00f6gel <\/a><\/span>-&gt;<a href=\"http:\/\/woerrlein-naturfoto.de\/wordpress\/hauptseite-voegel\/voegel\/gaensevoegel-2\/tauchenten\/\"><span style=\"color: #ffff00;\"> Tauchenten<\/span><\/a><a title=\"G\u00e4nsev\u00f6gel\" href=\"http:\/\/woerrlein-naturfoto.de\/wordpress\/voegel\/gaensevoegel\/\"><br \/>\n<\/a><a href=\"http:\/\/woerrlein-naturfoto.de\/wordpress\/voegel_von_a-z\/\">V\u00f6gel von A-Z<\/a><br \/>\nzur Galerie <a title=\"Tauchenten\" href=\"http:\/\/woerrlein-naturfoto.de\/wordpress\/hauptseite-voegel\/voegel\/gaensevoegel-2\/tauchenten\/\">Tauchenten<\/a><\/p>\n<p><img loading=\"lazy\" decoding=\"async\" class=\"alignleft wp-image-16829\" src=\"https:\/\/woerrlein-naturfoto.de\/wordpress\/wp-content\/uploads\/2014\/12\/Rosenschnabelenten_230123_4219-600x400.jpg\" alt=\"\" width=\"600\" height=\"400\" srcset=\"https:\/\/woerrlein-naturfoto.de\/wordpress\/wp-content\/uploads\/2014\/12\/Rosenschnabelenten_230123_4219-600x400.jpg 600w, https:\/\/woerrlein-naturfoto.de\/wordpress\/wp-content\/uploads\/2014\/12\/Rosenschnabelenten_230123_4219-768x512.jpg 768w, https:\/\/woerrlein-naturfoto.de\/wordpress\/wp-content\/uploads\/2014\/12\/Rosenschnabelenten_230123_4219-120x80.jpg 120w, https:\/\/woerrlein-naturfoto.de\/wordpress\/wp-content\/uploads\/2014\/12\/Rosenschnabelenten_230123_4219.jpg 1000w\" sizes=\"auto, (max-width: 600px) 100vw, 600px\" \/>Die <b>Peposakaente<\/b> (<i>Netta peposaca<\/i>),l auch <b>Rosenschnabelente<\/b> oder <b>Blutschnabelente<\/b> genannt, ist ein zu den Tauchenten z\u00e4hlender monotypischer Entenvogel. Ihr Verbreitungsgebiet ist S\u00fcdamerika. Dort z\u00e4hlt sie zu den h\u00e4ufigsten Entenarten. Besonders zahlreich ist sie in den Ebenen der Pampas- und Agrarzonen Argentiniens anzutreffen. Bei den in Deutschland lebenden Individuen handelt es sich um Gefangenschaftsfl\u00fcchtlinge.<br \/>\nDie M\u00e4nnchen dieser sich \u00fcberwiegend pflanzlich ern\u00e4hrenden Entenart haben einen auffallend karminroten Schnabelh\u00f6cker, tragen ein Ganzjahreskleid und sind am Kopf, Hals und Brust schwarz gefiedert. Dieses Gefieder hat h\u00e4ufig einen violetten Schimmer. Der R\u00fccken ist gleichfalls schwarz, jedoch mit einer feinen wei\u00dfen oder grauen Sprenkelung, so dass er heller als das Kopf- und Halsgefieder wirkt. Flanken und Bauch haben ein feines schwarz-wei\u00dfes Gefieder, so dass sie aus der Entfernung hellgrau wirken. Die Unterschwanzdecke ist wei\u00df und die Fl\u00fcgeldecken sind ru\u00dfbraun, wobei die dunklen Federspitzen gr\u00fcnlich \u00fcberhaucht sind. Die Unterfl\u00fcgel sind wei\u00df. Der Schnabel ist kr\u00e4ftig pink bis karminrot. Der Nagel ist schwarz. Die Beine und F\u00fc\u00dfe sind gelb. Die Iris ist rot bis gelb-orange. Eine Farbvariabilit\u00e4t ist f\u00fcr die M\u00e4nnchen der Peposakaente nicht beschrieben.<br \/>\nDie Weibchen sind rotbraun gefiedert. Dabei sind der Scheitel und das R\u00fcckengefieder etwas dunkler. Kinn und Kehle sind fast wei\u00dflich aufgehellt. Die Brust ist von einem dunkleren Braun. Der Bauch dagegen ist hellbraun. Wie beim M\u00e4nnchen ist die Unterschwanzdecke wei\u00df. Der Schnabel ist ein dunkles Blaugrau mit einem schwarzen Nagel. Die Unterfl\u00fcgel sind sandbraun. Die Iris ist olivbraun. Die F\u00fc\u00dfe und Beine dunkelgrau. Weibchen haben keinen so auff\u00e4lligen Schnabelh\u00f6cker, allerdings ist auch bei ihnen die obere Schnabelbasis leicht angeschwollen. Anders als bei den M\u00e4nnchen der Peposakaente kommen bei den Weibchen Farbvariabilit\u00e4ten vor, da einzelne Weibchen im Gesicht wei\u00dffleckig sind.<br \/>\n\u00dcber die Mauser wildlebender Peposakaenten liegen keine ausreichenden Daten vor. Bei in menschlicher Obhut gehaltenen Peposakaenten erfolgt die Vollmauser inklusive des Abwurfs der Schwingenfedern und der Wechsel der Steuerfedern nach beendeter Brutzeit. Nach bisherigen Erkenntnissen mausern Peposakaenten nur einmal im Jahr. Eine Wintermauser ist bislang nicht belegt.<br \/>\nPeposakaenten werden seit Ende des 19. Jahrhunderts in Europa als Ziergefl\u00fcgel gehalten. So zeigte der Zoo in London Peposakaenten nachweislich im Jahre 1873 und der Zoo in Berlin erstmals ab 1882. Sie sind winterhart und gelten als anspruchslos in der Haltung. Die Erpel zeigen au\u00dferdem ganzj\u00e4hrig ein ansprechendes Prachtkleid. Nach dem auf Enten spezialisierten Ornithologen Hartmut Kolbe werden Peposakaenten aus diesem Grunde ebenso h\u00e4ufig wie die mit ihnen verwandten Kolbenenten gehalten.<\/p>\n<p>L\u00e4nge: ca. 55 cm\u00a0\u00a0 Gewicht: bis 1100 g\u00a0\u00a0 Gelege: bis 12 Eier<\/p>\n<p>zur Galerie <a title=\"Gr\u00fcndelenten\" href=\"http:\/\/woerrlein-naturfoto.de\/wordpress\/hauptseite-voegel\/voegel\/gaensevoegel-2\/gruendelenten\/\">Gr\u00fcndelenten<\/a><\/p>\n<p>&nbsp;<\/p>\n<p><em>Quelle des Textauszuges und weitere Infos bei <\/em><a href=\"https:\/\/de.wikipedia.org\/wiki\/Peposakaente\" target=\"_blank\" rel=\"noopener\">Wikipedia<\/a> <em>(<\/em><a href=\"http:\/\/www.gnu.org\/licenses\/fdl-1.3.txt\" target=\"_blank\" rel=\"noopener\">GNU-Lizenz<\/a><em>)<\/em> \u2013 <em>mein Dank gilt den<\/em> <a href=\"https:\/\/de.wikipedia.org\/w\/index.php?title=Peposakaente&amp;action=history\" target=\"_blank\" rel=\"noopener\">Autoren<\/a>.<\/p>\n","protected":false},"excerpt":{"rendered":"<p>V\u00f6gel -&gt; G\u00e4nsev\u00f6gel -&gt; Tauchenten V\u00f6gel von A-Z zur Galerie Tauchenten Die Peposakaente (Netta peposaca),l auch Rosenschnabelente oder Blutschnabelente genannt, ist ein zu den Tauchenten z\u00e4hlender monotypischer Entenvogel. Ihr Verbreitungsgebiet ist S\u00fcdamerika. Dort z\u00e4hlt sie zu den h\u00e4ufigsten Entenarten. Besonders zahlreich ist sie in den Ebenen der Pampas- und Agrarzonen Argentiniens anzutreffen. Bei den in &hellip; <a href=\"https:\/\/woerrlein-naturfoto.de\/wordpress\/tauchenten-a-z\/rosenschnabelente\/\" class=\"more-link\"><span class=\"screen-reader-text\">Rosenschnabelente<\/span> weiterlesen <span class=\"meta-nav\">&rarr;<\/span><\/a><\/p>\n","protected":false},"author":1,"featured_media":0,"parent":2339,"menu_order":0,"comment_status":"closed","ping_status":"closed","template":"page-templates\/full-width.php","meta":{"footnotes":""},"class_list":["post-16874","page","type-page","status-publish","hentry"],"_links":{"self":[{"href":"https:\/\/woerrlein-naturfoto.de\/wordpress\/wp-json\/wp\/v2\/pages\/16874","targetHints":{"allow":["GET"]}}],"collection":[{"href":"https:\/\/woerrlein-naturfoto.de\/wordpress\/wp-json\/wp\/v2\/pages"}],"about":[{"href":"https:\/\/woerrlein-naturfoto.de\/wordpress\/wp-json\/wp\/v2\/types\/page"}],"author":[{"embeddable":true,"href":"https:\/\/woerrlein-naturfoto.de\/wordpress\/wp-json\/wp\/v2\/users\/1"}],"replies":[{"embeddable":true,"href":"https:\/\/woerrlein-naturfoto.de\/wordpress\/wp-json\/wp\/v2\/comments?post=16874"}],"version-history":[{"count":8,"href":"https:\/\/woerrlein-naturfoto.de\/wordpress\/wp-json\/wp\/v2\/pages\/16874\/revisions"}],"predecessor-version":[{"id":16882,"href":"https:\/\/woerrlein-naturfoto.de\/wordpress\/wp-json\/wp\/v2\/pages\/16874\/revisions\/16882"}],"up":[{"embeddable":true,"href":"https:\/\/woerrlein-naturfoto.de\/wordpress\/wp-json\/wp\/v2\/pages\/2339"}],"wp:attachment":[{"href":"https:\/\/woerrlein-naturfoto.de\/wordpress\/wp-json\/wp\/v2\/media?parent=16874"}],"curies":[{"name":"wp","href":"https:\/\/api.w.org\/{rel}","templated":true}]}}