{"id":15684,"date":"2022-11-18T15:54:03","date_gmt":"2022-11-18T14:54:03","guid":{"rendered":"https:\/\/woerrlein-naturfoto.de\/wordpress\/?page_id=15684"},"modified":"2022-11-18T15:58:49","modified_gmt":"2022-11-18T14:58:49","slug":"prachttaucher","status":"publish","type":"page","link":"https:\/\/woerrlein-naturfoto.de\/wordpress\/seetaucher-a-z\/prachttaucher\/","title":{"rendered":"Prachttaucher"},"content":{"rendered":"<p><a href=\"http:\/\/woerrlein-naturfoto.de\/wordpress\/voegel\/\"><span style=\"color: #ffff66;\">V\u00f6gel<\/span> <\/a>-&gt;<a href=\"http:\/\/woerrlein-naturfoto.de\/wordpress\/hauptseite-voegel\/voegel\/seetaucher-2\/\"> <span style=\"color: #ffff66;\">Seetaucher<\/span><\/a><a href=\"http:\/\/woerrlein-naturfoto.de\/wordpress\/voegel\/sperlingsvoegel\/drosseln\"><br \/>\n<\/a><a title=\"V\u00f6gel von A-Z\" href=\"http:\/\/woerrlein-naturfoto.de\/wordpress\/voegel\/voegel_von_a-z\/\">V\u00f6gel von A-Z<\/a><br \/>\nZur Galerie <a title=\"Eulen\" href=\"http:\/\/woerrlein-naturfoto.de\/wordpress\/hauptseite-voegel\/voegel\/seetaucher-2\/\">Seetaucher<\/a><\/p>\n<p><img loading=\"lazy\" decoding=\"async\" class=\"alignleft wp-image-15660\" src=\"https:\/\/woerrlein-naturfoto.de\/wordpress\/wp-content\/uploads\/2022\/11\/Prachttaucher_221115_3799-600x400.jpg\" alt=\"\" width=\"600\" height=\"400\" srcset=\"https:\/\/woerrlein-naturfoto.de\/wordpress\/wp-content\/uploads\/2022\/11\/Prachttaucher_221115_3799-600x400.jpg 600w, https:\/\/woerrlein-naturfoto.de\/wordpress\/wp-content\/uploads\/2022\/11\/Prachttaucher_221115_3799-768x512.jpg 768w, https:\/\/woerrlein-naturfoto.de\/wordpress\/wp-content\/uploads\/2022\/11\/Prachttaucher_221115_3799-120x80.jpg 120w, https:\/\/woerrlein-naturfoto.de\/wordpress\/wp-content\/uploads\/2022\/11\/Prachttaucher_221115_3799.jpg 1000w\" sizes=\"auto, (max-width: 600px) 100vw, 600px\" \/><\/p>\n<p>Der <b>Prachttaucher<\/b> (<i>Gavia arctica<\/i>), hier im Jugendkleid, ist eine Vogelart aus der Gattung der Seetaucher. Die Art br\u00fctet in der n\u00f6rdlichsten gem\u00e4\u00dfigten Zone, der Tundra und der Taiga Eurasiens sowie dem \u00e4u\u00dfersten Westen Alaskas und kann auf dem Zug vor allem im Herbst sowie im Winter auch in Mitteleuropa regelm\u00e4\u00dfig beobachtet werden. Wie andere Seetaucher wirkt er aus der Entfernung betrachtet zweifarbig. Die K\u00f6rperoberseite ist insgesamt dunkel, die K\u00f6rperunterseite dagegen wei\u00df.<br \/>\nDie Art bildet mit dem <a title=\"Pazifiktaucher\" href=\"https:\/\/de.wikipedia.org\/wiki\/Pazifiktaucher\" target=\"_blank\" rel=\"noopener\">Pazifiktaucher<\/a> eine Superspezies. Im Nordosten Sibiriens und Westen Alaskas gibt es lokal sympatrische Brutvorkommen dieser beiden Arten. In diesen Gebieten kommt es gelegentlich zu Hybriden.<br \/>\nGesicherte Angaben zu Bestandstrends des Prachttauchers gibt es nicht. Der Weltbestand wurde von der IUCN im Jahr 2002 sehr grob auf 130.000 bis 2,0 Millionen Individuen gesch\u00e4tzt. Insgesamt gilt die Art als ungef\u00e4hrdet.<br \/>\nIm Prachtkleid ist die Art nur mit dem sehr \u00e4hnlichen und eng verwandten <a title=\"Pazifiktaucher\" href=\"https:\/\/de.wikipedia.org\/wiki\/Pazifiktaucher\" target=\"_blank\" rel=\"noopener\">Pazifiktaucher<\/a> verwechselbar, dessen Verbreitung jedoch auf Nordamerika beschr\u00e4nkt ist. Der R\u00fccken und die Oberfl\u00fcgeldecken sind schwarzgrau, der obere R\u00fccken zeigt auf diesem Grund dichte Reihen gro\u00dfer wei\u00dfer Vierecke. Der Kopf und der Hinterhals sind grau; die Halsseiten und die Seiten der vorderen Brust sind fein schwarz-wei\u00df gestreift. Kinn, Kehle und der Vorderhals sind scharf abgesetzt schwarz, an der Kehle befindet sich eine schmale Linie aus wei\u00dfen Punkten. Brust, Bauch, die hinteren Flanken und die Unterfl\u00fcgeldecken sind rein wei\u00df. Der Schnabel ist schwarzgrau, die Beine sind auf der Au\u00dfenseite schwarz und auf der Innenseite grau, die Schwimmh\u00e4ute sind grau oder fleischfarben. Die Iris ist rot.<br \/>\nIm Schlichtkleid ist die gesamte Oberseite einfarbig schwarzgrau. Oberkopf, Hinterhals und Halsseiten sind grau; die unteren Kopfseiten, Kinn, Kehle und Vorderhals sind scharf abgesetzt wei\u00df. Die grauen Halsseiten sind nach vorn oft dunkel begrenzt. Der Schnabel ist blassgrau, der Schnabelfirst ist dunkelgrau.<br \/>\nDas Jugendkleid \u00e4hnelt sehr dem Schlichtkleid, die Deckfedern der Oberseite sind jedoch mehr graubraun und fein hell ges\u00e4umt, so dass die Oberseite insgesamt deutlich gewellt erscheint. Die Iris ist braun. Das erste Dunenkleid ist dunkelbraun, die K\u00f6rperunterseite der K\u00fcken ist etwas heller. Der Bauch ist grau und um das Auge verl\u00e4uft ein undeutlich wei\u00dflicher Ring. Das zweite Dunenkleid ist \u00e4hnlich, jedoch insgesamt etwas heller. Der Bauch ist wei\u00dflich.<br \/>\nIm Schlicht- und im Jugendkleid sind Prachttaucher leicht mit anderen Seetauchern, vor allem aber mit dem nur wenig kleineren <a title=\"Sterntaucher\" href=\"https:\/\/woerrlein-naturfoto.de\/wordpress\/seetaucher-a-z\/sterntaucher\/\" target=\"_blank\" rel=\"noopener\">Sterntaucher<\/a> zu verwechseln. Eindeutige Bestimmungsmerkmale des Prachttauchers im Vergleich zum Sterntaucher sind der etwas kr\u00e4ftigere und gerade Schnabel, der meist gerade gehaltene Kopf, die im Schlichtkleid nur etwa zur H\u00e4lfte wei\u00dfen Halsseiten, der fehlende wei\u00dfe Bereich vor dem Auge sowie der wei\u00dfe Flankenfleck. Insgesamt ist die F\u00e4rbung der K\u00f6rperoberseite im Winterkleid eint\u00f6niger als beim Sterntaucher.<\/p>\n<p>L\u00e4nge: 58-73 cm\u00a0\u00a0 Spannweite: ca. 120 cm\u00a0\u00a0 Gewicht: 2 &#8211; 3 kg\u00a0\u00a0 Gelege: 2-3 Eier<\/p>\n<p>Zur Galerie <a title=\"Eulen\" href=\"http:\/\/woerrlein-naturfoto.de\/wordpress\/hauptseite-voegel\/voegel\/seetaucher-2\/\">Seetaucher<\/a><\/p>\n<p><em>Quelle des Textauszuges und weitere Infos bei <\/em><a href=\"https:\/\/de.wikipedia.org\/wiki\/Prachttaucher\" target=\"_blank\" rel=\"noopener\">Wikipedia<\/a><em> (<\/em><a href=\"http:\/\/www.gnu.org\/licenses\/fdl-1.3.txt\" target=\"_blank\" rel=\"noopener\">GNU-Lizenz<\/a><em>)\u2013 mein Dank gilt den <\/em><a href=\"https:\/\/de.wikipedia.org\/w\/index.php?title=Prachttaucher&amp;action=history\" target=\"_blank\" rel=\"noopener\">Autoren<\/a><em>.<\/em><\/p>\n","protected":false},"excerpt":{"rendered":"<p>V\u00f6gel -&gt; Seetaucher V\u00f6gel von A-Z Zur Galerie Seetaucher Der Prachttaucher (Gavia arctica), hier im Jugendkleid, ist eine Vogelart aus der Gattung der Seetaucher. Die Art br\u00fctet in der n\u00f6rdlichsten gem\u00e4\u00dfigten Zone, der Tundra und der Taiga Eurasiens sowie dem \u00e4u\u00dfersten Westen Alaskas und kann auf dem Zug vor allem im Herbst sowie im Winter &hellip; <a href=\"https:\/\/woerrlein-naturfoto.de\/wordpress\/seetaucher-a-z\/prachttaucher\/\" class=\"more-link\"><span class=\"screen-reader-text\">Prachttaucher<\/span> weiterlesen <span class=\"meta-nav\">&rarr;<\/span><\/a><\/p>\n","protected":false},"author":1,"featured_media":0,"parent":8878,"menu_order":0,"comment_status":"closed","ping_status":"closed","template":"page-templates\/full-width.php","meta":{"footnotes":""},"class_list":["post-15684","page","type-page","status-publish","hentry"],"_links":{"self":[{"href":"https:\/\/woerrlein-naturfoto.de\/wordpress\/wp-json\/wp\/v2\/pages\/15684","targetHints":{"allow":["GET"]}}],"collection":[{"href":"https:\/\/woerrlein-naturfoto.de\/wordpress\/wp-json\/wp\/v2\/pages"}],"about":[{"href":"https:\/\/woerrlein-naturfoto.de\/wordpress\/wp-json\/wp\/v2\/types\/page"}],"author":[{"embeddable":true,"href":"https:\/\/woerrlein-naturfoto.de\/wordpress\/wp-json\/wp\/v2\/users\/1"}],"replies":[{"embeddable":true,"href":"https:\/\/woerrlein-naturfoto.de\/wordpress\/wp-json\/wp\/v2\/comments?post=15684"}],"version-history":[{"count":3,"href":"https:\/\/woerrlein-naturfoto.de\/wordpress\/wp-json\/wp\/v2\/pages\/15684\/revisions"}],"predecessor-version":[{"id":15687,"href":"https:\/\/woerrlein-naturfoto.de\/wordpress\/wp-json\/wp\/v2\/pages\/15684\/revisions\/15687"}],"up":[{"embeddable":true,"href":"https:\/\/woerrlein-naturfoto.de\/wordpress\/wp-json\/wp\/v2\/pages\/8878"}],"wp:attachment":[{"href":"https:\/\/woerrlein-naturfoto.de\/wordpress\/wp-json\/wp\/v2\/media?parent=15684"}],"curies":[{"name":"wp","href":"https:\/\/api.w.org\/{rel}","templated":true}]}}

<p><a href="http://woerrlein-naturfoto.de/wordpress/voegel/"><span style="color: #ffff66;">Vögel</span> </a>-&gt;<a href="http://woerrlein-naturfoto.de/wordpress/hauptseite-voegel/voegel/seetaucher-2/"> <span style="color: #ffff66;">Seetaucher</span></a><a href="http://woerrlein-naturfoto.de/wordpress/voegel/sperlingsvoegel/drosseln"><br />
</a><a title="Vögel von A-Z" href="http://woerrlein-naturfoto.de/wordpress/voegel/voegel_von_a-z/">Vögel von A-Z</a><br />
Zur Galerie <a title="Eulen" href="http://woerrlein-naturfoto.de/wordpress/hauptseite-voegel/voegel/seetaucher-2/">Seetaucher</a></p>
<p><img loading="lazy" decoding="async" class="alignleft wp-image-15660" src="https://woerrlein-naturfoto.de/wordpress/wp-content/uploads/2022/11/Prachttaucher_221115_3799-600x400.jpg" alt="" width="600" height="400" srcset="https://woerrlein-naturfoto.de/wordpress/wp-content/uploads/2022/11/Prachttaucher_221115_3799-600x400.jpg 600w, https://woerrlein-naturfoto.de/wordpress/wp-content/uploads/2022/11/Prachttaucher_221115_3799-768x512.jpg 768w, https://woerrlein-naturfoto.de/wordpress/wp-content/uploads/2022/11/Prachttaucher_221115_3799-120x80.jpg 120w, https://woerrlein-naturfoto.de/wordpress/wp-content/uploads/2022/11/Prachttaucher_221115_3799.jpg 1000w" sizes="auto, (max-width: 600px) 100vw, 600px" /></p>
<p>Der <b>Prachttaucher</b> (<i>Gavia arctica</i>), hier im Jugendkleid, ist eine Vogelart aus der Gattung der Seetaucher. Die Art brütet in der nördlichsten gemäßigten Zone, der Tundra und der Taiga Eurasiens sowie dem äußersten Westen Alaskas und kann auf dem Zug vor allem im Herbst sowie im Winter auch in Mitteleuropa regelmäßig beobachtet werden. Wie andere Seetaucher wirkt er aus der Entfernung betrachtet zweifarbig. Die Körperoberseite ist insgesamt dunkel, die Körperunterseite dagegen weiß.<br />
Die Art bildet mit dem <a title="Pazifiktaucher" href="https://de.wikipedia.org/wiki/Pazifiktaucher" target="_blank" rel="noopener">Pazifiktaucher</a> eine Superspezies. Im Nordosten Sibiriens und Westen Alaskas gibt es lokal sympatrische Brutvorkommen dieser beiden Arten. In diesen Gebieten kommt es gelegentlich zu Hybriden.<br />
Gesicherte Angaben zu Bestandstrends des Prachttauchers gibt es nicht. Der Weltbestand wurde von der IUCN im Jahr 2002 sehr grob auf 130.000 bis 2,0 Millionen Individuen geschätzt. Insgesamt gilt die Art als ungefährdet.<br />
Im Prachtkleid ist die Art nur mit dem sehr ähnlichen und eng verwandten <a title="Pazifiktaucher" href="https://de.wikipedia.org/wiki/Pazifiktaucher" target="_blank" rel="noopener">Pazifiktaucher</a> verwechselbar, dessen Verbreitung jedoch auf Nordamerika beschränkt ist. Der Rücken und die Oberflügeldecken sind schwarzgrau, der obere Rücken zeigt auf diesem Grund dichte Reihen großer weißer Vierecke. Der Kopf und der Hinterhals sind grau; die Halsseiten und die Seiten der vorderen Brust sind fein schwarz-weiß gestreift. Kinn, Kehle und der Vorderhals sind scharf abgesetzt schwarz, an der Kehle befindet sich eine schmale Linie aus weißen Punkten. Brust, Bauch, die hinteren Flanken und die Unterflügeldecken sind rein weiß. Der Schnabel ist schwarzgrau, die Beine sind auf der Außenseite schwarz und auf der Innenseite grau, die Schwimmhäute sind grau oder fleischfarben. Die Iris ist rot.<br />
Im Schlichtkleid ist die gesamte Oberseite einfarbig schwarzgrau. Oberkopf, Hinterhals und Halsseiten sind grau; die unteren Kopfseiten, Kinn, Kehle und Vorderhals sind scharf abgesetzt weiß. Die grauen Halsseiten sind nach vorn oft dunkel begrenzt. Der Schnabel ist blassgrau, der Schnabelfirst ist dunkelgrau.<br />
Das Jugendkleid ähnelt sehr dem Schlichtkleid, die Deckfedern der Oberseite sind jedoch mehr graubraun und fein hell gesäumt, so dass die Oberseite insgesamt deutlich gewellt erscheint. Die Iris ist braun. Das erste Dunenkleid ist dunkelbraun, die Körperunterseite der Küken ist etwas heller. Der Bauch ist grau und um das Auge verläuft ein undeutlich weißlicher Ring. Das zweite Dunenkleid ist ähnlich, jedoch insgesamt etwas heller. Der Bauch ist weißlich.<br />
Im Schlicht- und im Jugendkleid sind Prachttaucher leicht mit anderen Seetauchern, vor allem aber mit dem nur wenig kleineren <a title="Sterntaucher" href="https://woerrlein-naturfoto.de/wordpress/seetaucher-a-z/sterntaucher/" target="_blank" rel="noopener">Sterntaucher</a> zu verwechseln. Eindeutige Bestimmungsmerkmale des Prachttauchers im Vergleich zum Sterntaucher sind der etwas kräftigere und gerade Schnabel, der meist gerade gehaltene Kopf, die im Schlichtkleid nur etwa zur Hälfte weißen Halsseiten, der fehlende weiße Bereich vor dem Auge sowie der weiße Flankenfleck. Insgesamt ist die Färbung der Körperoberseite im Winterkleid eintöniger als beim Sterntaucher.</p>
<p>Länge: 58-73 cm   Spannweite: ca. 120 cm   Gewicht: 2 &#8211; 3 kg   Gelege: 2-3 Eier</p>
<p>Zur Galerie <a title="Eulen" href="http://woerrlein-naturfoto.de/wordpress/hauptseite-voegel/voegel/seetaucher-2/">Seetaucher</a></p>
<p><em>Quelle des Textauszuges und weitere Infos bei </em><a href="https://de.wikipedia.org/wiki/Prachttaucher" target="_blank" rel="noopener">Wikipedia</a><em> (</em><a href="http://www.gnu.org/licenses/fdl-1.3.txt" target="_blank" rel="noopener">GNU-Lizenz</a><em>)– mein Dank gilt den </em><a href="https://de.wikipedia.org/w/index.php?title=Prachttaucher&amp;action=history" target="_blank" rel="noopener">Autoren</a><em>.</em></p>

<p>Vögel -&gt; Seetaucher Vögel von A-Z Zur Galerie Seetaucher Der Prachttaucher (Gavia arctica), hier im Jugendkleid, ist eine Vogelart aus der Gattung der Seetaucher. Die Art brütet in der nördlichsten gemäßigten Zone, der Tundra und der Taiga Eurasiens sowie dem äußersten Westen Alaskas und kann auf dem Zug vor allem im Herbst sowie im Winter &hellip; <a href="https://woerrlein-naturfoto.de/wordpress/seetaucher-a-z/prachttaucher/" class="more-link"><span class="screen-reader-text">Prachttaucher</span> weiterlesen <span class="meta-nav">&rarr;</span></a></p>
