{"id":15618,"date":"2022-10-19T18:46:52","date_gmt":"2022-10-19T16:46:52","guid":{"rendered":"https:\/\/woerrlein-naturfoto.de\/wordpress\/?page_id=15618"},"modified":"2022-10-19T18:51:22","modified_gmt":"2022-10-19T16:51:22","slug":"gemeiner-hallimasch","status":"publish","type":"page","link":"https:\/\/woerrlein-naturfoto.de\/wordpress\/pilze-a-z\/gemeiner-hallimasch\/","title":{"rendered":"Gemeiner Hallimasch"},"content":{"rendered":"<p><a href=\"http:\/\/woerrlein-naturfoto.de\/wordpress\/hauptseite-pflanzen\/pflanzen\/\"><span style=\"color: #ffff66;\">Pflanzen<\/span> <\/a>-&gt;<a href=\"http:\/\/woerrlein-naturfoto.de\/wordpress\/hauptseite-pflanzen\/pflanzen\/pilze-2\/\"> <span style=\"color: #ffff66;\">Pilze<\/span><\/a><br \/>\n<a href=\"http:\/\/woerrlein-naturfoto.de\/wordpress\/pflanzen-von-a-z\/\">Pflanzen von A-Z<\/a><br \/>\nzur Galerie <a href=\"https:\/\/woerrlein-naturfoto.de\/wordpress\/hauptseite-pflanzen\/pflanzen\/pilze-2\/pilze-i-a-bis-g\/\">Pilze I<\/a><\/p>\n<p><img loading=\"lazy\" decoding=\"async\" class=\"alignleft wp-image-15443\" src=\"https:\/\/woerrlein-naturfoto.de\/wordpress\/wp-content\/uploads\/2022\/10\/Hallimasch_AW_85151-600x400.jpg\" alt=\"\" width=\"600\" height=\"400\" srcset=\"https:\/\/woerrlein-naturfoto.de\/wordpress\/wp-content\/uploads\/2022\/10\/Hallimasch_AW_85151-600x400.jpg 600w, https:\/\/woerrlein-naturfoto.de\/wordpress\/wp-content\/uploads\/2022\/10\/Hallimasch_AW_85151-768x512.jpg 768w, https:\/\/woerrlein-naturfoto.de\/wordpress\/wp-content\/uploads\/2022\/10\/Hallimasch_AW_85151-120x80.jpg 120w, https:\/\/woerrlein-naturfoto.de\/wordpress\/wp-content\/uploads\/2022\/10\/Hallimasch_AW_85151.jpg 1000w\" sizes=\"auto, (max-width: 600px) 100vw, 600px\" \/>Der <b>Dunkle Hallimasch<\/b> oder <b>Gemeine Hallimasch<\/b> (<i>Armillaria ostoyae)<\/i> ist ein holzbewohnender Bl\u00e4tterpilz aus der Gattung der Hallimasche. Er besiedelt sowohl lebende als auch frischtote Laub- und Nadelb\u00e4ume.<br \/>\nDer Hut erreicht einen Durchmesser von 3\u201310, manchmal auch bis 20\u00a0cm. Er ist halbkugelig bei fr\u00fchen Entwicklungsstadien, mit zunehmendem Alter gew\u00f6lbt bis ausgebreitet. Die Oberfl\u00e4che ist fleischfarben bis r\u00f6tlich braun und mit dunklen, abwischbaren Sch\u00fcppchen bedeckt. Der Rand ist heller gef\u00e4rbt, lange Zeit eingebogen und sp\u00e4ter undeutlich gerieft. Die wei\u00dflichen bis hellbr\u00e4unlichen Lamellen sind ausgebuchtet bis gerade angewachsen. Sie werden an \u00e4lteren Exemplaren rotbraun gefleckt. Die oben wei\u00dflichen Stiele sind bis zu 15\u00a0cm lang und 2\u20133\u00a0cm im Durchmesser. Sie werden nach dem Aufschirmen der H\u00fcte bald l\u00e4ngsfaserig und gelegentlich im Alter hohl. Das Fleisch ist wei\u00dflich und hat einen angenehmen Geruch. Das Sporenpulver ist wei\u00df.<\/p>\n<p><strong>Vorkommen:<\/strong> \u00a0\u00a0\u00a0\u00a0\u00a0\u00a0 September &#8211; November<\/p>\n<p>zur Galerie <a href=\"https:\/\/woerrlein-naturfoto.de\/wordpress\/hauptseite-pflanzen\/pflanzen\/pilze-2\/pilze-i-a-bis-g\/\">Pilze I<\/a><\/p>\n<p><em>Quelle des Textauszuges und weitere Infos bei <\/em><a href=\"https:\/\/de.wikipedia.org\/wiki\/Dunkler_Hallimasch\" target=\"_blank\" rel=\"noopener noreferrer\">Wikipedia<\/a><em> (<\/em><a href=\"http:\/\/www.gnu.org\/licenses\/fdl-1.3.txt\" target=\"_blank\" rel=\"noopener noreferrer\">GNU-Lizenz<\/a><em>)\u2013 mein Dank gilt den <\/em><a href=\"https:\/\/de.wikipedia.org\/w\/index.php?title=Dunkler_Hallimasch&amp;action=history\" target=\"_blank\" rel=\"noopener noreferrer\">Autoren<\/a><em>.<\/em><\/p>\n","protected":false},"excerpt":{"rendered":"<p>Pflanzen -&gt; Pilze Pflanzen von A-Z zur Galerie Pilze I Der Dunkle Hallimasch oder Gemeine Hallimasch (Armillaria ostoyae) ist ein holzbewohnender Bl\u00e4tterpilz aus der Gattung der Hallimasche. Er besiedelt sowohl lebende als auch frischtote Laub- und Nadelb\u00e4ume. Der Hut erreicht einen Durchmesser von 3\u201310, manchmal auch bis 20\u00a0cm. Er ist halbkugelig bei fr\u00fchen Entwicklungsstadien, mit &hellip; <a href=\"https:\/\/woerrlein-naturfoto.de\/wordpress\/pilze-a-z\/gemeiner-hallimasch\/\" class=\"more-link\"><span class=\"screen-reader-text\">Gemeiner Hallimasch<\/span> weiterlesen <span class=\"meta-nav\">&rarr;<\/span><\/a><\/p>\n","protected":false},"author":1,"featured_media":0,"parent":5118,"menu_order":0,"comment_status":"closed","ping_status":"closed","template":"page-templates\/full-width.php","meta":{"footnotes":""},"class_list":["post-15618","page","type-page","status-publish","hentry"],"_links":{"self":[{"href":"https:\/\/woerrlein-naturfoto.de\/wordpress\/wp-json\/wp\/v2\/pages\/15618","targetHints":{"allow":["GET"]}}],"collection":[{"href":"https:\/\/woerrlein-naturfoto.de\/wordpress\/wp-json\/wp\/v2\/pages"}],"about":[{"href":"https:\/\/woerrlein-naturfoto.de\/wordpress\/wp-json\/wp\/v2\/types\/page"}],"author":[{"embeddable":true,"href":"https:\/\/woerrlein-naturfoto.de\/wordpress\/wp-json\/wp\/v2\/users\/1"}],"replies":[{"embeddable":true,"href":"https:\/\/woerrlein-naturfoto.de\/wordpress\/wp-json\/wp\/v2\/comments?post=15618"}],"version-history":[{"count":3,"href":"https:\/\/woerrlein-naturfoto.de\/wordpress\/wp-json\/wp\/v2\/pages\/15618\/revisions"}],"predecessor-version":[{"id":15621,"href":"https:\/\/woerrlein-naturfoto.de\/wordpress\/wp-json\/wp\/v2\/pages\/15618\/revisions\/15621"}],"up":[{"embeddable":true,"href":"https:\/\/woerrlein-naturfoto.de\/wordpress\/wp-json\/wp\/v2\/pages\/5118"}],"wp:attachment":[{"href":"https:\/\/woerrlein-naturfoto.de\/wordpress\/wp-json\/wp\/v2\/media?parent=15618"}],"curies":[{"name":"wp","href":"https:\/\/api.w.org\/{rel}","templated":true}]}}