{"id":15606,"date":"2022-10-19T18:00:13","date_gmt":"2022-10-19T16:00:13","guid":{"rendered":"https:\/\/woerrlein-naturfoto.de\/wordpress\/?page_id=15606"},"modified":"2022-10-19T18:02:57","modified_gmt":"2022-10-19T16:02:57","slug":"gold-roehrling","status":"publish","type":"page","link":"https:\/\/woerrlein-naturfoto.de\/wordpress\/pilze-a-z\/gold-roehrling\/","title":{"rendered":"Gold-R\u00f6hrling"},"content":{"rendered":"<p><a href=\"http:\/\/woerrlein-naturfoto.de\/wordpress\/hauptseite-pflanzen\/pflanzen\/\"><span style=\"color: #ffff66;\">Pflanzen<\/span> <\/a>-&gt;<a href=\"http:\/\/woerrlein-naturfoto.de\/wordpress\/hauptseite-pflanzen\/pflanzen\/pilze-2\/\"> <span style=\"color: #ffff66;\">Pilze<\/span><\/a><br \/>\n<a href=\"http:\/\/woerrlein-naturfoto.de\/wordpress\/pflanzen-von-a-z\/\">Pflanzen von A-Z<\/a><br \/>\nzur Galerie <a href=\"https:\/\/woerrlein-naturfoto.de\/wordpress\/hauptseite-pflanzen\/pflanzen\/pilze-2\/pilze-i-a-bis-g\/\">Pilze I<\/a><\/p>\n<p><img loading=\"lazy\" decoding=\"async\" class=\"alignleft wp-image-15442\" src=\"https:\/\/woerrlein-naturfoto.de\/wordpress\/wp-content\/uploads\/2022\/10\/Gold-Roehrling_221016_3532-600x400.jpg\" alt=\"\" width=\"600\" height=\"400\" srcset=\"https:\/\/woerrlein-naturfoto.de\/wordpress\/wp-content\/uploads\/2022\/10\/Gold-Roehrling_221016_3532-600x400.jpg 600w, https:\/\/woerrlein-naturfoto.de\/wordpress\/wp-content\/uploads\/2022\/10\/Gold-Roehrling_221016_3532-768x512.jpg 768w, https:\/\/woerrlein-naturfoto.de\/wordpress\/wp-content\/uploads\/2022\/10\/Gold-Roehrling_221016_3532-120x80.jpg 120w, https:\/\/woerrlein-naturfoto.de\/wordpress\/wp-content\/uploads\/2022\/10\/Gold-Roehrling_221016_3532.jpg 1000w\" sizes=\"auto, (max-width: 600px) 100vw, 600px\" \/>Der <b>Gold-R\u00f6hrling<\/b> oder <b>Goldgelbe L\u00e4rchen-R\u00f6hrling<\/b> (<i>Suillus grevillei<\/i>) ist ein essbarer Pilz aus der Familie der Schmierr\u00f6hrlingsverwandten.<br \/>\nDer Gold-R\u00f6hrling bildet in Hut und Stiel gegliederte Fruchtk\u00f6rper mit zentralem Stiel. Der jung halbkugelige, sp\u00e4ter polsterf\u00f6rmige- bis flach konvexe, zuletzt flache Hut wird 5\u201315\u00a0cm breit. Er ist gold- bis orangegelb, manchmal orangebr\u00e4unlich bis rostbraun oder zitronengelb gef\u00e4rbt. Die Huthaut ist glatt, selten etwas runzlig, bei feuchter Witterung ist sie stark schleimig, der gelbliche Schleim l\u00e4sst sich in feuchtem Zustand gut abziehen. Bei trockenem Wetter ist die Hutoberfl\u00e4che lediglich klebrig, die Huthaut l\u00e4sst sich dann nur schwer abziehen. Die jung gelben, im Alter etwas br\u00e4unlichen R\u00f6hren sind angewachsen oder laufen etwas am Stiel herab. Die auf Druck br\u00e4unenden Poren sind jung leuchtend gelb, pro mm stehen 2\u20133\u00a0Poren. Der Stiel kann 4\u201310\u00a0cm lang und 0,5\u20132\u00a0cm stark werden, oberhalb der Ringzone ist er wie die Poren gef\u00e4rbt, unterhalb dunkler orange bis br\u00e4unlich. Die Poren werden bei jungen Fruchtk\u00f6rpern von einem weichen, wattigen <a title=\"Velum (Mykologie)\" href=\"https:\/\/de.wikipedia.org\/wiki\/Velum_(Mykologie)\" target=\"_blank\" rel=\"noopener\">Velum partiale<\/a> bedeckt. Das Fleisch ist hellgelb bis gelb und l\u00e4uft im Schnitt oft rosa, violett oder br\u00e4unlich an, einige Exemplare blauen ein wenig beim Anschneiden.<\/p>\n<p><strong>Vorkommen:<\/strong> \u00a0\u00a0\u00a0\u00a0\u00a0\u00a0 Juni &#8211; November<\/p>\n<p>zur Galerie <a href=\"https:\/\/woerrlein-naturfoto.de\/wordpress\/hauptseite-pflanzen\/pflanzen\/pilze-2\/pilze-i-a-bis-g\/\">Pilze I<\/a><\/p>\n<p><em>Quelle des Textauszuges und weitere Infos bei <\/em><a href=\"https:\/\/de.wikipedia.org\/wiki\/Gold-R%C3%B6hrling\" target=\"_blank\" rel=\"noopener noreferrer\">Wikipedia<\/a><em> (<\/em><a href=\"http:\/\/www.gnu.org\/licenses\/fdl-1.3.txt\" target=\"_blank\" rel=\"noopener noreferrer\">GNU-Lizenz<\/a><em>)\u2013 mein Dank gilt den <\/em><a href=\"https:\/\/de.wikipedia.org\/w\/index.php?title=Gold-R%C3%B6hrling&amp;action=history\" target=\"_blank\" rel=\"noopener noreferrer\">Autoren<\/a><em>.<\/em><\/p>\n","protected":false},"excerpt":{"rendered":"<p>Pflanzen -&gt; Pilze Pflanzen von A-Z zur Galerie Pilze I Der Gold-R\u00f6hrling oder Goldgelbe L\u00e4rchen-R\u00f6hrling (Suillus grevillei) ist ein essbarer Pilz aus der Familie der Schmierr\u00f6hrlingsverwandten. Der Gold-R\u00f6hrling bildet in Hut und Stiel gegliederte Fruchtk\u00f6rper mit zentralem Stiel. Der jung halbkugelige, sp\u00e4ter polsterf\u00f6rmige- bis flach konvexe, zuletzt flache Hut wird 5\u201315\u00a0cm breit. Er ist gold- &hellip; <a href=\"https:\/\/woerrlein-naturfoto.de\/wordpress\/pilze-a-z\/gold-roehrling\/\" class=\"more-link\"><span class=\"screen-reader-text\">Gold-R\u00f6hrling<\/span> weiterlesen <span class=\"meta-nav\">&rarr;<\/span><\/a><\/p>\n","protected":false},"author":1,"featured_media":0,"parent":5118,"menu_order":0,"comment_status":"closed","ping_status":"closed","template":"page-templates\/full-width.php","meta":{"footnotes":""},"class_list":["post-15606","page","type-page","status-publish","hentry"],"_links":{"self":[{"href":"https:\/\/woerrlein-naturfoto.de\/wordpress\/wp-json\/wp\/v2\/pages\/15606","targetHints":{"allow":["GET"]}}],"collection":[{"href":"https:\/\/woerrlein-naturfoto.de\/wordpress\/wp-json\/wp\/v2\/pages"}],"about":[{"href":"https:\/\/woerrlein-naturfoto.de\/wordpress\/wp-json\/wp\/v2\/types\/page"}],"author":[{"embeddable":true,"href":"https:\/\/woerrlein-naturfoto.de\/wordpress\/wp-json\/wp\/v2\/users\/1"}],"replies":[{"embeddable":true,"href":"https:\/\/woerrlein-naturfoto.de\/wordpress\/wp-json\/wp\/v2\/comments?post=15606"}],"version-history":[{"count":3,"href":"https:\/\/woerrlein-naturfoto.de\/wordpress\/wp-json\/wp\/v2\/pages\/15606\/revisions"}],"predecessor-version":[{"id":15609,"href":"https:\/\/woerrlein-naturfoto.de\/wordpress\/wp-json\/wp\/v2\/pages\/15606\/revisions\/15609"}],"up":[{"embeddable":true,"href":"https:\/\/woerrlein-naturfoto.de\/wordpress\/wp-json\/wp\/v2\/pages\/5118"}],"wp:attachment":[{"href":"https:\/\/woerrlein-naturfoto.de\/wordpress\/wp-json\/wp\/v2\/media?parent=15606"}],"curies":[{"name":"wp","href":"https:\/\/api.w.org\/{rel}","templated":true}]}}