{"id":15597,"date":"2022-10-19T15:26:59","date_gmt":"2022-10-19T13:26:59","guid":{"rendered":"https:\/\/woerrlein-naturfoto.de\/wordpress\/?page_id=15597"},"modified":"2024-11-15T13:28:10","modified_gmt":"2024-11-15T12:28:10","slug":"eispilz","status":"publish","type":"page","link":"https:\/\/woerrlein-naturfoto.de\/wordpress\/pilze-a-z\/eispilz\/","title":{"rendered":"Eispilz"},"content":{"rendered":"<p><a href=\"http:\/\/woerrlein-naturfoto.de\/wordpress\/hauptseite-pflanzen\/pflanzen\/\"><span style=\"color: #ffff66;\">Pflanzen<\/span> <\/a>-&gt;<a href=\"http:\/\/woerrlein-naturfoto.de\/wordpress\/hauptseite-pflanzen\/pflanzen\/pilze-2\/\"> <span style=\"color: #ffff66;\">Pilze<\/span><\/a><br \/>\n<a href=\"http:\/\/woerrlein-naturfoto.de\/wordpress\/pflanzen-von-a-z\/\">Pflanzen von A-Z<\/a><br \/>\nzur Galerie <a href=\"https:\/\/woerrlein-naturfoto.de\/wordpress\/hauptseite-pflanzen\/pflanzen\/pilze-2\/pilze-i-a-bis-g\/\">Pilze I<\/a><\/p>\n<p><img loading=\"lazy\" decoding=\"async\" class=\"alignleft wp-image-19093\" src=\"https:\/\/woerrlein-naturfoto.de\/wordpress\/wp-content\/uploads\/2022\/10\/Zitterzahn_AW_95077-600x400.jpg\" alt=\"\" width=\"600\" height=\"400\" srcset=\"https:\/\/woerrlein-naturfoto.de\/wordpress\/wp-content\/uploads\/2022\/10\/Zitterzahn_AW_95077-600x400.jpg 600w, https:\/\/woerrlein-naturfoto.de\/wordpress\/wp-content\/uploads\/2022\/10\/Zitterzahn_AW_95077-768x512.jpg 768w, https:\/\/woerrlein-naturfoto.de\/wordpress\/wp-content\/uploads\/2022\/10\/Zitterzahn_AW_95077-120x80.jpg 120w, https:\/\/woerrlein-naturfoto.de\/wordpress\/wp-content\/uploads\/2022\/10\/Zitterzahn_AW_95077.jpg 1000w\" sizes=\"auto, (max-width: 600px) 100vw, 600px\" \/><\/p>\n<p>Der <b>Gallertige Zitterzahn<\/b> oder kurz <b>Zitterzahn<\/b> (<i>Pseudohydnum gelatinosum<\/i>), auch <b>Eispilz<\/b>, <b>Eiszitterpilz<\/b> oder <b>Gallertstacheling<\/b> genannt, ist eine Pilzart aus der Ordnung der Ohrlappenpilzartigen (Auriculariales) mit unklarer Familienzugeh\u00f6rigkeit. Wegen der Stacheln auf der Hutunterseite z\u00e4hlt er zur nicht-systematischen Gruppe der Stachelpilze. Er tritt in unterschiedlichen Farbvarianten von rein wei\u00df bis fast schwarz auf. Die Fruchtk\u00f6rper sind essbar, aber geschmacklos. Die gallertartig-gelatin\u00f6sen Fruchtk\u00f6rper wachsen oft dachziegelartig \u00fcbereinander und sind halbkreis bis muschelf\u00f6rmig; selten treten sie einzeln auf. Der Hut ist 2\u20138\u00a0cm lang beziehungsweise breit und 1\u20131,5\u00a0cm dick. Die Oberfl\u00e4che kann wei\u00df, wei\u00dflich-grau bis graubr\u00e4unlich aber auch violett- bis schwarzbraun oder ann\u00e4hernd schwarz gef\u00e4rbt sein. Sie ist k\u00f6rnig-warzig strukturiert. Die Unterseite weist 1\u20134\u00a0mm lange &#8222;Stacheln&#8220; auf. Das Sporenpulver ist wei\u00df. Der Stiel befindet sich meist seitlich; selten kann er auch zentral sitzen oder ganz fehlen. Er ist wei\u00dflich-grau bis graubr\u00e4unlich gef\u00e4rbt.<\/p>\n<p><strong>Vorkommen:<\/strong> \u00a0\u00a0\u00a0\u00a0\u00a0\u00a0 Juli &#8211; November<\/p>\n<p>zur Galerie <a href=\"https:\/\/woerrlein-naturfoto.de\/wordpress\/hauptseite-pflanzen\/pflanzen\/pilze-2\/pilze-i-a-bis-g\/\">Pilze I<\/a><\/p>\n<p><em>Quelle des Textauszuges und weitere Infos bei <\/em><a href=\"https:\/\/de.wikipedia.org\/wiki\/Gallertiger_Zitterzahn\" target=\"_blank\" rel=\"noopener noreferrer\">Wikipedia<\/a><em> (<\/em><a href=\"http:\/\/www.gnu.org\/licenses\/fdl-1.3.txt\" target=\"_blank\" rel=\"noopener noreferrer\">GNU-Lizenz<\/a><em>)\u2013 mein Dank gilt den <\/em><a href=\"https:\/\/de.wikipedia.org\/w\/index.php?title=Gallertiger_Zitterzahn&amp;action=history\" target=\"_blank\" rel=\"noopener noreferrer\">Autoren<\/a><em>.<\/em><\/p>\n","protected":false},"excerpt":{"rendered":"<p>Pflanzen -&gt; Pilze Pflanzen von A-Z zur Galerie Pilze I Der Gallertige Zitterzahn oder kurz Zitterzahn (Pseudohydnum gelatinosum), auch Eispilz, Eiszitterpilz oder Gallertstacheling genannt, ist eine Pilzart aus der Ordnung der Ohrlappenpilzartigen (Auriculariales) mit unklarer Familienzugeh\u00f6rigkeit. Wegen der Stacheln auf der Hutunterseite z\u00e4hlt er zur nicht-systematischen Gruppe der Stachelpilze. Er tritt in unterschiedlichen Farbvarianten von &hellip; <a href=\"https:\/\/woerrlein-naturfoto.de\/wordpress\/pilze-a-z\/eispilz\/\" class=\"more-link\"><span class=\"screen-reader-text\">Eispilz<\/span> weiterlesen <span class=\"meta-nav\">&rarr;<\/span><\/a><\/p>\n","protected":false},"author":1,"featured_media":0,"parent":5118,"menu_order":0,"comment_status":"closed","ping_status":"closed","template":"page-templates\/full-width.php","meta":{"footnotes":""},"class_list":["post-15597","page","type-page","status-publish","hentry"],"_links":{"self":[{"href":"https:\/\/woerrlein-naturfoto.de\/wordpress\/wp-json\/wp\/v2\/pages\/15597","targetHints":{"allow":["GET"]}}],"collection":[{"href":"https:\/\/woerrlein-naturfoto.de\/wordpress\/wp-json\/wp\/v2\/pages"}],"about":[{"href":"https:\/\/woerrlein-naturfoto.de\/wordpress\/wp-json\/wp\/v2\/types\/page"}],"author":[{"embeddable":true,"href":"https:\/\/woerrlein-naturfoto.de\/wordpress\/wp-json\/wp\/v2\/users\/1"}],"replies":[{"embeddable":true,"href":"https:\/\/woerrlein-naturfoto.de\/wordpress\/wp-json\/wp\/v2\/comments?post=15597"}],"version-history":[{"count":3,"href":"https:\/\/woerrlein-naturfoto.de\/wordpress\/wp-json\/wp\/v2\/pages\/15597\/revisions"}],"predecessor-version":[{"id":19208,"href":"https:\/\/woerrlein-naturfoto.de\/wordpress\/wp-json\/wp\/v2\/pages\/15597\/revisions\/19208"}],"up":[{"embeddable":true,"href":"https:\/\/woerrlein-naturfoto.de\/wordpress\/wp-json\/wp\/v2\/pages\/5118"}],"wp:attachment":[{"href":"https:\/\/woerrlein-naturfoto.de\/wordpress\/wp-json\/wp\/v2\/media?parent=15597"}],"curies":[{"name":"wp","href":"https:\/\/api.w.org\/{rel}","templated":true}]}}