{"id":15244,"date":"2022-08-05T16:39:53","date_gmt":"2022-08-05T14:39:53","guid":{"rendered":"https:\/\/woerrlein-naturfoto.de\/wordpress\/?page_id=15244"},"modified":"2022-08-05T16:46:28","modified_gmt":"2022-08-05T14:46:28","slug":"admiral","status":"publish","type":"page","link":"https:\/\/woerrlein-naturfoto.de\/wordpress\/edelfalter-a-z\/admiral\/","title":{"rendered":"Admiral"},"content":{"rendered":"<p><span style=\"color: #ffff00;\"><a href=\"http:\/\/woerrlein-naturfoto.de\/wordpress\/insekten\/\"><span style=\"color: #ffff66;\"><span style=\"color: #ffff00;\">Insekten<\/span><\/span><\/a><\/span> -&gt; <span style=\"color: #ffff00;\"><a href=\"http:\/\/woerrlein-naturfoto.de\/wordpress\/hauptseite-insekten\/insekten\/schmetterlinge-2\/\"><span style=\"color: #ffff66;\"><span style=\"color: #ffff00;\">Schmetterlinge<\/span><\/span><\/a><\/span>-&gt;<a href=\"https:\/\/woerrlein-naturfoto.de\/wordpress\/hauptseite-insekten\/insekten\/schmetterlinge-2\/edelfalter\/\"><span style=\"color: #ffff66;\"><span style=\"color: #ffff00;\">Edelfalter<\/span><\/span><\/a><br \/>\n<a title=\"Insekten A-Z\" href=\"http:\/\/woerrlein-naturfoto.de\/wordpress\/insekten-a-z\/\">Insekten von A-Z<\/a><br \/>\nzur Galerie <a href=\"https:\/\/woerrlein-naturfoto.de\/wordpress\/hauptseite-insekten\/insekten\/schmetterlinge-2\/edelfalter\/\">Edelfalter<\/a><\/p>\n<p><img loading=\"lazy\" decoding=\"async\" class=\"alignleft wp-image-15241\" src=\"https:\/\/woerrlein-naturfoto.de\/wordpress\/wp-content\/uploads\/2019\/10\/Admiral_220801_9680-600x400.jpg\" alt=\"\" width=\"600\" height=\"400\" srcset=\"https:\/\/woerrlein-naturfoto.de\/wordpress\/wp-content\/uploads\/2019\/10\/Admiral_220801_9680-600x400.jpg 600w, https:\/\/woerrlein-naturfoto.de\/wordpress\/wp-content\/uploads\/2019\/10\/Admiral_220801_9680-768x512.jpg 768w, https:\/\/woerrlein-naturfoto.de\/wordpress\/wp-content\/uploads\/2019\/10\/Admiral_220801_9680-120x80.jpg 120w, https:\/\/woerrlein-naturfoto.de\/wordpress\/wp-content\/uploads\/2019\/10\/Admiral_220801_9680.jpg 1000w\" sizes=\"auto, (max-width: 600px) 100vw, 600px\" \/>Der <b>Admiral<\/b> (<i>Vanessa atalanta<\/i>) ist ein weit verbreiteter Schmetterling der n\u00f6rdlichen Hemisph\u00e4re aus der Familie der Edelfalter.<br \/>\nDie Falter erreichen eine Fl\u00fcgelspannweite von 55 bis 65 Millimetern. Sie haben samtig schwarze Vorderfl\u00fcgeloberseiten, auf denen etwa in der Mitte eine breite gezackte ziegelrote Binde verl\u00e4uft. Die Weibchen haben in dieser fast immer einen kleinen wei\u00dfen Fleck. Die tiefschwarzen Spitzen der Vorderfl\u00fcgel tragen einen gro\u00dfen wei\u00dfen Balken und mehrere kleine wei\u00dfe Flecken. Die Hinterfl\u00fcgel sind ebenfalls tief schwarzbraun gef\u00e4rbt und tragen eine breite orangerote Binde am Fl\u00fcgelau\u00dfenrand. In dieser verl\u00e4uft in der Mitte eine schwarze Punktreihe und im Hinterwinkel ein l\u00e4nglicher blauer Fleck. Am \u00e4u\u00dfersten Rand aller vier Fl\u00fcgel verl\u00e4uft eine sehr d\u00fcnne wei\u00dfe Linie, die kurz durch schwarze Punkte unterbrochen wird.<br \/>\nDie Unterseite des Vorderfl\u00fcgels entspricht der Oberseite, au\u00dfer dass der Bereich zwischen <a title=\"Fl\u00fcgel (Schmetterling)\" href=\"https:\/\/de.wikipedia.org\/wiki\/Fl%C3%BCgel_(Schmetterling)\" target=\"_blank\" rel=\"noopener\">Apex<\/a> und den wei\u00dfen Flecken hell- und dunkelbraun marmoriert ist, zwei bl\u00e4uliche Linien oder gro\u00dfe blaue Flecken sich zwischen der <a title=\"Fl\u00fcgel (Schmetterling)\" href=\"https:\/\/de.wikipedia.org\/wiki\/Fl%C3%BCgel_(Schmetterling)#Zellen\" target=\"_blank\" rel=\"noopener\">Zelle<\/a> und dem subapikalen wei\u00dfen Flecken befinden. Au\u00dferdem ist das rote Band dunkler und der Innenrand unregelm\u00e4\u00dfiger.<br \/>\nDie Hinterfl\u00fcgelunterseite ist in verschiedenen Braunt\u00f6nen mit r\u00f6tlichen, schwarzen und violetten Einsprengungen marmoriert. Ein wei\u00dfer oder gelblicher Fleck mittig am Vorderrand hebt sich gut vom restlichen dunklen Fl\u00fcgel ab, am Au\u00dfenrand verl\u00e4uft eine unscharf begrenzte graue Binde.<br \/>\nVom Admiral sind zahlreiche Aberrationen (Abweichungen) bekannt. Die Farbe der roten Binden variiert von gelb \u00fcber orange bis Karminrot und sie kann auf dem Vorderfl\u00fcgel durch schwarze Schuppen unterbrochen sein. Ebenso ist die Zahl der wei\u00dfen Flecken nicht konstant.<sup id=\"cite_ref-Fields_8-3\" class=\"reference\"><\/sup><br \/>\n<sup id=\"cite_ref-Fields_8-2\" class=\"reference\"><\/sup><\/p>\n<p><strong>Flugzeit:<\/strong> \u00a0\u00a0\u00a0\u00a0 Mai bis Oktober in bis zu drei Generationen<\/p>\n<p>Zur Galerie <a href=\"https:\/\/woerrlein-naturfoto.de\/wordpress\/hauptseite-insekten\/insekten\/schmetterlinge-2\/edelfalter\/\">Edelfalter<\/a><\/p>\n<p><em>Quelle des Textauszuges und weitere Infos bei <\/em><a href=\"https:\/\/de.wikipedia.org\/wiki\/Admiral_(Schmetterling)\" target=\"_blank\" rel=\"noopener noreferrer\">Wikipedia<\/a><em> (<\/em><a href=\"http:\/\/www.gnu.org\/licenses\/fdl-1.3.txt\" target=\"_blank\" rel=\"noopener noreferrer\">GNU-Lizenz<\/a><em>)\u2013 mein Dank gilt den <\/em><a href=\"https:\/\/de.wikipedia.org\/w\/index.php?title=Admiral_(Schmetterling)&amp;action=history\" target=\"_blank\" rel=\"noopener noreferrer\">Autoren<\/a><em>.<\/em><\/p>\n","protected":false},"excerpt":{"rendered":"<p>Insekten -&gt; Schmetterlinge-&gt;Edelfalter Insekten von A-Z zur Galerie Edelfalter Der Admiral (Vanessa atalanta) ist ein weit verbreiteter Schmetterling der n\u00f6rdlichen Hemisph\u00e4re aus der Familie der Edelfalter. Die Falter erreichen eine Fl\u00fcgelspannweite von 55 bis 65 Millimetern. Sie haben samtig schwarze Vorderfl\u00fcgeloberseiten, auf denen etwa in der Mitte eine breite gezackte ziegelrote Binde verl\u00e4uft. Die Weibchen &hellip; <a href=\"https:\/\/woerrlein-naturfoto.de\/wordpress\/edelfalter-a-z\/admiral\/\" class=\"more-link\"><span class=\"screen-reader-text\">Admiral<\/span> weiterlesen <span class=\"meta-nav\">&rarr;<\/span><\/a><\/p>\n","protected":false},"author":1,"featured_media":0,"parent":11134,"menu_order":0,"comment_status":"closed","ping_status":"closed","template":"page-templates\/full-width.php","meta":{"footnotes":""},"class_list":["post-15244","page","type-page","status-publish","hentry"],"_links":{"self":[{"href":"https:\/\/woerrlein-naturfoto.de\/wordpress\/wp-json\/wp\/v2\/pages\/15244","targetHints":{"allow":["GET"]}}],"collection":[{"href":"https:\/\/woerrlein-naturfoto.de\/wordpress\/wp-json\/wp\/v2\/pages"}],"about":[{"href":"https:\/\/woerrlein-naturfoto.de\/wordpress\/wp-json\/wp\/v2\/types\/page"}],"author":[{"embeddable":true,"href":"https:\/\/woerrlein-naturfoto.de\/wordpress\/wp-json\/wp\/v2\/users\/1"}],"replies":[{"embeddable":true,"href":"https:\/\/woerrlein-naturfoto.de\/wordpress\/wp-json\/wp\/v2\/comments?post=15244"}],"version-history":[{"count":4,"href":"https:\/\/woerrlein-naturfoto.de\/wordpress\/wp-json\/wp\/v2\/pages\/15244\/revisions"}],"predecessor-version":[{"id":15248,"href":"https:\/\/woerrlein-naturfoto.de\/wordpress\/wp-json\/wp\/v2\/pages\/15244\/revisions\/15248"}],"up":[{"embeddable":true,"href":"https:\/\/woerrlein-naturfoto.de\/wordpress\/wp-json\/wp\/v2\/pages\/11134"}],"wp:attachment":[{"href":"https:\/\/woerrlein-naturfoto.de\/wordpress\/wp-json\/wp\/v2\/media?parent=15244"}],"curies":[{"name":"wp","href":"https:\/\/api.w.org\/{rel}","templated":true}]}}

<p><span style="color: #ffff00;"><a href="http://woerrlein-naturfoto.de/wordpress/insekten/"><span style="color: #ffff66;"><span style="color: #ffff00;">Insekten</span></span></a></span> -&gt; <span style="color: #ffff00;"><a href="http://woerrlein-naturfoto.de/wordpress/hauptseite-insekten/insekten/schmetterlinge-2/"><span style="color: #ffff66;"><span style="color: #ffff00;">Schmetterlinge</span></span></a></span>-&gt;<a href="https://woerrlein-naturfoto.de/wordpress/hauptseite-insekten/insekten/schmetterlinge-2/edelfalter/"><span style="color: #ffff66;"><span style="color: #ffff00;">Edelfalter</span></span></a><br />
<a title="Insekten A-Z" href="http://woerrlein-naturfoto.de/wordpress/insekten-a-z/">Insekten von A-Z</a><br />
zur Galerie <a href="https://woerrlein-naturfoto.de/wordpress/hauptseite-insekten/insekten/schmetterlinge-2/edelfalter/">Edelfalter</a></p>
<p><img loading="lazy" decoding="async" class="alignleft wp-image-15241" src="https://woerrlein-naturfoto.de/wordpress/wp-content/uploads/2019/10/Admiral_220801_9680-600x400.jpg" alt="" width="600" height="400" srcset="https://woerrlein-naturfoto.de/wordpress/wp-content/uploads/2019/10/Admiral_220801_9680-600x400.jpg 600w, https://woerrlein-naturfoto.de/wordpress/wp-content/uploads/2019/10/Admiral_220801_9680-768x512.jpg 768w, https://woerrlein-naturfoto.de/wordpress/wp-content/uploads/2019/10/Admiral_220801_9680-120x80.jpg 120w, https://woerrlein-naturfoto.de/wordpress/wp-content/uploads/2019/10/Admiral_220801_9680.jpg 1000w" sizes="auto, (max-width: 600px) 100vw, 600px" />Der <b>Admiral</b> (<i>Vanessa atalanta</i>) ist ein weit verbreiteter Schmetterling der nördlichen Hemisphäre aus der Familie der Edelfalter.<br />
Die Falter erreichen eine Flügelspannweite von 55 bis 65 Millimetern. Sie haben samtig schwarze Vorderflügeloberseiten, auf denen etwa in der Mitte eine breite gezackte ziegelrote Binde verläuft. Die Weibchen haben in dieser fast immer einen kleinen weißen Fleck. Die tiefschwarzen Spitzen der Vorderflügel tragen einen großen weißen Balken und mehrere kleine weiße Flecken. Die Hinterflügel sind ebenfalls tief schwarzbraun gefärbt und tragen eine breite orangerote Binde am Flügelaußenrand. In dieser verläuft in der Mitte eine schwarze Punktreihe und im Hinterwinkel ein länglicher blauer Fleck. Am äußersten Rand aller vier Flügel verläuft eine sehr dünne weiße Linie, die kurz durch schwarze Punkte unterbrochen wird.<br />
Die Unterseite des Vorderflügels entspricht der Oberseite, außer dass der Bereich zwischen <a title="Flügel (Schmetterling)" href="https://de.wikipedia.org/wiki/Fl%C3%BCgel_(Schmetterling)" target="_blank" rel="noopener">Apex</a> und den weißen Flecken hell- und dunkelbraun marmoriert ist, zwei bläuliche Linien oder große blaue Flecken sich zwischen der <a title="Flügel (Schmetterling)" href="https://de.wikipedia.org/wiki/Fl%C3%BCgel_(Schmetterling)#Zellen" target="_blank" rel="noopener">Zelle</a> und dem subapikalen weißen Flecken befinden. Außerdem ist das rote Band dunkler und der Innenrand unregelmäßiger.<br />
Die Hinterflügelunterseite ist in verschiedenen Brauntönen mit rötlichen, schwarzen und violetten Einsprengungen marmoriert. Ein weißer oder gelblicher Fleck mittig am Vorderrand hebt sich gut vom restlichen dunklen Flügel ab, am Außenrand verläuft eine unscharf begrenzte graue Binde.<br />
Vom Admiral sind zahlreiche Aberrationen (Abweichungen) bekannt. Die Farbe der roten Binden variiert von gelb über orange bis Karminrot und sie kann auf dem Vorderflügel durch schwarze Schuppen unterbrochen sein. Ebenso ist die Zahl der weißen Flecken nicht konstant.<sup id="cite_ref-Fields_8-3" class="reference"></sup><br />
<sup id="cite_ref-Fields_8-2" class="reference"></sup></p>
<p><strong>Flugzeit:</strong>      Mai bis Oktober in bis zu drei Generationen</p>
<p>Zur Galerie <a href="https://woerrlein-naturfoto.de/wordpress/hauptseite-insekten/insekten/schmetterlinge-2/edelfalter/">Edelfalter</a></p>
<p><em>Quelle des Textauszuges und weitere Infos bei </em><a href="https://de.wikipedia.org/wiki/Admiral_(Schmetterling)" target="_blank" rel="noopener noreferrer">Wikipedia</a><em> (</em><a href="http://www.gnu.org/licenses/fdl-1.3.txt" target="_blank" rel="noopener noreferrer">GNU-Lizenz</a><em>)– mein Dank gilt den </em><a href="https://de.wikipedia.org/w/index.php?title=Admiral_(Schmetterling)&amp;action=history" target="_blank" rel="noopener noreferrer">Autoren</a><em>.</em></p>

<p>Insekten -&gt; Schmetterlinge-&gt;Edelfalter Insekten von A-Z zur Galerie Edelfalter Der Admiral (Vanessa atalanta) ist ein weit verbreiteter Schmetterling der nördlichen Hemisphäre aus der Familie der Edelfalter. Die Falter erreichen eine Flügelspannweite von 55 bis 65 Millimetern. Sie haben samtig schwarze Vorderflügeloberseiten, auf denen etwa in der Mitte eine breite gezackte ziegelrote Binde verläuft. Die Weibchen &hellip; <a href="https://woerrlein-naturfoto.de/wordpress/edelfalter-a-z/admiral/" class="more-link"><span class="screen-reader-text">Admiral</span> weiterlesen <span class="meta-nav">&rarr;</span></a></p>
