{"id":15221,"date":"2022-07-26T16:36:11","date_gmt":"2022-07-26T14:36:11","guid":{"rendered":"https:\/\/woerrlein-naturfoto.de\/wordpress\/?page_id=15221"},"modified":"2022-07-26T16:36:11","modified_gmt":"2022-07-26T14:36:11","slug":"trauermantel","status":"publish","type":"page","link":"https:\/\/woerrlein-naturfoto.de\/wordpress\/edelfalter-a-z\/trauermantel\/","title":{"rendered":"Trauermantel"},"content":{"rendered":"<p><a href=\"http:\/\/woerrlein-naturfoto.de\/wordpress\/insekten\/\"><span style=\"color: #ffff00;\">Insekten<\/span><\/a> -&gt; <span style=\"color: #ffff00;\"><a style=\"color: #ffff00;\" href=\"http:\/\/woerrlein-naturfoto.de\/wordpress\/hauptseite-insekten\/insekten\/schmetterlinge-2\/\">Schmetterlinge<\/a><\/span>-&gt;<a href=\"https:\/\/woerrlein-naturfoto.de\/wordpress\/hauptseite-insekten\/insekten\/schmetterlinge-2\/edelfalter\/\"><span style=\"color: #ffff00;\">Edelfalter<\/span><\/a><br \/>\n<a title=\"Insekten A-Z\" href=\"http:\/\/woerrlein-naturfoto.de\/wordpress\/insekten-a-z\/\">Insekten von A-Z<\/a><br \/>\nzur Galerie <a href=\"https:\/\/woerrlein-naturfoto.de\/wordpress\/hauptseite-insekten\/insekten\/schmetterlinge-2\/edelfalter\/\">Edelfalter<\/a><\/p>\n<p><img loading=\"lazy\" decoding=\"async\" class=\"alignleft wp-image-15195\" src=\"https:\/\/woerrlein-naturfoto.de\/wordpress\/wp-content\/uploads\/2019\/10\/Trauermantel_210603_6078-600x400.jpg\" alt=\"\" width=\"600\" height=\"400\" srcset=\"https:\/\/woerrlein-naturfoto.de\/wordpress\/wp-content\/uploads\/2019\/10\/Trauermantel_210603_6078-600x400.jpg 600w, https:\/\/woerrlein-naturfoto.de\/wordpress\/wp-content\/uploads\/2019\/10\/Trauermantel_210603_6078-768x512.jpg 768w, https:\/\/woerrlein-naturfoto.de\/wordpress\/wp-content\/uploads\/2019\/10\/Trauermantel_210603_6078-120x80.jpg 120w, https:\/\/woerrlein-naturfoto.de\/wordpress\/wp-content\/uploads\/2019\/10\/Trauermantel_210603_6078.jpg 1000w\" sizes=\"auto, (max-width: 600px) 100vw, 600px\" \/>Der <b>Trauermantel<\/b> (<i>Nymphalis antiopa<\/i>) ist ein Tagfalter aus der Familie der Edelfalter.<br \/>\nDie Falter erreichen eine Fl\u00fcgelspannweite von 55 bis 75 Millimetern. Die Oberseite ihrer Fl\u00fcgel ist \u00fcberwiegend dunkelbraunviolett gef\u00e4rbt. Der Rand ist cremefarbig bis hellgelb und leicht gezackt. Nach der \u00dcberwinterung verblasst der gelbe Rand und ist dann wei\u00df. Hinter dem gelben Rand schlie\u00dft ein schwarzer Rand der zahlreiche aneinandergereihte, blaue Flecken einschlie\u00dft, an. Am Fl\u00fcgelvorderrand kann man an diesem dunklen Rand einen hellen Fleck und einen weiteren etwas weiter innen erkennen. Die Unterseite der Fl\u00fcgel ist \u00fcberwiegend schwarz gef\u00e4rbt, dar\u00fcber hinaus findet sich nur der gelbe Rand, dessen Farbe deutlich blasser als auf der Oberseite ist. Die Fl\u00fcgelunterseiten sind \u00e4hnlich, wie die Oberseiten, jedoch unregelm\u00e4\u00dfig schmutzig gef\u00e4rbt. Der dunkle Bereich weist helle Flecken auf, der helle Rand dunkle.<br \/>\nDer Trauermantel wird heute in vielen Teilen Europas als mehr oder weniger stark gef\u00e4hrdet eingestuft und ist in seinen Populationen insbesondere in Mitteleuropa stark r\u00fcckl\u00e4ufig. Ausnahmen bilden feuchte und k\u00fchle Regionen. So sind sie unter anderem im Bergland zu finden.<\/p>\n<p><strong>Flugzeit:<\/strong> \u00a0\u00a0\u00a0 ab Ende Juli und nach der \u00dcberwinterung bis Juni in einer Generation.<\/p>\n<p>Zur Galerie <a href=\"https:\/\/woerrlein-naturfoto.de\/wordpress\/hauptseite-insekten\/insekten\/schmetterlinge-2\/edelfalter\/\">Edelfalter<\/a><\/p>\n<p><em>Quelle des Textauszuges und weitere Infos bei <\/em><a href=\"https:\/\/de.wikipedia.org\/wiki\/Feuriger_Perlmuttfalter\" target=\"_blank\" rel=\"noopener noreferrer\">Wikipedia<\/a><em> (<\/em><a href=\"http:\/\/www.gnu.org\/licenses\/fdl-1.3.txt\" target=\"_blank\" rel=\"noopener noreferrer\">GNU-Lizenz<\/a><em>)\u2013 mein Dank gilt den <\/em><a href=\"https:\/\/de.wikipedia.org\/w\/index.php?title=Trauermantel&amp;action=history\" target=\"_blank\" rel=\"noopener noreferrer\">Autoren<\/a><em>.<\/em><\/p>\n","protected":false},"excerpt":{"rendered":"<p>Insekten -&gt; Schmetterlinge-&gt;Edelfalter Insekten von A-Z zur Galerie Edelfalter Der Trauermantel (Nymphalis antiopa) ist ein Tagfalter aus der Familie der Edelfalter. Die Falter erreichen eine Fl\u00fcgelspannweite von 55 bis 75 Millimetern. Die Oberseite ihrer Fl\u00fcgel ist \u00fcberwiegend dunkelbraunviolett gef\u00e4rbt. Der Rand ist cremefarbig bis hellgelb und leicht gezackt. Nach der \u00dcberwinterung verblasst der gelbe Rand &hellip; <a href=\"https:\/\/woerrlein-naturfoto.de\/wordpress\/edelfalter-a-z\/trauermantel\/\" class=\"more-link\"><span class=\"screen-reader-text\">Trauermantel<\/span> weiterlesen <span class=\"meta-nav\">&rarr;<\/span><\/a><\/p>\n","protected":false},"author":1,"featured_media":0,"parent":11134,"menu_order":0,"comment_status":"closed","ping_status":"closed","template":"page-templates\/full-width.php","meta":{"footnotes":""},"class_list":["post-15221","page","type-page","status-publish","hentry"],"_links":{"self":[{"href":"https:\/\/woerrlein-naturfoto.de\/wordpress\/wp-json\/wp\/v2\/pages\/15221","targetHints":{"allow":["GET"]}}],"collection":[{"href":"https:\/\/woerrlein-naturfoto.de\/wordpress\/wp-json\/wp\/v2\/pages"}],"about":[{"href":"https:\/\/woerrlein-naturfoto.de\/wordpress\/wp-json\/wp\/v2\/types\/page"}],"author":[{"embeddable":true,"href":"https:\/\/woerrlein-naturfoto.de\/wordpress\/wp-json\/wp\/v2\/users\/1"}],"replies":[{"embeddable":true,"href":"https:\/\/woerrlein-naturfoto.de\/wordpress\/wp-json\/wp\/v2\/comments?post=15221"}],"version-history":[{"count":1,"href":"https:\/\/woerrlein-naturfoto.de\/wordpress\/wp-json\/wp\/v2\/pages\/15221\/revisions"}],"predecessor-version":[{"id":15222,"href":"https:\/\/woerrlein-naturfoto.de\/wordpress\/wp-json\/wp\/v2\/pages\/15221\/revisions\/15222"}],"up":[{"embeddable":true,"href":"https:\/\/woerrlein-naturfoto.de\/wordpress\/wp-json\/wp\/v2\/pages\/11134"}],"wp:attachment":[{"href":"https:\/\/woerrlein-naturfoto.de\/wordpress\/wp-json\/wp\/v2\/media?parent=15221"}],"curies":[{"name":"wp","href":"https:\/\/api.w.org\/{rel}","templated":true}]}}

<p><a href="http://woerrlein-naturfoto.de/wordpress/insekten/"><span style="color: #ffff00;">Insekten</span></a> -&gt; <span style="color: #ffff00;"><a style="color: #ffff00;" href="http://woerrlein-naturfoto.de/wordpress/hauptseite-insekten/insekten/schmetterlinge-2/">Schmetterlinge</a></span>-&gt;<a href="https://woerrlein-naturfoto.de/wordpress/hauptseite-insekten/insekten/schmetterlinge-2/edelfalter/"><span style="color: #ffff00;">Edelfalter</span></a><br />
<a title="Insekten A-Z" href="http://woerrlein-naturfoto.de/wordpress/insekten-a-z/">Insekten von A-Z</a><br />
zur Galerie <a href="https://woerrlein-naturfoto.de/wordpress/hauptseite-insekten/insekten/schmetterlinge-2/edelfalter/">Edelfalter</a></p>
<p><img loading="lazy" decoding="async" class="alignleft wp-image-15195" src="https://woerrlein-naturfoto.de/wordpress/wp-content/uploads/2019/10/Trauermantel_210603_6078-600x400.jpg" alt="" width="600" height="400" srcset="https://woerrlein-naturfoto.de/wordpress/wp-content/uploads/2019/10/Trauermantel_210603_6078-600x400.jpg 600w, https://woerrlein-naturfoto.de/wordpress/wp-content/uploads/2019/10/Trauermantel_210603_6078-768x512.jpg 768w, https://woerrlein-naturfoto.de/wordpress/wp-content/uploads/2019/10/Trauermantel_210603_6078-120x80.jpg 120w, https://woerrlein-naturfoto.de/wordpress/wp-content/uploads/2019/10/Trauermantel_210603_6078.jpg 1000w" sizes="auto, (max-width: 600px) 100vw, 600px" />Der <b>Trauermantel</b> (<i>Nymphalis antiopa</i>) ist ein Tagfalter aus der Familie der Edelfalter.<br />
Die Falter erreichen eine Flügelspannweite von 55 bis 75 Millimetern. Die Oberseite ihrer Flügel ist überwiegend dunkelbraunviolett gefärbt. Der Rand ist cremefarbig bis hellgelb und leicht gezackt. Nach der Überwinterung verblasst der gelbe Rand und ist dann weiß. Hinter dem gelben Rand schließt ein schwarzer Rand der zahlreiche aneinandergereihte, blaue Flecken einschließt, an. Am Flügelvorderrand kann man an diesem dunklen Rand einen hellen Fleck und einen weiteren etwas weiter innen erkennen. Die Unterseite der Flügel ist überwiegend schwarz gefärbt, darüber hinaus findet sich nur der gelbe Rand, dessen Farbe deutlich blasser als auf der Oberseite ist. Die Flügelunterseiten sind ähnlich, wie die Oberseiten, jedoch unregelmäßig schmutzig gefärbt. Der dunkle Bereich weist helle Flecken auf, der helle Rand dunkle.<br />
Der Trauermantel wird heute in vielen Teilen Europas als mehr oder weniger stark gefährdet eingestuft und ist in seinen Populationen insbesondere in Mitteleuropa stark rückläufig. Ausnahmen bilden feuchte und kühle Regionen. So sind sie unter anderem im Bergland zu finden.</p>
<p><strong>Flugzeit:</strong>     ab Ende Juli und nach der Überwinterung bis Juni in einer Generation.</p>
<p>Zur Galerie <a href="https://woerrlein-naturfoto.de/wordpress/hauptseite-insekten/insekten/schmetterlinge-2/edelfalter/">Edelfalter</a></p>
<p><em>Quelle des Textauszuges und weitere Infos bei </em><a href="https://de.wikipedia.org/wiki/Feuriger_Perlmuttfalter" target="_blank" rel="noopener noreferrer">Wikipedia</a><em> (</em><a href="http://www.gnu.org/licenses/fdl-1.3.txt" target="_blank" rel="noopener noreferrer">GNU-Lizenz</a><em>)– mein Dank gilt den </em><a href="https://de.wikipedia.org/w/index.php?title=Trauermantel&amp;action=history" target="_blank" rel="noopener noreferrer">Autoren</a><em>.</em></p>

<p>Insekten -&gt; Schmetterlinge-&gt;Edelfalter Insekten von A-Z zur Galerie Edelfalter Der Trauermantel (Nymphalis antiopa) ist ein Tagfalter aus der Familie der Edelfalter. Die Falter erreichen eine Flügelspannweite von 55 bis 75 Millimetern. Die Oberseite ihrer Flügel ist überwiegend dunkelbraunviolett gefärbt. Der Rand ist cremefarbig bis hellgelb und leicht gezackt. Nach der Überwinterung verblasst der gelbe Rand &hellip; <a href="https://woerrlein-naturfoto.de/wordpress/edelfalter-a-z/trauermantel/" class="more-link"><span class="screen-reader-text">Trauermantel</span> weiterlesen <span class="meta-nav">&rarr;</span></a></p>
