{"id":15215,"date":"2022-07-26T16:10:35","date_gmt":"2022-07-26T14:10:35","guid":{"rendered":"https:\/\/woerrlein-naturfoto.de\/wordpress\/?page_id=15215"},"modified":"2022-07-26T16:13:02","modified_gmt":"2022-07-26T14:13:02","slug":"kleiner-schillerfalter","status":"publish","type":"page","link":"https:\/\/woerrlein-naturfoto.de\/wordpress\/edelfalter-a-z\/kleiner-schillerfalter\/","title":{"rendered":"Kleiner Schillerfalter"},"content":{"rendered":"<p><a href=\"http:\/\/woerrlein-naturfoto.de\/wordpress\/insekten\/\"><span style=\"color: #ffff00;\">Insekten<\/span><\/a> -&gt; <span style=\"color: #ffff00;\"><a style=\"color: #ffff00;\" href=\"http:\/\/woerrlein-naturfoto.de\/wordpress\/hauptseite-insekten\/insekten\/schmetterlinge-2\/\">Schmetterlinge<\/a><\/span>-&gt;<a href=\"https:\/\/woerrlein-naturfoto.de\/wordpress\/hauptseite-insekten\/insekten\/schmetterlinge-2\/edelfalter\/\"><span style=\"color: #ffff00;\">Edelfalter<\/span><\/a><br \/>\n<a title=\"Insekten A-Z\" href=\"http:\/\/woerrlein-naturfoto.de\/wordpress\/insekten-a-z\/\">Insekten von A-Z<\/a><br \/>\nzur Galerie <a href=\"https:\/\/woerrlein-naturfoto.de\/wordpress\/hauptseite-insekten\/insekten\/schmetterlinge-2\/edelfalter\/\">Edelfalter<\/a><\/p>\n<p><img loading=\"lazy\" decoding=\"async\" class=\"alignleft wp-image-15183\" src=\"https:\/\/woerrlein-naturfoto.de\/wordpress\/wp-content\/uploads\/2019\/10\/KleinerSchillerfalter_220619_6566-600x400.jpg\" alt=\"\" width=\"600\" height=\"400\" srcset=\"https:\/\/woerrlein-naturfoto.de\/wordpress\/wp-content\/uploads\/2019\/10\/KleinerSchillerfalter_220619_6566-600x400.jpg 600w, https:\/\/woerrlein-naturfoto.de\/wordpress\/wp-content\/uploads\/2019\/10\/KleinerSchillerfalter_220619_6566-768x512.jpg 768w, https:\/\/woerrlein-naturfoto.de\/wordpress\/wp-content\/uploads\/2019\/10\/KleinerSchillerfalter_220619_6566-120x80.jpg 120w, https:\/\/woerrlein-naturfoto.de\/wordpress\/wp-content\/uploads\/2019\/10\/KleinerSchillerfalter_220619_6566.jpg 1000w\" sizes=\"auto, (max-width: 600px) 100vw, 600px\" \/>Der <b>Kleine Schillerfalter<\/b> (<i>Apatura ilia<\/i>) ist einTagfalter der Gattung <i>Apatura<\/i> in der Familie der Edelfalter.<br \/>\nDer Kleine Schillerfalter \u00e4hnelt dem <a href=\"https:\/\/woerrlein-naturfoto.de\/wordpress\/edelfalter-a-z\/grosser-schillerfalter\/\" target=\"_blank\" rel=\"noopener\">Gro\u00dfen Schillerfalter<\/a> (<i>Apatura iris<\/i>) sowie dem in S\u00fcdosteuropa vorkommenden \u00d6stlichen Schillerfalter (<i>Apatura metis<\/i>). Bei allen drei Arten zeigen die m\u00e4nnlichen Imagines bl\u00e4ulich schillernde Strukturfarben auf der Fl\u00fcgeloberseite dorsal. Der Kleine Schillerfalter erreicht eine Fl\u00fcgelspannweite von 55 bis 60 Millimetern. Damit ist der Gr\u00f6\u00dfenunterschied zum Gro\u00dfen Schillerfalter so gering, dass er meist erst auff\u00e4llt, wenn die Tiere nebeneinander zu sehen sind. Beide Arten kommen oft gemeinsam an denselben Standorten vor; sie sitzen mitunter dicht beieinander, wenn sie an Pf\u00fctzen oder Kot Mineralien aufsaugen.<br \/>\nAuf der Vorderfl\u00fcgel-Oberseite tr\u00e4gt der Kleine Schillerfalter einen ringf\u00f6rmig r\u00f6tlich gefassten dunklen Fleck, der dem Gro\u00dfen Schillerfalter fehlt. Zudem sind die Vorderfl\u00fcgel des Kleinen Schillerfalters auch proportional etwas k\u00fcrzer und laufen weniger spitz zu. Die Hinterfl\u00fcgel-Oberseite tr\u00e4gt basisnah eine helle Querbinde sowie au\u00dfenhin einen kleineren augenf\u00f6rmigen Fleck, \u00e4hnlich wie beim Gro\u00dfen Schillerfalter. Beim Kleinen Schillerfalter ist die Spitze des F\u00fchlerkolbens mindestens zu einem Viertel gelbbraun gef\u00e4rbt, beim Gro\u00dfen Schillerfalter allenfalls die \u00e4u\u00dferste F\u00fchlerspitze.<br \/>\nEin wichtiges Unterscheidungsmerkmal ist die F\u00e4rbung und Musterung der Fl\u00fcgel auf der Ventralseite, die beim Kleinen Schillerfalter wenig kontrastreich ist. Beim Gro\u00dfen Schillerfalter hat die gesamte Unterseite eine kr\u00e4ftig kontrastierende kastanienbraun-wei\u00dfe F\u00e4rbung, mit wei\u00dfem Keil auf der Hinterfl\u00fcgelunterseite, beim Kleinen Schillerfalter ist sie dagegen eher verwaschen mit einer gelbbraunen T\u00f6nung.<br \/>\nZum Lebensraum des Kleinen Schillerfalters z\u00e4hlen Lichtungen, Schneisen und Ziehwege in Laubw\u00e4ldern, an deren R\u00e4ndern die Futterpflanzen wachsen, jedoch auch bewaldete Flusst\u00e4ler, insbesondere Flussufer mit Vorkommen der <a class=\"mw-redirect\" title=\"Silberweide\" href=\"https:\/\/de.wikipedia.org\/wiki\/Silberweide\" target=\"_blank\" rel=\"noopener\">Silberweide<\/a> <i>Salix alba<\/i>.<\/p>\n<p><strong>Flugzeit:<\/strong> \u00a0\u00a0\u00a0 Juni bis Juli und August bis September\u00a0 in einer oder zwei Generationen &#8211; in Deutschland wird eine zweite Generation nur unter sehr g\u00fcnstigen klimatischen Bedingungen gebildet.<\/p>\n<p>Zur Galerie <a href=\"https:\/\/woerrlein-naturfoto.de\/wordpress\/hauptseite-insekten\/insekten\/schmetterlinge-2\/edelfalter\/\">Edelfalter<\/a><\/p>\n<p><em>Quelle des Textauszuges und weitere Infos bei <\/em><a href=\"https:\/\/de.wikipedia.org\/wiki\/Kleiner_Schillerfalter\" target=\"_blank\" rel=\"noopener noreferrer\">Wikipedia<\/a><em> (<\/em><a href=\"http:\/\/www.gnu.org\/licenses\/fdl-1.3.txt\" target=\"_blank\" rel=\"noopener noreferrer\">GNU-Lizenz<\/a><em>)\u2013 mein Dank gilt den <\/em><a href=\"https:\/\/de.wikipedia.org\/w\/index.php?title=Feuriger_Perlmuttfalter&amp;action=history\" target=\"_blank\" rel=\"noopener noreferrer\">Autoren<\/a><em>.<\/em><\/p>\n","protected":false},"excerpt":{"rendered":"<p>Insekten -&gt; Schmetterlinge-&gt;Edelfalter Insekten von A-Z zur Galerie Edelfalter Der Kleine Schillerfalter (Apatura ilia) ist einTagfalter der Gattung Apatura in der Familie der Edelfalter. Der Kleine Schillerfalter \u00e4hnelt dem Gro\u00dfen Schillerfalter (Apatura iris) sowie dem in S\u00fcdosteuropa vorkommenden \u00d6stlichen Schillerfalter (Apatura metis). Bei allen drei Arten zeigen die m\u00e4nnlichen Imagines bl\u00e4ulich schillernde Strukturfarben auf der &hellip; <a href=\"https:\/\/woerrlein-naturfoto.de\/wordpress\/edelfalter-a-z\/kleiner-schillerfalter\/\" class=\"more-link\"><span class=\"screen-reader-text\">Kleiner Schillerfalter<\/span> weiterlesen <span class=\"meta-nav\">&rarr;<\/span><\/a><\/p>\n","protected":false},"author":1,"featured_media":0,"parent":11134,"menu_order":0,"comment_status":"closed","ping_status":"closed","template":"page-templates\/full-width.php","meta":{"footnotes":""},"class_list":["post-15215","page","type-page","status-publish","hentry"],"_links":{"self":[{"href":"https:\/\/woerrlein-naturfoto.de\/wordpress\/wp-json\/wp\/v2\/pages\/15215","targetHints":{"allow":["GET"]}}],"collection":[{"href":"https:\/\/woerrlein-naturfoto.de\/wordpress\/wp-json\/wp\/v2\/pages"}],"about":[{"href":"https:\/\/woerrlein-naturfoto.de\/wordpress\/wp-json\/wp\/v2\/types\/page"}],"author":[{"embeddable":true,"href":"https:\/\/woerrlein-naturfoto.de\/wordpress\/wp-json\/wp\/v2\/users\/1"}],"replies":[{"embeddable":true,"href":"https:\/\/woerrlein-naturfoto.de\/wordpress\/wp-json\/wp\/v2\/comments?post=15215"}],"version-history":[{"count":3,"href":"https:\/\/woerrlein-naturfoto.de\/wordpress\/wp-json\/wp\/v2\/pages\/15215\/revisions"}],"predecessor-version":[{"id":15218,"href":"https:\/\/woerrlein-naturfoto.de\/wordpress\/wp-json\/wp\/v2\/pages\/15215\/revisions\/15218"}],"up":[{"embeddable":true,"href":"https:\/\/woerrlein-naturfoto.de\/wordpress\/wp-json\/wp\/v2\/pages\/11134"}],"wp:attachment":[{"href":"https:\/\/woerrlein-naturfoto.de\/wordpress\/wp-json\/wp\/v2\/media?parent=15215"}],"curies":[{"name":"wp","href":"https:\/\/api.w.org\/{rel}","templated":true}]}}

<p><a href="http://woerrlein-naturfoto.de/wordpress/insekten/"><span style="color: #ffff00;">Insekten</span></a> -&gt; <span style="color: #ffff00;"><a style="color: #ffff00;" href="http://woerrlein-naturfoto.de/wordpress/hauptseite-insekten/insekten/schmetterlinge-2/">Schmetterlinge</a></span>-&gt;<a href="https://woerrlein-naturfoto.de/wordpress/hauptseite-insekten/insekten/schmetterlinge-2/edelfalter/"><span style="color: #ffff00;">Edelfalter</span></a><br />
<a title="Insekten A-Z" href="http://woerrlein-naturfoto.de/wordpress/insekten-a-z/">Insekten von A-Z</a><br />
zur Galerie <a href="https://woerrlein-naturfoto.de/wordpress/hauptseite-insekten/insekten/schmetterlinge-2/edelfalter/">Edelfalter</a></p>
<p><img loading="lazy" decoding="async" class="alignleft wp-image-15183" src="https://woerrlein-naturfoto.de/wordpress/wp-content/uploads/2019/10/KleinerSchillerfalter_220619_6566-600x400.jpg" alt="" width="600" height="400" srcset="https://woerrlein-naturfoto.de/wordpress/wp-content/uploads/2019/10/KleinerSchillerfalter_220619_6566-600x400.jpg 600w, https://woerrlein-naturfoto.de/wordpress/wp-content/uploads/2019/10/KleinerSchillerfalter_220619_6566-768x512.jpg 768w, https://woerrlein-naturfoto.de/wordpress/wp-content/uploads/2019/10/KleinerSchillerfalter_220619_6566-120x80.jpg 120w, https://woerrlein-naturfoto.de/wordpress/wp-content/uploads/2019/10/KleinerSchillerfalter_220619_6566.jpg 1000w" sizes="auto, (max-width: 600px) 100vw, 600px" />Der <b>Kleine Schillerfalter</b> (<i>Apatura ilia</i>) ist einTagfalter der Gattung <i>Apatura</i> in der Familie der Edelfalter.<br />
Der Kleine Schillerfalter ähnelt dem <a href="https://woerrlein-naturfoto.de/wordpress/edelfalter-a-z/grosser-schillerfalter/" target="_blank" rel="noopener">Großen Schillerfalter</a> (<i>Apatura iris</i>) sowie dem in Südosteuropa vorkommenden Östlichen Schillerfalter (<i>Apatura metis</i>). Bei allen drei Arten zeigen die männlichen Imagines bläulich schillernde Strukturfarben auf der Flügeloberseite dorsal. Der Kleine Schillerfalter erreicht eine Flügelspannweite von 55 bis 60 Millimetern. Damit ist der Größenunterschied zum Großen Schillerfalter so gering, dass er meist erst auffällt, wenn die Tiere nebeneinander zu sehen sind. Beide Arten kommen oft gemeinsam an denselben Standorten vor; sie sitzen mitunter dicht beieinander, wenn sie an Pfützen oder Kot Mineralien aufsaugen.<br />
Auf der Vorderflügel-Oberseite trägt der Kleine Schillerfalter einen ringförmig rötlich gefassten dunklen Fleck, der dem Großen Schillerfalter fehlt. Zudem sind die Vorderflügel des Kleinen Schillerfalters auch proportional etwas kürzer und laufen weniger spitz zu. Die Hinterflügel-Oberseite trägt basisnah eine helle Querbinde sowie außenhin einen kleineren augenförmigen Fleck, ähnlich wie beim Großen Schillerfalter. Beim Kleinen Schillerfalter ist die Spitze des Fühlerkolbens mindestens zu einem Viertel gelbbraun gefärbt, beim Großen Schillerfalter allenfalls die äußerste Fühlerspitze.<br />
Ein wichtiges Unterscheidungsmerkmal ist die Färbung und Musterung der Flügel auf der Ventralseite, die beim Kleinen Schillerfalter wenig kontrastreich ist. Beim Großen Schillerfalter hat die gesamte Unterseite eine kräftig kontrastierende kastanienbraun-weiße Färbung, mit weißem Keil auf der Hinterflügelunterseite, beim Kleinen Schillerfalter ist sie dagegen eher verwaschen mit einer gelbbraunen Tönung.<br />
Zum Lebensraum des Kleinen Schillerfalters zählen Lichtungen, Schneisen und Ziehwege in Laubwäldern, an deren Rändern die Futterpflanzen wachsen, jedoch auch bewaldete Flusstäler, insbesondere Flussufer mit Vorkommen der <a class="mw-redirect" title="Silberweide" href="https://de.wikipedia.org/wiki/Silberweide" target="_blank" rel="noopener">Silberweide</a> <i>Salix alba</i>.</p>
<p><strong>Flugzeit:</strong>     Juni bis Juli und August bis September  in einer oder zwei Generationen &#8211; in Deutschland wird eine zweite Generation nur unter sehr günstigen klimatischen Bedingungen gebildet.</p>
<p>Zur Galerie <a href="https://woerrlein-naturfoto.de/wordpress/hauptseite-insekten/insekten/schmetterlinge-2/edelfalter/">Edelfalter</a></p>
<p><em>Quelle des Textauszuges und weitere Infos bei </em><a href="https://de.wikipedia.org/wiki/Kleiner_Schillerfalter" target="_blank" rel="noopener noreferrer">Wikipedia</a><em> (</em><a href="http://www.gnu.org/licenses/fdl-1.3.txt" target="_blank" rel="noopener noreferrer">GNU-Lizenz</a><em>)– mein Dank gilt den </em><a href="https://de.wikipedia.org/w/index.php?title=Feuriger_Perlmuttfalter&amp;action=history" target="_blank" rel="noopener noreferrer">Autoren</a><em>.</em></p>

<p>Insekten -&gt; Schmetterlinge-&gt;Edelfalter Insekten von A-Z zur Galerie Edelfalter Der Kleine Schillerfalter (Apatura ilia) ist einTagfalter der Gattung Apatura in der Familie der Edelfalter. Der Kleine Schillerfalter ähnelt dem Großen Schillerfalter (Apatura iris) sowie dem in Südosteuropa vorkommenden Östlichen Schillerfalter (Apatura metis). Bei allen drei Arten zeigen die männlichen Imagines bläulich schillernde Strukturfarben auf der &hellip; <a href="https://woerrlein-naturfoto.de/wordpress/edelfalter-a-z/kleiner-schillerfalter/" class="more-link"><span class="screen-reader-text">Kleiner Schillerfalter</span> weiterlesen <span class="meta-nav">&rarr;</span></a></p>
