{"id":15208,"date":"2022-07-26T15:38:00","date_gmt":"2022-07-26T13:38:00","guid":{"rendered":"https:\/\/woerrlein-naturfoto.de\/wordpress\/?page_id=15208"},"modified":"2022-07-26T15:38:00","modified_gmt":"2022-07-26T13:38:00","slug":"baldrian-scheckenfalter","status":"publish","type":"page","link":"https:\/\/woerrlein-naturfoto.de\/wordpress\/edelfalter-a-z\/baldrian-scheckenfalter\/","title":{"rendered":"Baldrian-Scheckenfalter"},"content":{"rendered":"<p><span style=\"color: #ffff00;\"><a href=\"http:\/\/woerrlein-naturfoto.de\/wordpress\/insekten\/\"><span style=\"color: #ffff66;\"><span style=\"color: #ffff00;\">Insekten<\/span><\/span><\/a><\/span> -&gt; <span style=\"color: #ffff00;\"><a href=\"http:\/\/woerrlein-naturfoto.de\/wordpress\/hauptseite-insekten\/insekten\/schmetterlinge-2\/\"><span style=\"color: #ffff66;\"><span style=\"color: #ffff00;\">Schmetterlinge<\/span><\/span><\/a><\/span>-&gt;<a href=\"https:\/\/woerrlein-naturfoto.de\/wordpress\/hauptseite-insekten\/insekten\/schmetterlinge-2\/edelfalter\/\"><span style=\"color: #ffff66;\"><span style=\"color: #ffff00;\">Edelfalter<\/span><\/span><\/a><br \/>\n<a title=\"Insekten A-Z\" href=\"http:\/\/woerrlein-naturfoto.de\/wordpress\/insekten-a-z\/\">Insekten von A-Z<\/a><br \/>\nzur Galerie <a href=\"https:\/\/woerrlein-naturfoto.de\/wordpress\/hauptseite-insekten\/insekten\/schmetterlinge-2\/edelfalter\/\">Edelfalter<\/a><\/p>\n<p><img loading=\"lazy\" decoding=\"async\" class=\"alignleft wp-image-15167\" src=\"https:\/\/woerrlein-naturfoto.de\/wordpress\/wp-content\/uploads\/2019\/10\/BaldrianScheckenfalter_AW_79286-600x400.jpg\" alt=\"\" width=\"600\" height=\"400\" srcset=\"https:\/\/woerrlein-naturfoto.de\/wordpress\/wp-content\/uploads\/2019\/10\/BaldrianScheckenfalter_AW_79286-600x400.jpg 600w, https:\/\/woerrlein-naturfoto.de\/wordpress\/wp-content\/uploads\/2019\/10\/BaldrianScheckenfalter_AW_79286-768x512.jpg 768w, https:\/\/woerrlein-naturfoto.de\/wordpress\/wp-content\/uploads\/2019\/10\/BaldrianScheckenfalter_AW_79286-120x80.jpg 120w, https:\/\/woerrlein-naturfoto.de\/wordpress\/wp-content\/uploads\/2019\/10\/BaldrianScheckenfalter_AW_79286.jpg 1000w\" sizes=\"auto, (max-width: 600px) 100vw, 600px\" \/>Der <b>Baldrian-Scheckenfalter<\/b> oder <b>Silberscheckenfalter<\/b> (<i>Melitaea diamina<\/i>) ist ein Tagfalter aus der Familie der Edelfalter.<br \/>\nDie Falter erreichen eine Fl\u00fcgelspannweite von ca. 33 Millimetern. Sie haben die typische Zeichnung ihrer Gattung, diese ist aber, besonders auf den Hinterfl\u00fcgeln, sehr stark verdunkelt. Sie haben eine dunkelbraune Grundf\u00e4rbung, neben der vor allem auf den Vorderfl\u00fcgeln, aber auch auf den Hinterfl\u00fcgeln orange Flecken verteilt sind. Die Unterseiten der Hinterfl\u00fcgel sind lebhaft orange, gelb und wei\u00df gef\u00e4rbt. Am Rand finden sich wei\u00dfliche Randmonde, die nach innen hin an orange Felder angrenzen, in denen Flecken enthalten sind, die zumindest teilweise bei manchen zur H\u00e4lfte schwarz und wei\u00df sind.<br \/>\nDie Tiere sind in Mitteleuropa weit verbreitet, in Norddeutschland aber selten. Sie kommen auch in weiten Teilen Asiens vor. Sie sind nur stellenweise h\u00e4ufig und leben an feuchten und sonnigen Orten, wie z.\u00a0B. auf Streuwiesen am Rand von Mooren aber auch in feuchten und lichtdurchfluteten W\u00e4ldern und mancherorts auch auf Trockenrasen.<\/p>\n<p><strong>Flugzeit:<\/strong> \u00a0\u00a0\u00a0\u00a0 Mai bis Juli in einer Generation &#8211; in warmen Regionen fliegt eine zweite Generation von August bis September.<\/p>\n<p>Zur Galerie <a href=\"https:\/\/woerrlein-naturfoto.de\/wordpress\/hauptseite-insekten\/insekten\/schmetterlinge-2\/edelfalter\/\">Edelfalter<\/a><\/p>\n<p><em>Quelle des Textauszuges und weitere Infos bei <\/em><a href=\"https:\/\/de.wikipedia.org\/wiki\/Baldrian-Scheckenfalter\" target=\"_blank\" rel=\"noopener noreferrer\">Wikipedia<\/a><em> (<\/em><a href=\"http:\/\/www.gnu.org\/licenses\/fdl-1.3.txt\" target=\"_blank\" rel=\"noopener noreferrer\">GNU-Lizenz<\/a><em>)\u2013 mein Dank gilt den <\/em><a href=\"https:\/\/de.wikipedia.org\/w\/index.php?title=Baldrian-Scheckenfalter&amp;action=history\" target=\"_blank\" rel=\"noopener noreferrer\">Autoren<\/a><em>.<\/em><\/p>\n","protected":false},"excerpt":{"rendered":"<p>Insekten -&gt; Schmetterlinge-&gt;Edelfalter Insekten von A-Z zur Galerie Edelfalter Der Baldrian-Scheckenfalter oder Silberscheckenfalter (Melitaea diamina) ist ein Tagfalter aus der Familie der Edelfalter. Die Falter erreichen eine Fl\u00fcgelspannweite von ca. 33 Millimetern. Sie haben die typische Zeichnung ihrer Gattung, diese ist aber, besonders auf den Hinterfl\u00fcgeln, sehr stark verdunkelt. Sie haben eine dunkelbraune Grundf\u00e4rbung, neben &hellip; <a href=\"https:\/\/woerrlein-naturfoto.de\/wordpress\/edelfalter-a-z\/baldrian-scheckenfalter\/\" class=\"more-link\"><span class=\"screen-reader-text\">Baldrian-Scheckenfalter<\/span> weiterlesen <span class=\"meta-nav\">&rarr;<\/span><\/a><\/p>\n","protected":false},"author":1,"featured_media":0,"parent":11134,"menu_order":0,"comment_status":"closed","ping_status":"closed","template":"page-templates\/full-width.php","meta":{"footnotes":""},"class_list":["post-15208","page","type-page","status-publish","hentry"],"_links":{"self":[{"href":"https:\/\/woerrlein-naturfoto.de\/wordpress\/wp-json\/wp\/v2\/pages\/15208","targetHints":{"allow":["GET"]}}],"collection":[{"href":"https:\/\/woerrlein-naturfoto.de\/wordpress\/wp-json\/wp\/v2\/pages"}],"about":[{"href":"https:\/\/woerrlein-naturfoto.de\/wordpress\/wp-json\/wp\/v2\/types\/page"}],"author":[{"embeddable":true,"href":"https:\/\/woerrlein-naturfoto.de\/wordpress\/wp-json\/wp\/v2\/users\/1"}],"replies":[{"embeddable":true,"href":"https:\/\/woerrlein-naturfoto.de\/wordpress\/wp-json\/wp\/v2\/comments?post=15208"}],"version-history":[{"count":1,"href":"https:\/\/woerrlein-naturfoto.de\/wordpress\/wp-json\/wp\/v2\/pages\/15208\/revisions"}],"predecessor-version":[{"id":15209,"href":"https:\/\/woerrlein-naturfoto.de\/wordpress\/wp-json\/wp\/v2\/pages\/15208\/revisions\/15209"}],"up":[{"embeddable":true,"href":"https:\/\/woerrlein-naturfoto.de\/wordpress\/wp-json\/wp\/v2\/pages\/11134"}],"wp:attachment":[{"href":"https:\/\/woerrlein-naturfoto.de\/wordpress\/wp-json\/wp\/v2\/media?parent=15208"}],"curies":[{"name":"wp","href":"https:\/\/api.w.org\/{rel}","templated":true}]}}

<p><span style="color: #ffff00;"><a href="http://woerrlein-naturfoto.de/wordpress/insekten/"><span style="color: #ffff66;"><span style="color: #ffff00;">Insekten</span></span></a></span> -&gt; <span style="color: #ffff00;"><a href="http://woerrlein-naturfoto.de/wordpress/hauptseite-insekten/insekten/schmetterlinge-2/"><span style="color: #ffff66;"><span style="color: #ffff00;">Schmetterlinge</span></span></a></span>-&gt;<a href="https://woerrlein-naturfoto.de/wordpress/hauptseite-insekten/insekten/schmetterlinge-2/edelfalter/"><span style="color: #ffff66;"><span style="color: #ffff00;">Edelfalter</span></span></a><br />
<a title="Insekten A-Z" href="http://woerrlein-naturfoto.de/wordpress/insekten-a-z/">Insekten von A-Z</a><br />
zur Galerie <a href="https://woerrlein-naturfoto.de/wordpress/hauptseite-insekten/insekten/schmetterlinge-2/edelfalter/">Edelfalter</a></p>
<p><img loading="lazy" decoding="async" class="alignleft wp-image-15167" src="https://woerrlein-naturfoto.de/wordpress/wp-content/uploads/2019/10/BaldrianScheckenfalter_AW_79286-600x400.jpg" alt="" width="600" height="400" srcset="https://woerrlein-naturfoto.de/wordpress/wp-content/uploads/2019/10/BaldrianScheckenfalter_AW_79286-600x400.jpg 600w, https://woerrlein-naturfoto.de/wordpress/wp-content/uploads/2019/10/BaldrianScheckenfalter_AW_79286-768x512.jpg 768w, https://woerrlein-naturfoto.de/wordpress/wp-content/uploads/2019/10/BaldrianScheckenfalter_AW_79286-120x80.jpg 120w, https://woerrlein-naturfoto.de/wordpress/wp-content/uploads/2019/10/BaldrianScheckenfalter_AW_79286.jpg 1000w" sizes="auto, (max-width: 600px) 100vw, 600px" />Der <b>Baldrian-Scheckenfalter</b> oder <b>Silberscheckenfalter</b> (<i>Melitaea diamina</i>) ist ein Tagfalter aus der Familie der Edelfalter.<br />
Die Falter erreichen eine Flügelspannweite von ca. 33 Millimetern. Sie haben die typische Zeichnung ihrer Gattung, diese ist aber, besonders auf den Hinterflügeln, sehr stark verdunkelt. Sie haben eine dunkelbraune Grundfärbung, neben der vor allem auf den Vorderflügeln, aber auch auf den Hinterflügeln orange Flecken verteilt sind. Die Unterseiten der Hinterflügel sind lebhaft orange, gelb und weiß gefärbt. Am Rand finden sich weißliche Randmonde, die nach innen hin an orange Felder angrenzen, in denen Flecken enthalten sind, die zumindest teilweise bei manchen zur Hälfte schwarz und weiß sind.<br />
Die Tiere sind in Mitteleuropa weit verbreitet, in Norddeutschland aber selten. Sie kommen auch in weiten Teilen Asiens vor. Sie sind nur stellenweise häufig und leben an feuchten und sonnigen Orten, wie z. B. auf Streuwiesen am Rand von Mooren aber auch in feuchten und lichtdurchfluteten Wäldern und mancherorts auch auf Trockenrasen.</p>
<p><strong>Flugzeit:</strong>      Mai bis Juli in einer Generation &#8211; in warmen Regionen fliegt eine zweite Generation von August bis September.</p>
<p>Zur Galerie <a href="https://woerrlein-naturfoto.de/wordpress/hauptseite-insekten/insekten/schmetterlinge-2/edelfalter/">Edelfalter</a></p>
<p><em>Quelle des Textauszuges und weitere Infos bei </em><a href="https://de.wikipedia.org/wiki/Baldrian-Scheckenfalter" target="_blank" rel="noopener noreferrer">Wikipedia</a><em> (</em><a href="http://www.gnu.org/licenses/fdl-1.3.txt" target="_blank" rel="noopener noreferrer">GNU-Lizenz</a><em>)– mein Dank gilt den </em><a href="https://de.wikipedia.org/w/index.php?title=Baldrian-Scheckenfalter&amp;action=history" target="_blank" rel="noopener noreferrer">Autoren</a><em>.</em></p>

<p>Insekten -&gt; Schmetterlinge-&gt;Edelfalter Insekten von A-Z zur Galerie Edelfalter Der Baldrian-Scheckenfalter oder Silberscheckenfalter (Melitaea diamina) ist ein Tagfalter aus der Familie der Edelfalter. Die Falter erreichen eine Flügelspannweite von ca. 33 Millimetern. Sie haben die typische Zeichnung ihrer Gattung, diese ist aber, besonders auf den Hinterflügeln, sehr stark verdunkelt. Sie haben eine dunkelbraune Grundfärbung, neben &hellip; <a href="https://woerrlein-naturfoto.de/wordpress/edelfalter-a-z/baldrian-scheckenfalter/" class="more-link"><span class="screen-reader-text">Baldrian-Scheckenfalter</span> weiterlesen <span class="meta-nav">&rarr;</span></a></p>
