{"id":15144,"date":"2022-07-25T16:57:55","date_gmt":"2022-07-25T14:57:55","guid":{"rendered":"https:\/\/woerrlein-naturfoto.de\/wordpress\/?page_id=15144"},"modified":"2022-07-25T17:06:59","modified_gmt":"2022-07-25T15:06:59","slug":"malven-dickkopffalter","status":"publish","type":"page","link":"https:\/\/woerrlein-naturfoto.de\/wordpress\/verschiedene-schmetterlinge-a-z\/malven-dickkopffalter\/","title":{"rendered":"Malven-Dickkopffalter"},"content":{"rendered":"<p><a href=\"http:\/\/woerrlein-naturfoto.de\/wordpress\/insekten\/\"><span style=\"color: #ffff66;\">Insekten<\/span> <\/a>-&gt;<a href=\"http:\/\/woerrlein-naturfoto.de\/wordpress\/hauptseite-insekten\/insekten\/schmetterlinge-2\/\"> <span style=\"color: #ffff66;\">Schmetterlinge<\/span><\/a><br \/>\n<a title=\"Insekten A-Z\" href=\"http:\/\/woerrlein-naturfoto.de\/wordpress\/insekten-a-z\/\">Insekten von A-Z<\/a><br \/>\nzur Galerie <a href=\"https:\/\/woerrlein-naturfoto.de\/wordpress\/hauptseite-insekten\/insekten\/schmetterlinge-2\/wildes-durcheinander\/\">sonstige Schmetterlinge<\/a><\/p>\n<p><img loading=\"lazy\" decoding=\"async\" class=\"alignleft wp-image-15143\" src=\"https:\/\/woerrlein-naturfoto.de\/wordpress\/wp-content\/uploads\/2019\/10\/Malvendickkopffalter_AW_80471-300x400.jpg\" alt=\"\" width=\"300\" height=\"400\" srcset=\"https:\/\/woerrlein-naturfoto.de\/wordpress\/wp-content\/uploads\/2019\/10\/Malvendickkopffalter_AW_80471-300x400.jpg 300w, https:\/\/woerrlein-naturfoto.de\/wordpress\/wp-content\/uploads\/2019\/10\/Malvendickkopffalter_AW_80471.jpg 638w\" sizes=\"auto, (max-width: 300px) 100vw, 300px\" \/>Der <b>Malven-Dickkopffalter<\/b> (<i>Carcharodus alceae<\/i>) ist ein Schmetterling aus der Familie der Dickkopffalter.<br \/>\nDie Falter erreichen eine Fl\u00fcgelspannweite von 23 bis 30 Millimetern. Ihre Fl\u00fcgeloberseiten sind mit bunten, in mehreren Braunt\u00f6nen und teilweise gelblichen, gr\u00e4ulichen und orangen Rechtecken gemustert. Auf den Vorderfl\u00fcgeln verlaufen vom Rand zur Fl\u00fcgelmitte hin kurze, wei\u00dfe Querstreifen.<br \/>\nDie Tiere kommen in S\u00fcd- und Mitteleuropa, in der T\u00fcrkei und Teilen Zentralasiens bis in eine H\u00f6he von 2.000 Metern vor. In Mitteleuropa sind sie besonders im S\u00fcden (z.\u00a0B. Schw\u00e4bische Alb und Oberrhein) anzutreffen. Sie leben in warmen, trockenen und sonnigen Gebieten, wie z.\u00a0B. in Kiesgruben, Steinbr\u00fcchen auf Trockenrasen oder \u00d6dland. Ihre Populationen schwanken jahresweise oft sehr stark.<sup id=\"cite_ref-Bellmann_2-2\" class=\"reference\"><\/sup><\/p>\n<p><strong>Flugzeit:<\/strong> \u00a0\u00a0\u00a0 Mitte Mai bis Ende Juni und\u00a0 Mitte Juli bis Anfang September in zwei Generationen.<\/p>\n<p>Zur Galerie <a href=\"https:\/\/woerrlein-naturfoto.de\/wordpress\/hauptseite-insekten\/insekten\/schmetterlinge-2\/wildes-durcheinander\/\">sonstige Schmetterlinge<\/a><\/p>\n<p><em>Quelle des Textauszuges und weitere Infos bei <\/em><a href=\"https:\/\/de.wikipedia.org\/wiki\/Malven-Dickkopffalter\" target=\"_blank\" rel=\"noopener noreferrer\">Wikipedia<\/a><em> (<\/em><a href=\"http:\/\/www.gnu.org\/licenses\/fdl-1.3.txt\" target=\"_blank\" rel=\"noopener noreferrer\">GNU-Lizenz<\/a><em>)\u2013 mein Dank gilt den <\/em><a href=\"https:\/\/de.wikipedia.org\/w\/index.php?title=Malven-Dickkopffalter&amp;action=history\" target=\"_blank\" rel=\"noopener noreferrer\">Autoren<\/a><em>.<\/em><\/p>\n","protected":false},"excerpt":{"rendered":"<p>Insekten -&gt; Schmetterlinge Insekten von A-Z zur Galerie sonstige Schmetterlinge Der Malven-Dickkopffalter (Carcharodus alceae) ist ein Schmetterling aus der Familie der Dickkopffalter. Die Falter erreichen eine Fl\u00fcgelspannweite von 23 bis 30 Millimetern. Ihre Fl\u00fcgeloberseiten sind mit bunten, in mehreren Braunt\u00f6nen und teilweise gelblichen, gr\u00e4ulichen und orangen Rechtecken gemustert. Auf den Vorderfl\u00fcgeln verlaufen vom Rand zur &hellip; <a href=\"https:\/\/woerrlein-naturfoto.de\/wordpress\/verschiedene-schmetterlinge-a-z\/malven-dickkopffalter\/\" class=\"more-link\"><span class=\"screen-reader-text\">Malven-Dickkopffalter<\/span> weiterlesen <span class=\"meta-nav\">&rarr;<\/span><\/a><\/p>\n","protected":false},"author":1,"featured_media":0,"parent":11203,"menu_order":0,"comment_status":"closed","ping_status":"closed","template":"page-templates\/full-width.php","meta":{"footnotes":""},"class_list":["post-15144","page","type-page","status-publish","hentry"],"_links":{"self":[{"href":"https:\/\/woerrlein-naturfoto.de\/wordpress\/wp-json\/wp\/v2\/pages\/15144","targetHints":{"allow":["GET"]}}],"collection":[{"href":"https:\/\/woerrlein-naturfoto.de\/wordpress\/wp-json\/wp\/v2\/pages"}],"about":[{"href":"https:\/\/woerrlein-naturfoto.de\/wordpress\/wp-json\/wp\/v2\/types\/page"}],"author":[{"embeddable":true,"href":"https:\/\/woerrlein-naturfoto.de\/wordpress\/wp-json\/wp\/v2\/users\/1"}],"replies":[{"embeddable":true,"href":"https:\/\/woerrlein-naturfoto.de\/wordpress\/wp-json\/wp\/v2\/comments?post=15144"}],"version-history":[{"count":5,"href":"https:\/\/woerrlein-naturfoto.de\/wordpress\/wp-json\/wp\/v2\/pages\/15144\/revisions"}],"predecessor-version":[{"id":15149,"href":"https:\/\/woerrlein-naturfoto.de\/wordpress\/wp-json\/wp\/v2\/pages\/15144\/revisions\/15149"}],"up":[{"embeddable":true,"href":"https:\/\/woerrlein-naturfoto.de\/wordpress\/wp-json\/wp\/v2\/pages\/11203"}],"wp:attachment":[{"href":"https:\/\/woerrlein-naturfoto.de\/wordpress\/wp-json\/wp\/v2\/media?parent=15144"}],"curies":[{"name":"wp","href":"https:\/\/api.w.org\/{rel}","templated":true}]}}

<p><a href="http://woerrlein-naturfoto.de/wordpress/insekten/"><span style="color: #ffff66;">Insekten</span> </a>-&gt;<a href="http://woerrlein-naturfoto.de/wordpress/hauptseite-insekten/insekten/schmetterlinge-2/"> <span style="color: #ffff66;">Schmetterlinge</span></a><br />
<a title="Insekten A-Z" href="http://woerrlein-naturfoto.de/wordpress/insekten-a-z/">Insekten von A-Z</a><br />
zur Galerie <a href="https://woerrlein-naturfoto.de/wordpress/hauptseite-insekten/insekten/schmetterlinge-2/wildes-durcheinander/">sonstige Schmetterlinge</a></p>
<p><img loading="lazy" decoding="async" class="alignleft wp-image-15143" src="https://woerrlein-naturfoto.de/wordpress/wp-content/uploads/2019/10/Malvendickkopffalter_AW_80471-300x400.jpg" alt="" width="300" height="400" srcset="https://woerrlein-naturfoto.de/wordpress/wp-content/uploads/2019/10/Malvendickkopffalter_AW_80471-300x400.jpg 300w, https://woerrlein-naturfoto.de/wordpress/wp-content/uploads/2019/10/Malvendickkopffalter_AW_80471.jpg 638w" sizes="auto, (max-width: 300px) 100vw, 300px" />Der <b>Malven-Dickkopffalter</b> (<i>Carcharodus alceae</i>) ist ein Schmetterling aus der Familie der Dickkopffalter.<br />
Die Falter erreichen eine Flügelspannweite von 23 bis 30 Millimetern. Ihre Flügeloberseiten sind mit bunten, in mehreren Brauntönen und teilweise gelblichen, gräulichen und orangen Rechtecken gemustert. Auf den Vorderflügeln verlaufen vom Rand zur Flügelmitte hin kurze, weiße Querstreifen.<br />
Die Tiere kommen in Süd- und Mitteleuropa, in der Türkei und Teilen Zentralasiens bis in eine Höhe von 2.000 Metern vor. In Mitteleuropa sind sie besonders im Süden (z. B. Schwäbische Alb und Oberrhein) anzutreffen. Sie leben in warmen, trockenen und sonnigen Gebieten, wie z. B. in Kiesgruben, Steinbrüchen auf Trockenrasen oder Ödland. Ihre Populationen schwanken jahresweise oft sehr stark.<sup id="cite_ref-Bellmann_2-2" class="reference"></sup></p>
<p><strong>Flugzeit:</strong>     Mitte Mai bis Ende Juni und  Mitte Juli bis Anfang September in zwei Generationen.</p>
<p>Zur Galerie <a href="https://woerrlein-naturfoto.de/wordpress/hauptseite-insekten/insekten/schmetterlinge-2/wildes-durcheinander/">sonstige Schmetterlinge</a></p>
<p><em>Quelle des Textauszuges und weitere Infos bei </em><a href="https://de.wikipedia.org/wiki/Malven-Dickkopffalter" target="_blank" rel="noopener noreferrer">Wikipedia</a><em> (</em><a href="http://www.gnu.org/licenses/fdl-1.3.txt" target="_blank" rel="noopener noreferrer">GNU-Lizenz</a><em>)– mein Dank gilt den </em><a href="https://de.wikipedia.org/w/index.php?title=Malven-Dickkopffalter&amp;action=history" target="_blank" rel="noopener noreferrer">Autoren</a><em>.</em></p>

<p>Insekten -&gt; Schmetterlinge Insekten von A-Z zur Galerie sonstige Schmetterlinge Der Malven-Dickkopffalter (Carcharodus alceae) ist ein Schmetterling aus der Familie der Dickkopffalter. Die Falter erreichen eine Flügelspannweite von 23 bis 30 Millimetern. Ihre Flügeloberseiten sind mit bunten, in mehreren Brauntönen und teilweise gelblichen, gräulichen und orangen Rechtecken gemustert. Auf den Vorderflügeln verlaufen vom Rand zur &hellip; <a href="https://woerrlein-naturfoto.de/wordpress/verschiedene-schmetterlinge-a-z/malven-dickkopffalter/" class="more-link"><span class="screen-reader-text">Malven-Dickkopffalter</span> weiterlesen <span class="meta-nav">&rarr;</span></a></p>
