{"id":15123,"date":"2022-07-23T14:43:55","date_gmt":"2022-07-23T12:43:55","guid":{"rendered":"https:\/\/woerrlein-naturfoto.de\/wordpress\/?page_id=15123"},"modified":"2022-07-23T18:40:09","modified_gmt":"2022-07-23T16:40:09","slug":"kleinspecht","status":"publish","type":"page","link":"https:\/\/woerrlein-naturfoto.de\/wordpress\/spechte-a-z\/kleinspecht\/","title":{"rendered":"Kleinspecht"},"content":{"rendered":"<p><a href=\"http:\/\/woerrlein-naturfoto.de\/wordpress\/voegel\/\"><span style=\"color: #ffff66;\">V\u00f6gel<\/span> <\/a>-&gt;<a href=\"http:\/\/woerrlein-naturfoto.de\/wordpress\/hauptseite-voegel\/voegel\/spechte\/\"> <span style=\"color: #ffff66;\">Spechte<\/span><\/a><br \/>\n<a title=\"V\u00f6gel von A-Z\" href=\"http:\/\/woerrlein-naturfoto.de\/wordpress\/voegel\/voegel_von_a-z\/\">V\u00f6gel von A-Z<br \/>\n<\/a>zur Galerie <a title=\"Spechte\" href=\"http:\/\/woerrlein-naturfoto.de\/wordpress\/hauptseite-voegel\/voegel\/spechte\/\">Spechte<\/a><\/p>\n<p><img loading=\"lazy\" decoding=\"async\" class=\"alignleft wp-image-15135\" src=\"https:\/\/woerrlein-naturfoto.de\/wordpress\/wp-content\/uploads\/2022\/07\/Kleinspecht_220327_3481a-267x400.jpg\" alt=\"\" width=\"267\" height=\"400\" srcset=\"https:\/\/woerrlein-naturfoto.de\/wordpress\/wp-content\/uploads\/2022\/07\/Kleinspecht_220327_3481a-267x400.jpg 267w, https:\/\/woerrlein-naturfoto.de\/wordpress\/wp-content\/uploads\/2022\/07\/Kleinspecht_220327_3481a.jpg 567w\" sizes=\"auto, (max-width: 267px) 100vw, 267px\" \/>Der <b>Kleinspecht<\/b> (<i>Dryobates minor<\/i>) ist eine Vogelart aus der Gattung der Buntspechte. Die Art z\u00e4hlt mit einer K\u00f6rperl\u00e4nge von rund 15 cm zu den kleinsten Echten Spechten. Sie ist in 11 Unterarten \u00fcber die gesamte westliche und n\u00f6rdliche Pal\u00e4arktis bis an die asiatische Pazifikk\u00fcste verbreitet. In Mitteleuropa ist der Kleinspecht ein verbreiteter, aber nicht h\u00e4ufiger Brutvogel. Wie viele kleine Spechte sucht der Kleinspecht seine Nahrung vor allem im \u00e4u\u00dferen Astbereich der Baumkronen und ist daher nur schwer festzustellen.<br \/>\nDer Kleinspecht ist ein typischer Vertreter der Buntspechte mit schwarz-wei\u00df kontrastierendem Gefieder, trotzdem ist er in der West- und Zentralpal\u00e4arktis auf Grund seiner Kleinheit unverwechselbar. Obwohl nur etwa gimpelgro\u00df, wirkt der kompakte, kurzhalsige und kurzschw\u00e4nzige, rundliche Vogel wuchtiger und gr\u00f6\u00dfer. Der Kleinspecht ist der einzige europ\u00e4ische und westasiatische Buntspecht, der keine Rot- oder Rosazeichnung in der Stei\u00dfgegend und an den Unterschwanzdecken aufweist. Auch die sonst bei allen Buntspechten, au\u00dfer dem Wei\u00dfr\u00fcckenspecht, auff\u00e4lligen wei\u00dfen Schulterflecken fehlen beim Kleinspecht. In der R\u00fcckenansicht erinnert er an den Wei\u00dfr\u00fcckenspecht, von dem er sich aber ebenfalls durch seine Kleinheit deutlich unterscheidet.<br \/>\nDie Geschlechter unterscheiden sich im Gewicht nicht, in der Farbzeichnung nur durch die F\u00e4rbung des Scheitels, der beim Weibchen einheitlich schwarz ist. Die isabellfarbene Zeichnung \u00fcber dem Schnabelansatz reicht beim Weibchen bis zum Vorderscheitel, bei der Nominatform und der in Mitteleuropa verbreiteten Rasse <i>D. m. hortorum<\/i> bis zur Mitte des Obersch\u00e4dels. Das Jugendgefieder \u00e4hnelt dem Weibchengefieder, ist aber blasser.<\/p>\n<p>L\u00e4nge: 14-15 cm\u00a0\u00a0 Spannweite: 25-27 cm\u00a0\u00a0 Gewicht: 20-30g\u00a0\u00a0 Gelege: 3-5 Eier<\/p>\n<p>Zur Galerie <a title=\"Spechte\" href=\"http:\/\/woerrlein-naturfoto.de\/wordpress\/hauptseite-voegel\/voegel\/spechte\/\">Spechte<\/a><\/p>\n<p>&nbsp;<\/p>\n<p><em>Quelle des Textauszuges und weitere Infos bei <\/em><a href=\"http:\/\/de.wikipedia.org\/wiki\/Buntspecht\" target=\"_blank\" rel=\"noopener\">Wikipedia<\/a> <em>(<\/em><a href=\"http:\/\/www.gnu.org\/licenses\/fdl-1.3.txt\" target=\"_blank\" rel=\"noopener\">GNU-Lizenz<\/a><em>)<\/em> \u2013 <em>mein Dank gilt den<\/em> <a href=\"https:\/\/de.wikipedia.org\/w\/index.php?title=Kleinspecht&amp;action=history\" target=\"_blank\" rel=\"noopener\">Autoren<\/a>.<\/p>\n","protected":false},"excerpt":{"rendered":"<p>V\u00f6gel -&gt; Spechte V\u00f6gel von A-Z zur Galerie Spechte Der Kleinspecht (Dryobates minor) ist eine Vogelart aus der Gattung der Buntspechte. Die Art z\u00e4hlt mit einer K\u00f6rperl\u00e4nge von rund 15 cm zu den kleinsten Echten Spechten. Sie ist in 11 Unterarten \u00fcber die gesamte westliche und n\u00f6rdliche Pal\u00e4arktis bis an die asiatische Pazifikk\u00fcste verbreitet. In &hellip; <a href=\"https:\/\/woerrlein-naturfoto.de\/wordpress\/spechte-a-z\/kleinspecht\/\" class=\"more-link\"><span class=\"screen-reader-text\">Kleinspecht<\/span> weiterlesen <span class=\"meta-nav\">&rarr;<\/span><\/a><\/p>\n","protected":false},"author":1,"featured_media":0,"parent":2630,"menu_order":0,"comment_status":"closed","ping_status":"closed","template":"page-templates\/full-width.php","meta":{"footnotes":""},"class_list":["post-15123","page","type-page","status-publish","hentry"],"_links":{"self":[{"href":"https:\/\/woerrlein-naturfoto.de\/wordpress\/wp-json\/wp\/v2\/pages\/15123","targetHints":{"allow":["GET"]}}],"collection":[{"href":"https:\/\/woerrlein-naturfoto.de\/wordpress\/wp-json\/wp\/v2\/pages"}],"about":[{"href":"https:\/\/woerrlein-naturfoto.de\/wordpress\/wp-json\/wp\/v2\/types\/page"}],"author":[{"embeddable":true,"href":"https:\/\/woerrlein-naturfoto.de\/wordpress\/wp-json\/wp\/v2\/users\/1"}],"replies":[{"embeddable":true,"href":"https:\/\/woerrlein-naturfoto.de\/wordpress\/wp-json\/wp\/v2\/comments?post=15123"}],"version-history":[{"count":8,"href":"https:\/\/woerrlein-naturfoto.de\/wordpress\/wp-json\/wp\/v2\/pages\/15123\/revisions"}],"predecessor-version":[{"id":15136,"href":"https:\/\/woerrlein-naturfoto.de\/wordpress\/wp-json\/wp\/v2\/pages\/15123\/revisions\/15136"}],"up":[{"embeddable":true,"href":"https:\/\/woerrlein-naturfoto.de\/wordpress\/wp-json\/wp\/v2\/pages\/2630"}],"wp:attachment":[{"href":"https:\/\/woerrlein-naturfoto.de\/wordpress\/wp-json\/wp\/v2\/media?parent=15123"}],"curies":[{"name":"wp","href":"https:\/\/api.w.org\/{rel}","templated":true}]}}