{"id":15073,"date":"2022-07-20T18:00:51","date_gmt":"2022-07-20T16:00:51","guid":{"rendered":"https:\/\/woerrlein-naturfoto.de\/wordpress\/?page_id=15073"},"modified":"2022-07-20T18:33:02","modified_gmt":"2022-07-20T16:33:02","slug":"roter-apollo","status":"publish","type":"page","link":"https:\/\/woerrlein-naturfoto.de\/wordpress\/ritterfalter-a-z\/roter-apollo\/","title":{"rendered":"Roter Apollo"},"content":{"rendered":"<p><span style=\"color: #ffff00;\"><a href=\"http:\/\/woerrlein-naturfoto.de\/wordpress\/insekten\/\"><span style=\"color: #ffff66;\"><span style=\"color: #ffff00;\">Insekten<\/span><\/span><\/a><\/span> -&gt; <span style=\"color: #ffff00;\"><a href=\"http:\/\/woerrlein-naturfoto.de\/wordpress\/hauptseite-insekten\/insekten\/schmetterlinge-2\/\"><span style=\"color: #ffff66;\"><span style=\"color: #ffff00;\">Schmetterlinge<\/span><\/span><\/a><\/span>-&gt;<a href=\"https:\/\/woerrlein-naturfoto.de\/wordpress\/hauptseite-insekten\/insekten\/schmetterlinge-2\/Ritterfalter\/\"><span style=\"color: #ffff66;\"><span style=\"color: #ffff00;\">Ritterfalter<\/span><\/span><\/a><br \/>\n<a title=\"Insekten A-Z\" href=\"http:\/\/woerrlein-naturfoto.de\/wordpress\/insekten-a-z\/\">Insekten von A-Z<\/a><br \/>\nzur Galerie <a href=\"https:\/\/woerrlein-naturfoto.de\/wordpress\/hauptseite-insekten\/insekten\/schmetterlinge-2\/ritterfalter\/\">Ritterfalter<\/a><\/p>\n<p><img loading=\"lazy\" decoding=\"async\" class=\"alignleft wp-image-15061\" src=\"https:\/\/woerrlein-naturfoto.de\/wordpress\/wp-content\/uploads\/2022\/07\/RoterApollo_220704_7782-600x400.jpg\" alt=\"\" width=\"600\" height=\"400\" srcset=\"https:\/\/woerrlein-naturfoto.de\/wordpress\/wp-content\/uploads\/2022\/07\/RoterApollo_220704_7782-600x400.jpg 600w, https:\/\/woerrlein-naturfoto.de\/wordpress\/wp-content\/uploads\/2022\/07\/RoterApollo_220704_7782-768x512.jpg 768w, https:\/\/woerrlein-naturfoto.de\/wordpress\/wp-content\/uploads\/2022\/07\/RoterApollo_220704_7782-120x80.jpg 120w, https:\/\/woerrlein-naturfoto.de\/wordpress\/wp-content\/uploads\/2022\/07\/RoterApollo_220704_7782.jpg 1000w\" sizes=\"auto, (max-width: 600px) 100vw, 600px\" \/>Der <b>Rote Apollo<\/b> oder <b>Apollofalter<\/b> (<i>Parnassius apollo<\/i>) ist ein in Europa stark bedrohter und streng gesch\u00fctzter Schmetterling (Tagfalter) aus der Familie der Ritterfalter. Der Gattungsname leitet sich vom Berg Parnass in Mittelgriechenland ab, der als Sitz der Musen gilt und dem Gott Apollon gewidmet ist. Der Apollofalter war 1995 in Deutschland das <a title=\"Tier des Jahres\" href=\"https:\/\/de.wikipedia.org\/wiki\/Tier_des_Jahres\" target=\"_blank\" rel=\"noopener\">Tier des Jahres<\/a>.<br \/>\nDie Falter erreichen eine Fl\u00fcgelspannweite von 60 bis 88 Millimeter. Der Thorax ist hellgrau bis schwarz und mit feinen haarartigen Schuppen besetzt. Die Fl\u00fcgel werden von einem wei\u00dflichen Grundton dominiert. Der Au\u00dfenrand ist nicht beschuppt und wirkt glasig. Auf dem Vorderfl\u00fcgel sind ein oder mehrere schwarze Flecken erkennbar. Der Hinterfl\u00fcgel wird durch schwarz gefasste rote, zuweilen gelbliche Augenflecken (Ozellen) mit wei\u00dfen Spiegeln gepr\u00e4gt. Die Ozellen fallen beim Weibchen besonders gro\u00df aus. Zus\u00e4tzlich treten bei den Weibchen je nach Unterart mehr oder weniger h\u00e4ufig dunkel best\u00e4ubte Individuen auf. Die dunklere F\u00e4rbung dient der Tarnung und der Erh\u00f6hung der K\u00f6rpertemperatur in h\u00f6heren Lagen bei Sonnenschein. Die Falter haben mit ihren wenigen Merkmalen eine sehr variable Erscheinung. Auch in der <a class=\"mw-redirect\" title=\"Postdiskal\" href=\"https:\/\/de.wikipedia.org\/wiki\/Postdiskal\" target=\"_blank\" rel=\"noopener\">Postdiskalregion<\/a> der Vorderfl\u00fcgel lassen sich zuweilen rote Flecken ausmachen sowie auf dem Innenwinkel der Hinterfl\u00fcgel. Die Fl\u00fcgelober- und -unterseite ist gleich gef\u00e4rbt bis auf zus\u00e4tzliche rote Flecken im Basalbereich der Fl\u00fcgelunterseite.<br \/>\nDer wichtigste Lebensraum des Roten Apollos sind Kalkschuttfluren (\u00fcber Kalk) und Ger\u00f6llhalden (\u00fcber Silikat) der Hoch- und Mittelgebirge. Seltener war er ehemals in Weinbergen, gelegentlich findet er sich in Magerrasen mit <a href=\"https:\/\/de.wikipedia.org\/wiki\/Sedum\" target=\"_blank\" rel=\"noopener\"><i>Sedum<\/i><\/a>-Vorkommen verbreitet. Sein Habitat sind sonnige, trockene Standorte mit steinigem Untergrund, vor allem felsige H\u00e4nge, Ger\u00f6llhalden und Felsabbruchkanten, Legsteinmauern, auch Bahn- und Stra\u00dfenb\u00f6schungen sowie Abraumhalden von Steinbr\u00fcchen, jedoch kaum solche mit modernen Abbauverfahren. Larvalhabitate mit Vorkommen der Raupennahrungspflanzen (s. o.), an welchen auch die Eiablage erfolgt, entscheiden f\u00fcr sein Vorkommen.<sup id=\"cite_ref-WoWa_3-2\" class=\"reference\"><\/sup><\/p>\n<p><strong>Flugzeit:<\/strong> \u00a0\u00a0\u00a0 Ende Mai bis Ende August in einer Generation.<\/p>\n<p>Zur Galerie <a href=\"https:\/\/woerrlein-naturfoto.de\/wordpress\/hauptseite-insekten\/insekten\/schmetterlinge-2\/ritterfalter\/\">Ritterfalter<\/a><\/p>\n<p>&nbsp;<\/p>\n<p><em>Quelle des Textauszuges und weitere Infos bei <\/em><a href=\"https:\/\/de.wikipedia.org\/wiki\/Roter_Apollo\" target=\"_blank\" rel=\"noopener noreferrer\">Wikipedia<\/a><em> (<\/em><a href=\"http:\/\/www.gnu.org\/licenses\/fdl-1.3.txt\" target=\"_blank\" rel=\"noopener noreferrer\">GNU-Lizenz<\/a><em>)\u2013 mein Dank gilt den <\/em><a href=\"https:\/\/de.wikipedia.org\/w\/index.php?title=Roter_Apollo&amp;action=history\" target=\"_blank\" rel=\"noopener noreferrer\">Autoren<\/a><em>.<\/em><\/p>\n","protected":false},"excerpt":{"rendered":"<p>Insekten -&gt; Schmetterlinge-&gt;Ritterfalter Insekten von A-Z zur Galerie Ritterfalter Der Rote Apollo oder Apollofalter (Parnassius apollo) ist ein in Europa stark bedrohter und streng gesch\u00fctzter Schmetterling (Tagfalter) aus der Familie der Ritterfalter. Der Gattungsname leitet sich vom Berg Parnass in Mittelgriechenland ab, der als Sitz der Musen gilt und dem Gott Apollon gewidmet ist. Der &hellip; <a href=\"https:\/\/woerrlein-naturfoto.de\/wordpress\/ritterfalter-a-z\/roter-apollo\/\" class=\"more-link\"><span class=\"screen-reader-text\">Roter Apollo<\/span> weiterlesen <span class=\"meta-nav\">&rarr;<\/span><\/a><\/p>\n","protected":false},"author":1,"featured_media":0,"parent":15075,"menu_order":0,"comment_status":"closed","ping_status":"closed","template":"page-templates\/full-width.php","meta":{"footnotes":""},"class_list":["post-15073","page","type-page","status-publish","hentry"],"_links":{"self":[{"href":"https:\/\/woerrlein-naturfoto.de\/wordpress\/wp-json\/wp\/v2\/pages\/15073","targetHints":{"allow":["GET"]}}],"collection":[{"href":"https:\/\/woerrlein-naturfoto.de\/wordpress\/wp-json\/wp\/v2\/pages"}],"about":[{"href":"https:\/\/woerrlein-naturfoto.de\/wordpress\/wp-json\/wp\/v2\/types\/page"}],"author":[{"embeddable":true,"href":"https:\/\/woerrlein-naturfoto.de\/wordpress\/wp-json\/wp\/v2\/users\/1"}],"replies":[{"embeddable":true,"href":"https:\/\/woerrlein-naturfoto.de\/wordpress\/wp-json\/wp\/v2\/comments?post=15073"}],"version-history":[{"count":7,"href":"https:\/\/woerrlein-naturfoto.de\/wordpress\/wp-json\/wp\/v2\/pages\/15073\/revisions"}],"predecessor-version":[{"id":15088,"href":"https:\/\/woerrlein-naturfoto.de\/wordpress\/wp-json\/wp\/v2\/pages\/15073\/revisions\/15088"}],"up":[{"embeddable":true,"href":"https:\/\/woerrlein-naturfoto.de\/wordpress\/wp-json\/wp\/v2\/pages\/15075"}],"wp:attachment":[{"href":"https:\/\/woerrlein-naturfoto.de\/wordpress\/wp-json\/wp\/v2\/media?parent=15073"}],"curies":[{"name":"wp","href":"https:\/\/api.w.org\/{rel}","templated":true}]}}