{"id":14551,"date":"2021-12-19T19:02:59","date_gmt":"2021-12-19T18:02:59","guid":{"rendered":"https:\/\/woerrlein-naturfoto.de\/wordpress\/?page_id=14551"},"modified":"2022-10-19T14:04:10","modified_gmt":"2022-10-19T12:04:10","slug":"schwefelkopf","status":"publish","type":"page","link":"https:\/\/woerrlein-naturfoto.de\/wordpress\/pilze-a-z\/schwefelkopf\/","title":{"rendered":"Schwefelkopf"},"content":{"rendered":"<p><span style=\"color: #ffff00;\"><a style=\"color: #ffff00;\" href=\"http:\/\/woerrlein-naturfoto.de\/wordpress\/hauptseite-pflanzen\/pflanzen\/\">Pflanzen<\/a> <\/span>-&gt;<span style=\"color: #ffff00;\"><a style=\"color: #ffff00;\" href=\"http:\/\/woerrlein-naturfoto.de\/wordpress\/hauptseite-pflanzen\/pflanzen\/pilze-2\/\"> Pilze<\/a><\/span><br \/>\n<a href=\"http:\/\/woerrlein-naturfoto.de\/wordpress\/pflanzen-von-a-z\/\">Pflanzen von A-Z<\/a><br \/>\nzur Galerie <a href=\"https:\/\/woerrlein-naturfoto.de\/wordpress\/hauptseite-pflanzen\/pflanzen\/pilze-2\/pilze-iii-s-bis-z\/\">Pilze III<\/a><\/p>\n<p><img loading=\"lazy\" decoding=\"async\" class=\"alignleft wp-image-11559\" src=\"https:\/\/woerrlein-naturfoto.de\/wordpress\/wp-content\/uploads\/2015\/01\/Gruenblaettriger-Schwefelkopf_DSC_2729.jpg\" alt=\"\" width=\"600\" height=\"400\" \/><b>Schwefelk\u00f6pfe<\/b> (<i>Hypholoma<\/i>) sind eine Pilzgattung aus der Familie Tr\u00e4uschlingsverwandten. Am bekanntesten und h\u00e4ufigsten sind der essbare Graubl\u00e4ttrige Schwefelkopf (<i>H.\u00a0capnoides<\/i>) und der giftige Gr\u00fcnbl\u00e4ttrige Schwefelkopf (<i>H.\u00a0fasciculare<\/i>), die Typusart der Gattung.<\/p>\n","protected":false},"excerpt":{"rendered":"<p>Pflanzen -&gt; Pilze Pflanzen von A-Z zur Galerie Pilze III Schwefelk\u00f6pfe (Hypholoma) sind eine Pilzgattung aus der Familie Tr\u00e4uschlingsverwandten. Am bekanntesten und h\u00e4ufigsten sind der essbare Graubl\u00e4ttrige Schwefelkopf (H.\u00a0capnoides) und der giftige Gr\u00fcnbl\u00e4ttrige Schwefelkopf (H.\u00a0fasciculare), die Typusart der Gattung.<\/p>\n","protected":false},"author":1,"featured_media":0,"parent":5118,"menu_order":0,"comment_status":"closed","ping_status":"closed","template":"page-templates\/full-width.php","meta":{"footnotes":""},"class_list":["post-14551","page","type-page","status-publish","hentry"],"_links":{"self":[{"href":"https:\/\/woerrlein-naturfoto.de\/wordpress\/wp-json\/wp\/v2\/pages\/14551","targetHints":{"allow":["GET"]}}],"collection":[{"href":"https:\/\/woerrlein-naturfoto.de\/wordpress\/wp-json\/wp\/v2\/pages"}],"about":[{"href":"https:\/\/woerrlein-naturfoto.de\/wordpress\/wp-json\/wp\/v2\/types\/page"}],"author":[{"embeddable":true,"href":"https:\/\/woerrlein-naturfoto.de\/wordpress\/wp-json\/wp\/v2\/users\/1"}],"replies":[{"embeddable":true,"href":"https:\/\/woerrlein-naturfoto.de\/wordpress\/wp-json\/wp\/v2\/comments?post=14551"}],"version-history":[{"count":2,"href":"https:\/\/woerrlein-naturfoto.de\/wordpress\/wp-json\/wp\/v2\/pages\/14551\/revisions"}],"predecessor-version":[{"id":15557,"href":"https:\/\/woerrlein-naturfoto.de\/wordpress\/wp-json\/wp\/v2\/pages\/14551\/revisions\/15557"}],"up":[{"embeddable":true,"href":"https:\/\/woerrlein-naturfoto.de\/wordpress\/wp-json\/wp\/v2\/pages\/5118"}],"wp:attachment":[{"href":"https:\/\/woerrlein-naturfoto.de\/wordpress\/wp-json\/wp\/v2\/media?parent=14551"}],"curies":[{"name":"wp","href":"https:\/\/api.w.org\/{rel}","templated":true}]}}