{"id":14533,"date":"2021-12-19T17:44:50","date_gmt":"2021-12-19T16:44:50","guid":{"rendered":"https:\/\/woerrlein-naturfoto.de\/wordpress\/?page_id=14533"},"modified":"2022-10-19T12:50:12","modified_gmt":"2022-10-19T10:50:12","slug":"aestchen-zwergschwindling","status":"publish","type":"page","link":"https:\/\/woerrlein-naturfoto.de\/wordpress\/pilze-a-z\/aestchen-zwergschwindling\/","title":{"rendered":"\u00c4stchen-Zwergschwindling"},"content":{"rendered":"<p><span style=\"color: #ffff00;\"><a style=\"color: #ffff00;\" href=\"http:\/\/woerrlein-naturfoto.de\/wordpress\/hauptseite-pflanzen\/pflanzen\/\">Pflanzen<\/a> <\/span>-&gt;<span style=\"color: #ffff00;\"><a style=\"color: #ffff00;\" href=\"http:\/\/woerrlein-naturfoto.de\/wordpress\/hauptseite-pflanzen\/pflanzen\/pilze-2\/\"> Pilze<\/a><\/span><br \/>\n<a href=\"http:\/\/woerrlein-naturfoto.de\/wordpress\/pflanzen-von-a-z\/\">Pflanzen von A-Z<\/a><br \/>\nzur Galerie <a href=\"https:\/\/woerrlein-naturfoto.de\/wordpress\/hauptseite-pflanzen\/pflanzen\/pilze-2\/pilze-i-a-bis-g\/\">Pilze I<\/a><\/p>\n<p><img loading=\"lazy\" decoding=\"async\" class=\"alignleft wp-image-12687\" src=\"https:\/\/woerrlein-naturfoto.de\/wordpress\/wp-content\/uploads\/2015\/01\/\u00c4stchen-Zwergschwindling_DSC_6025-6000x4000-1.jpg\" alt=\"\" width=\"600\" height=\"400\" \/>Der <b>\u00c4stchen-Zwergschwindling<\/b> oder kurz <b>\u00c4stchen-<\/b> bzw. <b>Astschwindling<\/b> (<i>Collybiopsis ramealis<\/i>) ist eine Pilzart aus der Familie der Omphalotaceae. Er besiedelt abgestorbene \u00c4stchen und Zweige von Laub- und Nadelh\u00f6lzern und bildet dort meist zwischen Juni und Oktober kleine, wei\u00dfliche bis creme-graue Fruchtk\u00f6rper. Der gesellig auftretende Bl\u00e4tterpilz ist ungenie\u00dfbar.<br \/>\nDer Hut ist 0,5\u20131,5\u00a0cm breit, erst halbkugelig, bald gew\u00f6lbt bis ausgebreitet und im Alter schwach genabelt. Die wei\u00dfliche bis blass lederfarbene oder fleischbr\u00e4unliche Oberfl\u00e4che ist trocken und matt und in der Mitte oft etwas dunkler gef\u00e4rbt. Der Rand ist scharf und feucht runzelig gerieft. Die breit angewachsenen, untermischten Lamellen stehen ziemlich entfernt. Sie sind jung wei\u00dflich-cremefarben und haben sp\u00e4ter einen schmutzigen rosa Ton. Das Sporenpulver ist wei\u00df. Der elastische bis knorpelige Stiel ist 1\u20132\u00a0cm lang und 0,1\u20130,2\u00a0cm breit. Er ist meist relativ kurz und oft mehr oder weniger gekr\u00fcmmt, das Innere ist voll. Die Spitze ist wei\u00dflich, zur Basis hin wird der Stiel dunkler fleischbr\u00e4unlich bis rotbraun und ist schwach wei\u00dflich beflockt. Das z\u00e4he Fleisch ist sehr d\u00fcnn und ohne auff\u00e4lligen Geruch. Es schmeckt unauff\u00e4llig mild bis bitter-moderig.<\/p>\n<p><strong>Vorkommen:<\/strong> \u00a0\u00a0\u00a0\u00a0\u00a0\u00a0 Juni &#8211; Oktober<\/p>\n<p>zur Galerie <a href=\"https:\/\/woerrlein-naturfoto.de\/wordpress\/hauptseite-pflanzen\/pflanzen\/pilze-2\/pilze-i-a-bis-g\/\">Pilze I<\/a><\/p>\n<p><em>Quelle des Textauszuges und weitere Infos bei <\/em><a href=\"https:\/\/de.wikipedia.org\/wiki\/%C3%84stchen-Zwergschwindling\" target=\"_blank\" rel=\"noopener noreferrer\">Wikipedia<\/a><em> (<\/em><a href=\"http:\/\/www.gnu.org\/licenses\/fdl-1.3.txt\" target=\"_blank\" rel=\"noopener noreferrer\">GNU-Lizenz<\/a><em>)\u2013 mein Dank gilt den <\/em><a href=\"https:\/\/de.wikipedia.org\/w\/index.php?title=Amiant-K%C3%B6rnchenschirmling&amp;action=history\" target=\"_blank\" rel=\"noopener noreferrer\">Autoren<\/a><em>.<\/em><\/p>\n","protected":false},"excerpt":{"rendered":"<p>Pflanzen -&gt; Pilze Pflanzen von A-Z zur Galerie Pilze I Der \u00c4stchen-Zwergschwindling oder kurz \u00c4stchen- bzw. Astschwindling (Collybiopsis ramealis) ist eine Pilzart aus der Familie der Omphalotaceae. Er besiedelt abgestorbene \u00c4stchen und Zweige von Laub- und Nadelh\u00f6lzern und bildet dort meist zwischen Juni und Oktober kleine, wei\u00dfliche bis creme-graue Fruchtk\u00f6rper. Der gesellig auftretende Bl\u00e4tterpilz ist &hellip; <a href=\"https:\/\/woerrlein-naturfoto.de\/wordpress\/pilze-a-z\/aestchen-zwergschwindling\/\" class=\"more-link\"><span class=\"screen-reader-text\">\u00c4stchen-Zwergschwindling<\/span> weiterlesen <span class=\"meta-nav\">&rarr;<\/span><\/a><\/p>\n","protected":false},"author":1,"featured_media":0,"parent":5118,"menu_order":0,"comment_status":"closed","ping_status":"closed","template":"page-templates\/full-width.php","meta":{"footnotes":""},"class_list":["post-14533","page","type-page","status-publish","hentry"],"_links":{"self":[{"href":"https:\/\/woerrlein-naturfoto.de\/wordpress\/wp-json\/wp\/v2\/pages\/14533","targetHints":{"allow":["GET"]}}],"collection":[{"href":"https:\/\/woerrlein-naturfoto.de\/wordpress\/wp-json\/wp\/v2\/pages"}],"about":[{"href":"https:\/\/woerrlein-naturfoto.de\/wordpress\/wp-json\/wp\/v2\/types\/page"}],"author":[{"embeddable":true,"href":"https:\/\/woerrlein-naturfoto.de\/wordpress\/wp-json\/wp\/v2\/users\/1"}],"replies":[{"embeddable":true,"href":"https:\/\/woerrlein-naturfoto.de\/wordpress\/wp-json\/wp\/v2\/comments?post=14533"}],"version-history":[{"count":8,"href":"https:\/\/woerrlein-naturfoto.de\/wordpress\/wp-json\/wp\/v2\/pages\/14533\/revisions"}],"predecessor-version":[{"id":15509,"href":"https:\/\/woerrlein-naturfoto.de\/wordpress\/wp-json\/wp\/v2\/pages\/14533\/revisions\/15509"}],"up":[{"embeddable":true,"href":"https:\/\/woerrlein-naturfoto.de\/wordpress\/wp-json\/wp\/v2\/pages\/5118"}],"wp:attachment":[{"href":"https:\/\/woerrlein-naturfoto.de\/wordpress\/wp-json\/wp\/v2\/media?parent=14533"}],"curies":[{"name":"wp","href":"https:\/\/api.w.org\/{rel}","templated":true}]}}