{"id":13298,"date":"2021-07-26T15:54:36","date_gmt":"2021-07-26T13:54:36","guid":{"rendered":"https:\/\/woerrlein-naturfoto.de\/wordpress\/?page_id=13298"},"modified":"2021-07-26T16:00:50","modified_gmt":"2021-07-26T14:00:50","slug":"weisser-waldportier","status":"publish","type":"page","link":"https:\/\/woerrlein-naturfoto.de\/wordpress\/edelfalter-a-z\/weisser-waldportier\/","title":{"rendered":"Wei\u00dfer Waldportier"},"content":{"rendered":"<p><a href=\"http:\/\/woerrlein-naturfoto.de\/wordpress\/insekten\/\"><span style=\"color: #ffff00;\">Insekten<\/span><\/a> -&gt; <a href=\"http:\/\/woerrlein-naturfoto.de\/wordpress\/hauptseite-insekten\/insekten\/schmetterlinge-2\/\"><span style=\"color: #ffff00;\">Schmetterlinge<\/span><\/a>-&gt;<a href=\"https:\/\/woerrlein-naturfoto.de\/wordpress\/hauptseite-insekten\/insekten\/schmetterlinge-2\/edelfalter\/\"><span style=\"color: #ffff00;\">Edelfalter<\/span><\/a><br \/>\n<a title=\"Insekten A-Z\" href=\"http:\/\/woerrlein-naturfoto.de\/wordpress\/insekten-a-z\/\">Insekten von A-Z<\/a><br \/>\nzur Galerie <a href=\"https:\/\/woerrlein-naturfoto.de\/wordpress\/hauptseite-insekten\/insekten\/schmetterlinge-2\/edelfalter\/\">Edelfalter<\/a><\/p>\n<p><img loading=\"lazy\" decoding=\"async\" class=\"wp-image-13217 alignleft\" src=\"https:\/\/woerrlein-naturfoto.de\/wordpress\/wp-content\/uploads\/2019\/10\/WeisserWaldportier_200816_8090-600x400.jpg\" alt=\"\" width=\"600\" height=\"400\" \/>Der <b>Wei\u00dfe Waldportier<\/b> (<i>Aulocera circe<\/i>) ist ein Schmetterling (Tagfalter) aus der Familie der Edelfalter.<br \/>\nDie Falter erreichen eine Fl\u00fcgelspannweite von 55 bis 65 Millimetern. Sie haben sehr dunkelbraun gef\u00e4rbte Fl\u00fcgeloberseiten auf denen eine auff\u00e4llige, breite wei\u00dfe Querbinde, die sich zum Fl\u00fcgelau\u00dfenrand in einzelne Flecken aufteilt. Auf der dunkel graubraunen Unterseite der Hinterfl\u00fcgel ist ebenfalls die breite, wei\u00dfliche Binde zu erkennen. Sie ist aber etwas matt gef\u00e4rbt. Dazu kommt eine nur schwach angedeutete zweite Binde nahe dem Fl\u00fcgelansatz, was diese Art vom Gro\u00dfen Waldportier (<i>Hipparchia fagi<\/i>) deutlich unterscheidet. Sie reicht aber nur bis zur Fl\u00fcgelmitte. Auf der Unterseite der Vorderfl\u00fcgel ist nahe der Spitze ein gro\u00dfer verlaufener wei\u00dfer Fleck mit einem schwarzen Punkt in der Mitte platziert.<br \/>\nDie Raupen werden ca. 35 Millimeter lang und sind hellgraubraun gef\u00e4rbt. Sie haben einen dunkelgrauen R\u00fcckenstreifen und daneben mehrere, schwach ausgepr\u00e4gte Seitenstreifen. Die Kopfkapsel ist mit sechs graubraunen Streifen auff\u00e4llig gemustert. Die Raupen ern\u00e4hren sich von den Bl\u00e4ttern von Aufrechter Trespe (<i>Bromus erectus<\/i>), Echtem Schaf-Schwingel (<i>Festuca ovina<\/i>) und anderen S\u00fc\u00dfgr\u00e4sern.<br \/>\nDer Wei\u00dfe Waldportier ist in vielen Gegenden selten geworden oder ausgestorben. Ma\u00dfnahmen zur Arterhaltung sind schwierig, da die Art weder v\u00f6llig freie Magerrasen oder Heidefl\u00e4chen noch zu stark verbuschte Gebiete besiedelt.<sup id=\"cite_ref-Schmetterlinge_4-0\" class=\"reference\"><\/sup><br \/>\n<sup id=\"cite_ref-Bellmann_2-1\" class=\"reference\"><\/sup><sup id=\"cite_ref-Bellmann_2-0\" class=\"reference\"><\/sup><\/p>\n<p><strong>Flugzeit:<\/strong> \u00a0\u00a0\u00a0 Anfang Juni bis Mitte September in einer Generation.<\/p>\n<p>Zur Galerie <a href=\"https:\/\/woerrlein-naturfoto.de\/wordpress\/hauptseite-insekten\/insekten\/schmetterlinge-2\/edelfalter\/\">Edelfalter<\/a><\/p>\n<p><em>Quelle des Textauszuges und weitere Infos bei <\/em><a href=\"https:\/\/de.wikipedia.org\/wiki\/Wei%C3%9Fer_Waldportier\" target=\"_blank\" rel=\"noopener noreferrer\">Wikipedia<\/a><em> (<\/em><a href=\"http:\/\/www.gnu.org\/licenses\/fdl-1.3.txt\" target=\"_blank\" rel=\"noopener noreferrer\">GNU-Lizenz<\/a><em>)\u2013 mein Dank gilt den <\/em><a href=\"https:\/\/de.wikipedia.org\/w\/index.php?title=Wei%C3%9Fer_Waldportier&amp;action=history\" target=\"_blank\" rel=\"noopener noreferrer\">Autoren<\/a><em>.<\/em><\/p>\n","protected":false},"excerpt":{"rendered":"<p>Insekten -&gt; Schmetterlinge-&gt;Edelfalter Insekten von A-Z zur Galerie Edelfalter Der Wei\u00dfe Waldportier (Aulocera circe) ist ein Schmetterling (Tagfalter) aus der Familie der Edelfalter. Die Falter erreichen eine Fl\u00fcgelspannweite von 55 bis 65 Millimetern. Sie haben sehr dunkelbraun gef\u00e4rbte Fl\u00fcgeloberseiten auf denen eine auff\u00e4llige, breite wei\u00dfe Querbinde, die sich zum Fl\u00fcgelau\u00dfenrand in einzelne Flecken aufteilt. Auf &hellip; <a href=\"https:\/\/woerrlein-naturfoto.de\/wordpress\/edelfalter-a-z\/weisser-waldportier\/\" class=\"more-link\"><span class=\"screen-reader-text\">Wei\u00dfer Waldportier<\/span> weiterlesen <span class=\"meta-nav\">&rarr;<\/span><\/a><\/p>\n","protected":false},"author":1,"featured_media":0,"parent":11134,"menu_order":0,"comment_status":"closed","ping_status":"closed","template":"page-templates\/full-width.php","meta":{"footnotes":""},"class_list":["post-13298","page","type-page","status-publish","hentry"],"_links":{"self":[{"href":"https:\/\/woerrlein-naturfoto.de\/wordpress\/wp-json\/wp\/v2\/pages\/13298","targetHints":{"allow":["GET"]}}],"collection":[{"href":"https:\/\/woerrlein-naturfoto.de\/wordpress\/wp-json\/wp\/v2\/pages"}],"about":[{"href":"https:\/\/woerrlein-naturfoto.de\/wordpress\/wp-json\/wp\/v2\/types\/page"}],"author":[{"embeddable":true,"href":"https:\/\/woerrlein-naturfoto.de\/wordpress\/wp-json\/wp\/v2\/users\/1"}],"replies":[{"embeddable":true,"href":"https:\/\/woerrlein-naturfoto.de\/wordpress\/wp-json\/wp\/v2\/comments?post=13298"}],"version-history":[{"count":5,"href":"https:\/\/woerrlein-naturfoto.de\/wordpress\/wp-json\/wp\/v2\/pages\/13298\/revisions"}],"predecessor-version":[{"id":13303,"href":"https:\/\/woerrlein-naturfoto.de\/wordpress\/wp-json\/wp\/v2\/pages\/13298\/revisions\/13303"}],"up":[{"embeddable":true,"href":"https:\/\/woerrlein-naturfoto.de\/wordpress\/wp-json\/wp\/v2\/pages\/11134"}],"wp:attachment":[{"href":"https:\/\/woerrlein-naturfoto.de\/wordpress\/wp-json\/wp\/v2\/media?parent=13298"}],"curies":[{"name":"wp","href":"https:\/\/api.w.org\/{rel}","templated":true}]}}

Weißer Waldportier

<p><a href="http://woerrlein-naturfoto.de/wordpress/insekten/"><span style="color: #ffff00;">Insekten</span></a> -&gt; <a href="http://woerrlein-naturfoto.de/wordpress/hauptseite-insekten/insekten/schmetterlinge-2/"><span style="color: #ffff00;">Schmetterlinge</span></a>-&gt;<a href="https://woerrlein-naturfoto.de/wordpress/hauptseite-insekten/insekten/schmetterlinge-2/edelfalter/"><span style="color: #ffff00;">Edelfalter</span></a><br />
<a title="Insekten A-Z" href="http://woerrlein-naturfoto.de/wordpress/insekten-a-z/">Insekten von A-Z</a><br />
zur Galerie <a href="https://woerrlein-naturfoto.de/wordpress/hauptseite-insekten/insekten/schmetterlinge-2/edelfalter/">Edelfalter</a></p>
<p><img loading="lazy" decoding="async" class="wp-image-13217 alignleft" src="https://woerrlein-naturfoto.de/wordpress/wp-content/uploads/2019/10/WeisserWaldportier_200816_8090-600x400.jpg" alt="" width="600" height="400" />Der <b>Weiße Waldportier</b> (<i>Aulocera circe</i>) ist ein Schmetterling (Tagfalter) aus der Familie der Edelfalter.<br />
Die Falter erreichen eine Flügelspannweite von 55 bis 65 Millimetern. Sie haben sehr dunkelbraun gefärbte Flügeloberseiten auf denen eine auffällige, breite weiße Querbinde, die sich zum Flügelaußenrand in einzelne Flecken aufteilt. Auf der dunkel graubraunen Unterseite der Hinterflügel ist ebenfalls die breite, weißliche Binde zu erkennen. Sie ist aber etwas matt gefärbt. Dazu kommt eine nur schwach angedeutete zweite Binde nahe dem Flügelansatz, was diese Art vom Großen Waldportier (<i>Hipparchia fagi</i>) deutlich unterscheidet. Sie reicht aber nur bis zur Flügelmitte. Auf der Unterseite der Vorderflügel ist nahe der Spitze ein großer verlaufener weißer Fleck mit einem schwarzen Punkt in der Mitte platziert.<br />
Die Raupen werden ca. 35 Millimeter lang und sind hellgraubraun gefärbt. Sie haben einen dunkelgrauen Rückenstreifen und daneben mehrere, schwach ausgeprägte Seitenstreifen. Die Kopfkapsel ist mit sechs graubraunen Streifen auffällig gemustert. Die Raupen ernähren sich von den Blättern von Aufrechter Trespe (<i>Bromus erectus</i>), Echtem Schaf-Schwingel (<i>Festuca ovina</i>) und anderen Süßgräsern.<br />
Der Weiße Waldportier ist in vielen Gegenden selten geworden oder ausgestorben. Maßnahmen zur Arterhaltung sind schwierig, da die Art weder völlig freie Magerrasen oder Heideflächen noch zu stark verbuschte Gebiete besiedelt.<sup id="cite_ref-Schmetterlinge_4-0" class="reference"></sup><br />
<sup id="cite_ref-Bellmann_2-1" class="reference"></sup><sup id="cite_ref-Bellmann_2-0" class="reference"></sup></p>
<p><strong>Flugzeit:</strong>     Anfang Juni bis Mitte September in einer Generation.</p>
<p>Zur Galerie <a href="https://woerrlein-naturfoto.de/wordpress/hauptseite-insekten/insekten/schmetterlinge-2/edelfalter/">Edelfalter</a></p>
<p><em>Quelle des Textauszuges und weitere Infos bei </em><a href="https://de.wikipedia.org/wiki/Wei%C3%9Fer_Waldportier" target="_blank" rel="noopener noreferrer">Wikipedia</a><em> (</em><a href="http://www.gnu.org/licenses/fdl-1.3.txt" target="_blank" rel="noopener noreferrer">GNU-Lizenz</a><em>)– mein Dank gilt den </em><a href="https://de.wikipedia.org/w/index.php?title=Wei%C3%9Fer_Waldportier&amp;action=history" target="_blank" rel="noopener noreferrer">Autoren</a><em>.</em></p>

<p>Insekten -&gt; Schmetterlinge-&gt;Edelfalter Insekten von A-Z zur Galerie Edelfalter Der Weiße Waldportier (Aulocera circe) ist ein Schmetterling (Tagfalter) aus der Familie der Edelfalter. Die Falter erreichen eine Flügelspannweite von 55 bis 65 Millimetern. Sie haben sehr dunkelbraun gefärbte Flügeloberseiten auf denen eine auffällige, breite weiße Querbinde, die sich zum Flügelaußenrand in einzelne Flecken aufteilt. Auf &hellip; <a href="https://woerrlein-naturfoto.de/wordpress/edelfalter-a-z/weisser-waldportier/" class="more-link"><span class="screen-reader-text">Weißer Waldportier</span> weiterlesen <span class="meta-nav">&rarr;</span></a></p>
