{"id":13292,"date":"2021-07-26T15:25:54","date_gmt":"2021-07-26T13:25:54","guid":{"rendered":"https:\/\/woerrlein-naturfoto.de\/wordpress\/?page_id=13292"},"modified":"2021-07-26T15:35:56","modified_gmt":"2021-07-26T13:35:56","slug":"waldbrettspiel","status":"publish","type":"page","link":"https:\/\/woerrlein-naturfoto.de\/wordpress\/edelfalter-a-z\/waldbrettspiel\/","title":{"rendered":"Waldbrettspiel"},"content":{"rendered":"<p><a href=\"http:\/\/woerrlein-naturfoto.de\/wordpress\/insekten\/\"><span style=\"color: #ffff00;\">Insekten<\/span><\/a> -&gt; <a href=\"http:\/\/woerrlein-naturfoto.de\/wordpress\/hauptseite-insekten\/insekten\/schmetterlinge-2\/\"><span style=\"color: #ffff00;\">Schmetterlinge<\/span><\/a>-&gt;<a href=\"https:\/\/woerrlein-naturfoto.de\/wordpress\/hauptseite-insekten\/insekten\/schmetterlinge-2\/edelfalter\/\"><span style=\"color: #ffff00;\">Edelfalter<\/span><\/a><br \/>\n<a title=\"Insekten A-Z\" href=\"http:\/\/woerrlein-naturfoto.de\/wordpress\/insekten-a-z\/\">Insekten von A-Z<\/a><br \/>\nzur Galerie <a href=\"https:\/\/woerrlein-naturfoto.de\/wordpress\/hauptseite-insekten\/insekten\/schmetterlinge-2\/edelfalter\/\">Edelfalter<\/a><\/p>\n<p><img loading=\"lazy\" decoding=\"async\" class=\"alignleft wp-image-13210\" src=\"https:\/\/woerrlein-naturfoto.de\/wordpress\/wp-content\/uploads\/2019\/10\/Waldbrettspiel_D200620_3702-600x400.jpg\" alt=\"\" width=\"600\" height=\"400\" srcset=\"https:\/\/woerrlein-naturfoto.de\/wordpress\/wp-content\/uploads\/2019\/10\/Waldbrettspiel_D200620_3702-600x400.jpg 600w, https:\/\/woerrlein-naturfoto.de\/wordpress\/wp-content\/uploads\/2019\/10\/Waldbrettspiel_D200620_3702-768x512.jpg 768w, https:\/\/woerrlein-naturfoto.de\/wordpress\/wp-content\/uploads\/2019\/10\/Waldbrettspiel_D200620_3702-120x80.jpg 120w, https:\/\/woerrlein-naturfoto.de\/wordpress\/wp-content\/uploads\/2019\/10\/Waldbrettspiel_D200620_3702.jpg 1000w\" sizes=\"auto, (max-width: 600px) 100vw, 600px\" \/>Das <b>Waldbrettspiel<\/b> (<i>Pararge aegeria<\/i>) ist ein Schmetterling (Tagfalter) der Unterfamilie der Augenfalter aus der Familie der Edelfalter.<br \/>\nDie Falter erreichen eine Fl\u00fcgelspannweite von 32 bis 45 Millimetern, die Weibchen sind h\u00e4ufig etwas gr\u00f6\u00dfer als die M\u00e4nnchen. Sie besitzen braune bis dunkelbraune Fl\u00fcgel mit kleinen hell gelblich gerandeten, schwarzen und wei\u00df gekernten Augenflecken. Die Flecken zeichnen sich bei den Weibchen deutlicher ab als bei den M\u00e4nnchen. Am Vorderfl\u00fcgel befindet sich nahe der Spitze ein solcher Fleck, der von mehreren, bindenartig angeordneten wei\u00dfen Flecken flankiert wird. Auf den Hinterfl\u00fcgeln sitzen drei bis vier Augenflecken nebeneinander. Der Au\u00dfenrand aller Fl\u00fcgel ist d\u00fcnn, unterbrochen wei\u00df gef\u00e4rbt. Die Unterseite der Vorderfl\u00fcgel ist braun mit zahlreichen wei\u00dfen Flecken und dem gleichen Augenfleck wie auf der Oberseite. Auf der Unterseite der Hinterfl\u00fcgel sind anstelle der Augenflecken dunkelbraune, stark verwaschene und hell gekernte Flecken erkennbar. Die Grundf\u00e4rbung der Hinterfl\u00fcgelunterseiten ist ockerfarben und leicht braun marmoriert, am Au\u00dfenrand ist ein violetter Schimmer gezeichnet. Auf den Hinterfl\u00fcgeln befinden sich auch zwei d\u00fcnne, dunkelbraune, gewellte Binden.<br \/>\nDie Raupen werden etwa 27 Millimeter gro\u00df. Ihr K\u00f6rper ist gelblichgr\u00fcn und hat einen wei\u00dfgerandeten, dunkelgr\u00fcnen R\u00fcckenstreifen. An den Seiten haben sie helle und dunkle Linien. Die Schwanzgabel ist wei\u00dflich, der Kopf bl\u00e4ulichgr\u00fcn.<br \/>\nDie Falter kommen in ganz Mitteleuropa und Nordafrika bis zu einer H\u00f6he von 1.200 Metern vor, wobei in Mitteleuropa die Unterart <i>P. aegeria tircis<\/i> vorkommt, w\u00e4hrend <i>P. aegeria aegeria<\/i> die s\u00fcdliche Variante darstellt. Sie leben in Auw\u00e4ldern, Laubmischw\u00e4ldern und Trockenw\u00e4ldern, seltener in Nadelw\u00e4ldern. Dabei werden lichte, warme laubholzreiche W\u00e4lder bevorzugt.<\/p>\n<p><strong>Flugzeit:<\/strong> \u00a0\u00a0\u00a0 Mitte April bis Anfang Juni und Juli bis Mitte September in zwei Generationen.<\/p>\n<p>Zur Galerie <a href=\"https:\/\/woerrlein-naturfoto.de\/wordpress\/hauptseite-insekten\/insekten\/schmetterlinge-2\/edelfalter\/\">Edelfalter<\/a><\/p>\n<p><em>Quelle des Textauszuges und weitere Infos bei <\/em><a href=\"https:\/\/de.wikipedia.org\/wiki\/Waldbrettspiel\" target=\"_blank\" rel=\"noopener noreferrer\">Wikipedia<\/a><em> (<\/em><a href=\"http:\/\/www.gnu.org\/licenses\/fdl-1.3.txt\" target=\"_blank\" rel=\"noopener noreferrer\">GNU-Lizenz<\/a><em>)\u2013 mein Dank gilt den <\/em><a href=\"https:\/\/de.wikipedia.org\/w\/index.php?title=Waldbrettspiel&amp;action=history\" target=\"_blank\" rel=\"noopener noreferrer\">Autoren<\/a><em>.<\/em><\/p>\n","protected":false},"excerpt":{"rendered":"<p>Insekten -&gt; Schmetterlinge-&gt;Edelfalter Insekten von A-Z zur Galerie Edelfalter Das Waldbrettspiel (Pararge aegeria) ist ein Schmetterling (Tagfalter) der Unterfamilie der Augenfalter aus der Familie der Edelfalter. Die Falter erreichen eine Fl\u00fcgelspannweite von 32 bis 45 Millimetern, die Weibchen sind h\u00e4ufig etwas gr\u00f6\u00dfer als die M\u00e4nnchen. Sie besitzen braune bis dunkelbraune Fl\u00fcgel mit kleinen hell gelblich &hellip; <a href=\"https:\/\/woerrlein-naturfoto.de\/wordpress\/edelfalter-a-z\/waldbrettspiel\/\" class=\"more-link\"><span class=\"screen-reader-text\">Waldbrettspiel<\/span> weiterlesen <span class=\"meta-nav\">&rarr;<\/span><\/a><\/p>\n","protected":false},"author":1,"featured_media":0,"parent":11134,"menu_order":0,"comment_status":"closed","ping_status":"closed","template":"page-templates\/full-width.php","meta":{"footnotes":""},"class_list":["post-13292","page","type-page","status-publish","hentry"],"_links":{"self":[{"href":"https:\/\/woerrlein-naturfoto.de\/wordpress\/wp-json\/wp\/v2\/pages\/13292","targetHints":{"allow":["GET"]}}],"collection":[{"href":"https:\/\/woerrlein-naturfoto.de\/wordpress\/wp-json\/wp\/v2\/pages"}],"about":[{"href":"https:\/\/woerrlein-naturfoto.de\/wordpress\/wp-json\/wp\/v2\/types\/page"}],"author":[{"embeddable":true,"href":"https:\/\/woerrlein-naturfoto.de\/wordpress\/wp-json\/wp\/v2\/users\/1"}],"replies":[{"embeddable":true,"href":"https:\/\/woerrlein-naturfoto.de\/wordpress\/wp-json\/wp\/v2\/comments?post=13292"}],"version-history":[{"count":4,"href":"https:\/\/woerrlein-naturfoto.de\/wordpress\/wp-json\/wp\/v2\/pages\/13292\/revisions"}],"predecessor-version":[{"id":13297,"href":"https:\/\/woerrlein-naturfoto.de\/wordpress\/wp-json\/wp\/v2\/pages\/13292\/revisions\/13297"}],"up":[{"embeddable":true,"href":"https:\/\/woerrlein-naturfoto.de\/wordpress\/wp-json\/wp\/v2\/pages\/11134"}],"wp:attachment":[{"href":"https:\/\/woerrlein-naturfoto.de\/wordpress\/wp-json\/wp\/v2\/media?parent=13292"}],"curies":[{"name":"wp","href":"https:\/\/api.w.org\/{rel}","templated":true}]}}

<p><a href="http://woerrlein-naturfoto.de/wordpress/insekten/"><span style="color: #ffff00;">Insekten</span></a> -&gt; <a href="http://woerrlein-naturfoto.de/wordpress/hauptseite-insekten/insekten/schmetterlinge-2/"><span style="color: #ffff00;">Schmetterlinge</span></a>-&gt;<a href="https://woerrlein-naturfoto.de/wordpress/hauptseite-insekten/insekten/schmetterlinge-2/edelfalter/"><span style="color: #ffff00;">Edelfalter</span></a><br />
<a title="Insekten A-Z" href="http://woerrlein-naturfoto.de/wordpress/insekten-a-z/">Insekten von A-Z</a><br />
zur Galerie <a href="https://woerrlein-naturfoto.de/wordpress/hauptseite-insekten/insekten/schmetterlinge-2/edelfalter/">Edelfalter</a></p>
<p><img loading="lazy" decoding="async" class="alignleft wp-image-13210" src="https://woerrlein-naturfoto.de/wordpress/wp-content/uploads/2019/10/Waldbrettspiel_D200620_3702-600x400.jpg" alt="" width="600" height="400" srcset="https://woerrlein-naturfoto.de/wordpress/wp-content/uploads/2019/10/Waldbrettspiel_D200620_3702-600x400.jpg 600w, https://woerrlein-naturfoto.de/wordpress/wp-content/uploads/2019/10/Waldbrettspiel_D200620_3702-768x512.jpg 768w, https://woerrlein-naturfoto.de/wordpress/wp-content/uploads/2019/10/Waldbrettspiel_D200620_3702-120x80.jpg 120w, https://woerrlein-naturfoto.de/wordpress/wp-content/uploads/2019/10/Waldbrettspiel_D200620_3702.jpg 1000w" sizes="auto, (max-width: 600px) 100vw, 600px" />Das <b>Waldbrettspiel</b> (<i>Pararge aegeria</i>) ist ein Schmetterling (Tagfalter) der Unterfamilie der Augenfalter aus der Familie der Edelfalter.<br />
Die Falter erreichen eine Flügelspannweite von 32 bis 45 Millimetern, die Weibchen sind häufig etwas größer als die Männchen. Sie besitzen braune bis dunkelbraune Flügel mit kleinen hell gelblich gerandeten, schwarzen und weiß gekernten Augenflecken. Die Flecken zeichnen sich bei den Weibchen deutlicher ab als bei den Männchen. Am Vorderflügel befindet sich nahe der Spitze ein solcher Fleck, der von mehreren, bindenartig angeordneten weißen Flecken flankiert wird. Auf den Hinterflügeln sitzen drei bis vier Augenflecken nebeneinander. Der Außenrand aller Flügel ist dünn, unterbrochen weiß gefärbt. Die Unterseite der Vorderflügel ist braun mit zahlreichen weißen Flecken und dem gleichen Augenfleck wie auf der Oberseite. Auf der Unterseite der Hinterflügel sind anstelle der Augenflecken dunkelbraune, stark verwaschene und hell gekernte Flecken erkennbar. Die Grundfärbung der Hinterflügelunterseiten ist ockerfarben und leicht braun marmoriert, am Außenrand ist ein violetter Schimmer gezeichnet. Auf den Hinterflügeln befinden sich auch zwei dünne, dunkelbraune, gewellte Binden.<br />
Die Raupen werden etwa 27 Millimeter groß. Ihr Körper ist gelblichgrün und hat einen weißgerandeten, dunkelgrünen Rückenstreifen. An den Seiten haben sie helle und dunkle Linien. Die Schwanzgabel ist weißlich, der Kopf bläulichgrün.<br />
Die Falter kommen in ganz Mitteleuropa und Nordafrika bis zu einer Höhe von 1.200 Metern vor, wobei in Mitteleuropa die Unterart <i>P. aegeria tircis</i> vorkommt, während <i>P. aegeria aegeria</i> die südliche Variante darstellt. Sie leben in Auwäldern, Laubmischwäldern und Trockenwäldern, seltener in Nadelwäldern. Dabei werden lichte, warme laubholzreiche Wälder bevorzugt.</p>
<p><strong>Flugzeit:</strong>     Mitte April bis Anfang Juni und Juli bis Mitte September in zwei Generationen.</p>
<p>Zur Galerie <a href="https://woerrlein-naturfoto.de/wordpress/hauptseite-insekten/insekten/schmetterlinge-2/edelfalter/">Edelfalter</a></p>
<p><em>Quelle des Textauszuges und weitere Infos bei </em><a href="https://de.wikipedia.org/wiki/Waldbrettspiel" target="_blank" rel="noopener noreferrer">Wikipedia</a><em> (</em><a href="http://www.gnu.org/licenses/fdl-1.3.txt" target="_blank" rel="noopener noreferrer">GNU-Lizenz</a><em>)– mein Dank gilt den </em><a href="https://de.wikipedia.org/w/index.php?title=Waldbrettspiel&amp;action=history" target="_blank" rel="noopener noreferrer">Autoren</a><em>.</em></p>

<p>Insekten -&gt; Schmetterlinge-&gt;Edelfalter Insekten von A-Z zur Galerie Edelfalter Das Waldbrettspiel (Pararge aegeria) ist ein Schmetterling (Tagfalter) der Unterfamilie der Augenfalter aus der Familie der Edelfalter. Die Falter erreichen eine Flügelspannweite von 32 bis 45 Millimetern, die Weibchen sind häufig etwas größer als die Männchen. Sie besitzen braune bis dunkelbraune Flügel mit kleinen hell gelblich &hellip; <a href="https://woerrlein-naturfoto.de/wordpress/edelfalter-a-z/waldbrettspiel/" class="more-link"><span class="screen-reader-text">Waldbrettspiel</span> weiterlesen <span class="meta-nav">&rarr;</span></a></p>
