{"id":13287,"date":"2021-07-26T15:03:42","date_gmt":"2021-07-26T13:03:42","guid":{"rendered":"https:\/\/woerrlein-naturfoto.de\/wordpress\/?page_id=13287"},"modified":"2021-07-26T15:06:58","modified_gmt":"2021-07-26T13:06:58","slug":"wegerich-scheckenfalter","status":"publish","type":"page","link":"https:\/\/woerrlein-naturfoto.de\/wordpress\/edelfalter-a-z\/wegerich-scheckenfalter\/","title":{"rendered":"Wegerich-Scheckenfalter"},"content":{"rendered":"<p><a href=\"http:\/\/woerrlein-naturfoto.de\/wordpress\/insekten\/\"><span style=\"color: #ffff00;\">Insekten<\/span><\/a> -&gt; <a href=\"http:\/\/woerrlein-naturfoto.de\/wordpress\/hauptseite-insekten\/insekten\/schmetterlinge-2\/\"><span style=\"color: #ffff00;\">Schmetterlinge<\/span><\/a>-&gt;<span style=\"color: #ffff00;\"><a style=\"color: #ffff00;\" href=\"https:\/\/woerrlein-naturfoto.de\/wordpress\/hauptseite-insekten\/insekten\/schmetterlinge-2\/edelfalter\/\">Edelfalter<\/a><\/span><br \/>\n<a title=\"Insekten A-Z\" href=\"http:\/\/woerrlein-naturfoto.de\/wordpress\/insekten-a-z\/\">Insekten von A-Z<\/a><br \/>\nzur Galerie <a href=\"https:\/\/woerrlein-naturfoto.de\/wordpress\/hauptseite-insekten\/insekten\/schmetterlinge-2\/edelfalter\/\">Edelfalter<\/a><\/p>\n<p><img loading=\"lazy\" decoding=\"async\" class=\"alignleft wp-image-13219\" src=\"https:\/\/woerrlein-naturfoto.de\/wordpress\/wp-content\/uploads\/2019\/10\/WegerichScheckenfalter_200517_6676-600x400.jpg\" alt=\"\" width=\"600\" height=\"400\" srcset=\"https:\/\/woerrlein-naturfoto.de\/wordpress\/wp-content\/uploads\/2019\/10\/WegerichScheckenfalter_200517_6676-600x400.jpg 600w, https:\/\/woerrlein-naturfoto.de\/wordpress\/wp-content\/uploads\/2019\/10\/WegerichScheckenfalter_200517_6676-768x512.jpg 768w, https:\/\/woerrlein-naturfoto.de\/wordpress\/wp-content\/uploads\/2019\/10\/WegerichScheckenfalter_200517_6676-120x80.jpg 120w, https:\/\/woerrlein-naturfoto.de\/wordpress\/wp-content\/uploads\/2019\/10\/WegerichScheckenfalter_200517_6676.jpg 1000w\" sizes=\"auto, (max-width: 600px) 100vw, 600px\" \/>Der <b>Wegerich-Scheckenfalter<\/b> (<i>Melitaea cinxia<\/i>) ist ein Schmetterling aus der Familie der Edelfalter.<br \/>\nDie Falter erreichen eine Fl\u00fcgelspannweite von 33 bis 40 Millimetern. Sie haben gelbbraune bis orangebraune Fl\u00fcgeloberseiten, die mit einem schwarzen Gittermuster gezeichnet sind. Der Au\u00dfenrand der Fl\u00fcgel ist wei\u00df. Nahe dem Hinterrand der Hinterfl\u00fcgel finden sich vier bis f\u00fcnf orange Felder, die schwarz gekernt sind. Die Unterseiten der Hinterfl\u00fcgel sind wei\u00df mit zwei breiten, orangen Querbinden. Die Binden sind schwarz eingerahmt und es finden sich auch in den wei\u00dfen Bereichen dazwischen zahlreiche schwarze Flecken. Auf der hinteren Binde sind, wie auf der Vorderseite, die orangen Fl\u00e4chen schwarz gekernt.<br \/>\nDie Raupen werden ca. 25 Millimeter lang und haben zahlreiche, kurze, schwarze Dornen. Sie sind fast ganz schwarz gef\u00e4rbt und habe wenige wei\u00dfe, in Querreihen angeordnete wei\u00dfe Punkte. Ihr Kopf ist rot.<br \/>\nDie Tiere leben in fast ganz Europa, au\u00dfer im Norden und Teilen der Iberischen Halbinsel, in Teilen von Nordwestafrika, in der T\u00fcrkei, in Russland, dem Norden Kasachstans und der Mongolei. In Europa kann man sie bis in einer H\u00f6he von 2000 m finden, in Nordafrika sogar bis auf 2600 m. In Deutschland sind sie noch in manchen Mittelgebirgen und warmen Stellen in den Alpen vorkommend, wurden aber auch noch 2008 in einer Kurzumtriebsplantage im brandenburgischen Cahnsdorf aufgefunden. Sie leben in offenen und trockenen Gebieten, wie z. B. Trockenrasen, Magerwiesen, \u00d6dland und auch an Waldr\u00e4ndern. Diese Art war fr\u00fcher eine der h\u00e4ufigsten Scheckenfalter und allgegenw\u00e4rtig. Mittlerweile sind sie aber fast \u00fcberall selten und wird als stark gef\u00e4hrdet eingestuft.<\/p>\n<p><strong>Flugzeit:<\/strong> \u00a0\u00a0\u00a0 Je nach Region von Ende April bis in den September in einer oder zwei Generationen.<\/p>\n<p>Zur Galerie <a href=\"https:\/\/woerrlein-naturfoto.de\/wordpress\/hauptseite-insekten\/insekten\/schmetterlinge-2\/edelfalter\/\">Edelfalter<\/a><\/p>\n<p><em>Quelle des Textauszuges und weitere Infos bei <\/em><a href=\"https:\/\/de.wikipedia.org\/wiki\/Wegerich-Scheckenfalter\" target=\"_blank\" rel=\"noopener noreferrer\">Wikipedia<\/a><em> (<\/em><a href=\"http:\/\/www.gnu.org\/licenses\/fdl-1.3.txt\" target=\"_blank\" rel=\"noopener noreferrer\">GNU-Lizenz<\/a><em>)\u2013 mein Dank gilt den <\/em><a href=\"https:\/\/de.wikipedia.org\/w\/index.php?title=Wegerich-Scheckenfalter&amp;action=history\" target=\"_blank\" rel=\"noopener noreferrer\">Autoren<\/a><em>.<\/em><\/p>\n","protected":false},"excerpt":{"rendered":"<p>Insekten -&gt; Schmetterlinge-&gt;Edelfalter Insekten von A-Z zur Galerie Edelfalter Der Wegerich-Scheckenfalter (Melitaea cinxia) ist ein Schmetterling aus der Familie der Edelfalter. Die Falter erreichen eine Fl\u00fcgelspannweite von 33 bis 40 Millimetern. Sie haben gelbbraune bis orangebraune Fl\u00fcgeloberseiten, die mit einem schwarzen Gittermuster gezeichnet sind. Der Au\u00dfenrand der Fl\u00fcgel ist wei\u00df. Nahe dem Hinterrand der Hinterfl\u00fcgel &hellip; <a href=\"https:\/\/woerrlein-naturfoto.de\/wordpress\/edelfalter-a-z\/wegerich-scheckenfalter\/\" class=\"more-link\"><span class=\"screen-reader-text\">Wegerich-Scheckenfalter<\/span> weiterlesen <span class=\"meta-nav\">&rarr;<\/span><\/a><\/p>\n","protected":false},"author":1,"featured_media":0,"parent":11134,"menu_order":0,"comment_status":"closed","ping_status":"closed","template":"page-templates\/full-width.php","meta":{"footnotes":""},"class_list":["post-13287","page","type-page","status-publish","hentry"],"_links":{"self":[{"href":"https:\/\/woerrlein-naturfoto.de\/wordpress\/wp-json\/wp\/v2\/pages\/13287","targetHints":{"allow":["GET"]}}],"collection":[{"href":"https:\/\/woerrlein-naturfoto.de\/wordpress\/wp-json\/wp\/v2\/pages"}],"about":[{"href":"https:\/\/woerrlein-naturfoto.de\/wordpress\/wp-json\/wp\/v2\/types\/page"}],"author":[{"embeddable":true,"href":"https:\/\/woerrlein-naturfoto.de\/wordpress\/wp-json\/wp\/v2\/users\/1"}],"replies":[{"embeddable":true,"href":"https:\/\/woerrlein-naturfoto.de\/wordpress\/wp-json\/wp\/v2\/comments?post=13287"}],"version-history":[{"count":3,"href":"https:\/\/woerrlein-naturfoto.de\/wordpress\/wp-json\/wp\/v2\/pages\/13287\/revisions"}],"predecessor-version":[{"id":13290,"href":"https:\/\/woerrlein-naturfoto.de\/wordpress\/wp-json\/wp\/v2\/pages\/13287\/revisions\/13290"}],"up":[{"embeddable":true,"href":"https:\/\/woerrlein-naturfoto.de\/wordpress\/wp-json\/wp\/v2\/pages\/11134"}],"wp:attachment":[{"href":"https:\/\/woerrlein-naturfoto.de\/wordpress\/wp-json\/wp\/v2\/media?parent=13287"}],"curies":[{"name":"wp","href":"https:\/\/api.w.org\/{rel}","templated":true}]}}

<p><a href="http://woerrlein-naturfoto.de/wordpress/insekten/"><span style="color: #ffff00;">Insekten</span></a> -&gt; <a href="http://woerrlein-naturfoto.de/wordpress/hauptseite-insekten/insekten/schmetterlinge-2/"><span style="color: #ffff00;">Schmetterlinge</span></a>-&gt;<span style="color: #ffff00;"><a style="color: #ffff00;" href="https://woerrlein-naturfoto.de/wordpress/hauptseite-insekten/insekten/schmetterlinge-2/edelfalter/">Edelfalter</a></span><br />
<a title="Insekten A-Z" href="http://woerrlein-naturfoto.de/wordpress/insekten-a-z/">Insekten von A-Z</a><br />
zur Galerie <a href="https://woerrlein-naturfoto.de/wordpress/hauptseite-insekten/insekten/schmetterlinge-2/edelfalter/">Edelfalter</a></p>
<p><img loading="lazy" decoding="async" class="alignleft wp-image-13219" src="https://woerrlein-naturfoto.de/wordpress/wp-content/uploads/2019/10/WegerichScheckenfalter_200517_6676-600x400.jpg" alt="" width="600" height="400" srcset="https://woerrlein-naturfoto.de/wordpress/wp-content/uploads/2019/10/WegerichScheckenfalter_200517_6676-600x400.jpg 600w, https://woerrlein-naturfoto.de/wordpress/wp-content/uploads/2019/10/WegerichScheckenfalter_200517_6676-768x512.jpg 768w, https://woerrlein-naturfoto.de/wordpress/wp-content/uploads/2019/10/WegerichScheckenfalter_200517_6676-120x80.jpg 120w, https://woerrlein-naturfoto.de/wordpress/wp-content/uploads/2019/10/WegerichScheckenfalter_200517_6676.jpg 1000w" sizes="auto, (max-width: 600px) 100vw, 600px" />Der <b>Wegerich-Scheckenfalter</b> (<i>Melitaea cinxia</i>) ist ein Schmetterling aus der Familie der Edelfalter.<br />
Die Falter erreichen eine Flügelspannweite von 33 bis 40 Millimetern. Sie haben gelbbraune bis orangebraune Flügeloberseiten, die mit einem schwarzen Gittermuster gezeichnet sind. Der Außenrand der Flügel ist weiß. Nahe dem Hinterrand der Hinterflügel finden sich vier bis fünf orange Felder, die schwarz gekernt sind. Die Unterseiten der Hinterflügel sind weiß mit zwei breiten, orangen Querbinden. Die Binden sind schwarz eingerahmt und es finden sich auch in den weißen Bereichen dazwischen zahlreiche schwarze Flecken. Auf der hinteren Binde sind, wie auf der Vorderseite, die orangen Flächen schwarz gekernt.<br />
Die Raupen werden ca. 25 Millimeter lang und haben zahlreiche, kurze, schwarze Dornen. Sie sind fast ganz schwarz gefärbt und habe wenige weiße, in Querreihen angeordnete weiße Punkte. Ihr Kopf ist rot.<br />
Die Tiere leben in fast ganz Europa, außer im Norden und Teilen der Iberischen Halbinsel, in Teilen von Nordwestafrika, in der Türkei, in Russland, dem Norden Kasachstans und der Mongolei. In Europa kann man sie bis in einer Höhe von 2000 m finden, in Nordafrika sogar bis auf 2600 m. In Deutschland sind sie noch in manchen Mittelgebirgen und warmen Stellen in den Alpen vorkommend, wurden aber auch noch 2008 in einer Kurzumtriebsplantage im brandenburgischen Cahnsdorf aufgefunden. Sie leben in offenen und trockenen Gebieten, wie z. B. Trockenrasen, Magerwiesen, Ödland und auch an Waldrändern. Diese Art war früher eine der häufigsten Scheckenfalter und allgegenwärtig. Mittlerweile sind sie aber fast überall selten und wird als stark gefährdet eingestuft.</p>
<p><strong>Flugzeit:</strong>     Je nach Region von Ende April bis in den September in einer oder zwei Generationen.</p>
<p>Zur Galerie <a href="https://woerrlein-naturfoto.de/wordpress/hauptseite-insekten/insekten/schmetterlinge-2/edelfalter/">Edelfalter</a></p>
<p><em>Quelle des Textauszuges und weitere Infos bei </em><a href="https://de.wikipedia.org/wiki/Wegerich-Scheckenfalter" target="_blank" rel="noopener noreferrer">Wikipedia</a><em> (</em><a href="http://www.gnu.org/licenses/fdl-1.3.txt" target="_blank" rel="noopener noreferrer">GNU-Lizenz</a><em>)– mein Dank gilt den </em><a href="https://de.wikipedia.org/w/index.php?title=Wegerich-Scheckenfalter&amp;action=history" target="_blank" rel="noopener noreferrer">Autoren</a><em>.</em></p>

<p>Insekten -&gt; Schmetterlinge-&gt;Edelfalter Insekten von A-Z zur Galerie Edelfalter Der Wegerich-Scheckenfalter (Melitaea cinxia) ist ein Schmetterling aus der Familie der Edelfalter. Die Falter erreichen eine Flügelspannweite von 33 bis 40 Millimetern. Sie haben gelbbraune bis orangebraune Flügeloberseiten, die mit einem schwarzen Gittermuster gezeichnet sind. Der Außenrand der Flügel ist weiß. Nahe dem Hinterrand der Hinterflügel &hellip; <a href="https://woerrlein-naturfoto.de/wordpress/edelfalter-a-z/wegerich-scheckenfalter/" class="more-link"><span class="screen-reader-text">Wegerich-Scheckenfalter</span> weiterlesen <span class="meta-nav">&rarr;</span></a></p>
