{"id":13282,"date":"2021-07-26T14:23:45","date_gmt":"2021-07-26T12:23:45","guid":{"rendered":"https:\/\/woerrlein-naturfoto.de\/wordpress\/?page_id=13282"},"modified":"2021-07-26T14:55:44","modified_gmt":"2021-07-26T12:55:44","slug":"wachtelweizen-scheckenfalter","status":"publish","type":"page","link":"https:\/\/woerrlein-naturfoto.de\/wordpress\/edelfalter-a-z\/wachtelweizen-scheckenfalter\/","title":{"rendered":"Wachtelweizen-Scheckenfalter"},"content":{"rendered":"<p><a href=\"http:\/\/woerrlein-naturfoto.de\/wordpress\/insekten\/\"><span style=\"color: #ffff00;\">Insekten<\/span><\/a> -&gt; <a href=\"http:\/\/woerrlein-naturfoto.de\/wordpress\/hauptseite-insekten\/insekten\/schmetterlinge-2\/\"><span style=\"color: #ffff00;\">Schmetterlinge<\/span><\/a>-&gt;<a href=\"https:\/\/woerrlein-naturfoto.de\/wordpress\/hauptseite-insekten\/insekten\/schmetterlinge-2\/edelfalter\/\"><span style=\"color: #ffff00;\">Edelfalter<\/span><\/a><br \/>\n<a title=\"Insekten A-Z\" href=\"http:\/\/woerrlein-naturfoto.de\/wordpress\/insekten-a-z\/\">Insekten von A-Z<\/a><br \/>\nzur Galerie <a href=\"https:\/\/woerrlein-naturfoto.de\/wordpress\/hauptseite-insekten\/insekten\/schmetterlinge-2\/edelfalter\/\">Edelfalter<\/a><\/p>\n<p><img loading=\"lazy\" decoding=\"async\" class=\"alignleft wp-image-13209\" src=\"https:\/\/woerrlein-naturfoto.de\/wordpress\/wp-content\/uploads\/2019\/10\/Wachtelweizenscheckenfalter_AW19662L_7037x4691-600x400.jpg\" alt=\"\" width=\"600\" height=\"400\" srcset=\"https:\/\/woerrlein-naturfoto.de\/wordpress\/wp-content\/uploads\/2019\/10\/Wachtelweizenscheckenfalter_AW19662L_7037x4691-600x400.jpg 600w, https:\/\/woerrlein-naturfoto.de\/wordpress\/wp-content\/uploads\/2019\/10\/Wachtelweizenscheckenfalter_AW19662L_7037x4691-768x512.jpg 768w, https:\/\/woerrlein-naturfoto.de\/wordpress\/wp-content\/uploads\/2019\/10\/Wachtelweizenscheckenfalter_AW19662L_7037x4691-120x80.jpg 120w, https:\/\/woerrlein-naturfoto.de\/wordpress\/wp-content\/uploads\/2019\/10\/Wachtelweizenscheckenfalter_AW19662L_7037x4691.jpg 1000w\" sizes=\"auto, (max-width: 600px) 100vw, 600px\" \/>Der <b>Wachtelweizen-Scheckenfalter<\/b> (<i>Melitaea athalia<\/i>), auch Gemeiner Scheckenfalter genannt ist ein Schmetterling (Tagfalter) aus der Familie der Edelfalter.<br \/>\nDie F\u00e4rbung und Zeichnung der Falter sind sehr variabel, wodurch er oftmals nur durch eine mikroskopische <a title=\"Genitaluntersuchung (Entomologie)\" href=\"https:\/\/de.wikipedia.org\/wiki\/Genitaluntersuchung_(Entomologie)\" target=\"_blank\" rel=\"noopener noreferrer\">Genitaluntersuchung<\/a> sicher von den unten angef\u00fchrten \u00e4hnlichen Arten unterschieden werden kann. Die Fl\u00fcgeloberseiten sind ockerfarben und weisen eine dunkelbraune bis schwarze gitterartige Zeichnung auf. Es werden auch wei\u00dfe Formen beschrieben. Auf der Hinterfl\u00fcgelunterseite ist der Raum zwischen den beiden Marginallinien hellgelb. Die <a class=\"mw-redirect\" title=\"Palpen\" href=\"https:\/\/de.wikipedia.org\/wiki\/Palpen\" target=\"_blank\" rel=\"noopener noreferrer\">Palpen<\/a> sind schwarz gef\u00e4rbt. Die Falter erreichen eine Fl\u00fcgelspannweite von 35 \u2013 40 mm.<br \/>\nDer Wachtelweizen-Scheckenfalter ist h\u00e4ufig und weit verbreitet. Sein Verbreitungsgebiet umfasst fast ganz Nordeuropa mit S\u00fcdengland und reicht im S\u00fcden bis in die Pyren\u00e4en, Italien, Slowenien und den europ\u00e4ischen Teil der T\u00fcrkei.<\/p>\n<p><strong>Flugzeit:<\/strong> \u00a0\u00a0\u00a0 Je nach Region von Mai bis in den September in einer oder zwei Generationen.<\/p>\n<p>Zur Galerie <a href=\"https:\/\/woerrlein-naturfoto.de\/wordpress\/hauptseite-insekten\/insekten\/schmetterlinge-2\/edelfalter\/\">Edelfalter<\/a><\/p>\n<p><em>Quelle des Textauszuges und weitere Infos bei <\/em><a href=\"https:\/\/de.wikipedia.org\/wiki\/Wachtelweizen-Scheckenfalter\" target=\"_blank\" rel=\"noopener noreferrer\">Wikipedia<\/a><em> (<\/em><a href=\"http:\/\/www.gnu.org\/licenses\/fdl-1.3.txt\" target=\"_blank\" rel=\"noopener noreferrer\">GNU-Lizenz<\/a><em>)\u2013 mein Dank gilt den <\/em><a href=\"https:\/\/de.wikipedia.org\/w\/index.php?title=Wachtelweizen-Scheckenfalter&amp;action=history\" target=\"_blank\" rel=\"noopener noreferrer\">Autoren<\/a><em>.<\/em><\/p>\n<p>&nbsp;<\/p>\n","protected":false},"excerpt":{"rendered":"<p>Insekten -&gt; Schmetterlinge-&gt;Edelfalter Insekten von A-Z zur Galerie Edelfalter Der Wachtelweizen-Scheckenfalter (Melitaea athalia), auch Gemeiner Scheckenfalter genannt ist ein Schmetterling (Tagfalter) aus der Familie der Edelfalter. Die F\u00e4rbung und Zeichnung der Falter sind sehr variabel, wodurch er oftmals nur durch eine mikroskopische Genitaluntersuchung sicher von den unten angef\u00fchrten \u00e4hnlichen Arten unterschieden werden kann. Die Fl\u00fcgeloberseiten &hellip; <a href=\"https:\/\/woerrlein-naturfoto.de\/wordpress\/edelfalter-a-z\/wachtelweizen-scheckenfalter\/\" class=\"more-link\"><span class=\"screen-reader-text\">Wachtelweizen-Scheckenfalter<\/span> weiterlesen <span class=\"meta-nav\">&rarr;<\/span><\/a><\/p>\n","protected":false},"author":1,"featured_media":0,"parent":11134,"menu_order":0,"comment_status":"closed","ping_status":"closed","template":"page-templates\/full-width.php","meta":{"footnotes":""},"class_list":["post-13282","page","type-page","status-publish","hentry"],"_links":{"self":[{"href":"https:\/\/woerrlein-naturfoto.de\/wordpress\/wp-json\/wp\/v2\/pages\/13282","targetHints":{"allow":["GET"]}}],"collection":[{"href":"https:\/\/woerrlein-naturfoto.de\/wordpress\/wp-json\/wp\/v2\/pages"}],"about":[{"href":"https:\/\/woerrlein-naturfoto.de\/wordpress\/wp-json\/wp\/v2\/types\/page"}],"author":[{"embeddable":true,"href":"https:\/\/woerrlein-naturfoto.de\/wordpress\/wp-json\/wp\/v2\/users\/1"}],"replies":[{"embeddable":true,"href":"https:\/\/woerrlein-naturfoto.de\/wordpress\/wp-json\/wp\/v2\/comments?post=13282"}],"version-history":[{"count":3,"href":"https:\/\/woerrlein-naturfoto.de\/wordpress\/wp-json\/wp\/v2\/pages\/13282\/revisions"}],"predecessor-version":[{"id":13285,"href":"https:\/\/woerrlein-naturfoto.de\/wordpress\/wp-json\/wp\/v2\/pages\/13282\/revisions\/13285"}],"up":[{"embeddable":true,"href":"https:\/\/woerrlein-naturfoto.de\/wordpress\/wp-json\/wp\/v2\/pages\/11134"}],"wp:attachment":[{"href":"https:\/\/woerrlein-naturfoto.de\/wordpress\/wp-json\/wp\/v2\/media?parent=13282"}],"curies":[{"name":"wp","href":"https:\/\/api.w.org\/{rel}","templated":true}]}}

<p><a href="http://woerrlein-naturfoto.de/wordpress/insekten/"><span style="color: #ffff00;">Insekten</span></a> -&gt; <a href="http://woerrlein-naturfoto.de/wordpress/hauptseite-insekten/insekten/schmetterlinge-2/"><span style="color: #ffff00;">Schmetterlinge</span></a>-&gt;<a href="https://woerrlein-naturfoto.de/wordpress/hauptseite-insekten/insekten/schmetterlinge-2/edelfalter/"><span style="color: #ffff00;">Edelfalter</span></a><br />
<a title="Insekten A-Z" href="http://woerrlein-naturfoto.de/wordpress/insekten-a-z/">Insekten von A-Z</a><br />
zur Galerie <a href="https://woerrlein-naturfoto.de/wordpress/hauptseite-insekten/insekten/schmetterlinge-2/edelfalter/">Edelfalter</a></p>
<p><img loading="lazy" decoding="async" class="alignleft wp-image-13209" src="https://woerrlein-naturfoto.de/wordpress/wp-content/uploads/2019/10/Wachtelweizenscheckenfalter_AW19662L_7037x4691-600x400.jpg" alt="" width="600" height="400" srcset="https://woerrlein-naturfoto.de/wordpress/wp-content/uploads/2019/10/Wachtelweizenscheckenfalter_AW19662L_7037x4691-600x400.jpg 600w, https://woerrlein-naturfoto.de/wordpress/wp-content/uploads/2019/10/Wachtelweizenscheckenfalter_AW19662L_7037x4691-768x512.jpg 768w, https://woerrlein-naturfoto.de/wordpress/wp-content/uploads/2019/10/Wachtelweizenscheckenfalter_AW19662L_7037x4691-120x80.jpg 120w, https://woerrlein-naturfoto.de/wordpress/wp-content/uploads/2019/10/Wachtelweizenscheckenfalter_AW19662L_7037x4691.jpg 1000w" sizes="auto, (max-width: 600px) 100vw, 600px" />Der <b>Wachtelweizen-Scheckenfalter</b> (<i>Melitaea athalia</i>), auch Gemeiner Scheckenfalter genannt ist ein Schmetterling (Tagfalter) aus der Familie der Edelfalter.<br />
Die Färbung und Zeichnung der Falter sind sehr variabel, wodurch er oftmals nur durch eine mikroskopische <a title="Genitaluntersuchung (Entomologie)" href="https://de.wikipedia.org/wiki/Genitaluntersuchung_(Entomologie)" target="_blank" rel="noopener noreferrer">Genitaluntersuchung</a> sicher von den unten angeführten ähnlichen Arten unterschieden werden kann. Die Flügeloberseiten sind ockerfarben und weisen eine dunkelbraune bis schwarze gitterartige Zeichnung auf. Es werden auch weiße Formen beschrieben. Auf der Hinterflügelunterseite ist der Raum zwischen den beiden Marginallinien hellgelb. Die <a class="mw-redirect" title="Palpen" href="https://de.wikipedia.org/wiki/Palpen" target="_blank" rel="noopener noreferrer">Palpen</a> sind schwarz gefärbt. Die Falter erreichen eine Flügelspannweite von 35 – 40 mm.<br />
Der Wachtelweizen-Scheckenfalter ist häufig und weit verbreitet. Sein Verbreitungsgebiet umfasst fast ganz Nordeuropa mit Südengland und reicht im Süden bis in die Pyrenäen, Italien, Slowenien und den europäischen Teil der Türkei.</p>
<p><strong>Flugzeit:</strong>     Je nach Region von Mai bis in den September in einer oder zwei Generationen.</p>
<p>Zur Galerie <a href="https://woerrlein-naturfoto.de/wordpress/hauptseite-insekten/insekten/schmetterlinge-2/edelfalter/">Edelfalter</a></p>
<p><em>Quelle des Textauszuges und weitere Infos bei </em><a href="https://de.wikipedia.org/wiki/Wachtelweizen-Scheckenfalter" target="_blank" rel="noopener noreferrer">Wikipedia</a><em> (</em><a href="http://www.gnu.org/licenses/fdl-1.3.txt" target="_blank" rel="noopener noreferrer">GNU-Lizenz</a><em>)– mein Dank gilt den </em><a href="https://de.wikipedia.org/w/index.php?title=Wachtelweizen-Scheckenfalter&amp;action=history" target="_blank" rel="noopener noreferrer">Autoren</a><em>.</em></p>
<p>&nbsp;</p>

<p>Insekten -&gt; Schmetterlinge-&gt;Edelfalter Insekten von A-Z zur Galerie Edelfalter Der Wachtelweizen-Scheckenfalter (Melitaea athalia), auch Gemeiner Scheckenfalter genannt ist ein Schmetterling (Tagfalter) aus der Familie der Edelfalter. Die Färbung und Zeichnung der Falter sind sehr variabel, wodurch er oftmals nur durch eine mikroskopische Genitaluntersuchung sicher von den unten angeführten ähnlichen Arten unterschieden werden kann. Die Flügeloberseiten &hellip; <a href="https://woerrlein-naturfoto.de/wordpress/edelfalter-a-z/wachtelweizen-scheckenfalter/" class="more-link"><span class="screen-reader-text">Wachtelweizen-Scheckenfalter</span> weiterlesen <span class="meta-nav">&rarr;</span></a></p>
