{"id":13261,"date":"2021-07-26T13:27:18","date_gmt":"2021-07-26T11:27:18","guid":{"rendered":"https:\/\/woerrlein-naturfoto.de\/wordpress\/?page_id=13261"},"modified":"2021-07-26T13:35:14","modified_gmt":"2021-07-26T11:35:14","slug":"roter-scheckenfalter","status":"publish","type":"page","link":"https:\/\/woerrlein-naturfoto.de\/wordpress\/edelfalter-a-z\/roter-scheckenfalter\/","title":{"rendered":"Roter Scheckenfalter"},"content":{"rendered":"<p><a href=\"http:\/\/woerrlein-naturfoto.de\/wordpress\/insekten\/\"><span style=\"color: #ffff00;\">Insekten<\/span><\/a> -&gt; <span style=\"color: #ffff00;\"><a style=\"color: #ffff00;\" href=\"http:\/\/woerrlein-naturfoto.de\/wordpress\/hauptseite-insekten\/insekten\/schmetterlinge-2\/\">Schmetterlinge<\/a><\/span>-&gt;<a href=\"https:\/\/woerrlein-naturfoto.de\/wordpress\/hauptseite-insekten\/insekten\/schmetterlinge-2\/edelfalter\/\"><span style=\"color: #ffff00;\">Edelfalter<\/span><\/a><br \/>\n<a title=\"Insekten A-Z\" href=\"http:\/\/woerrlein-naturfoto.de\/wordpress\/insekten-a-z\/\">Insekten von A-Z<\/a><br \/>\nzur Galerie <a href=\"https:\/\/woerrlein-naturfoto.de\/wordpress\/hauptseite-insekten\/insekten\/schmetterlinge-2\/edelfalter\/\">Edelfalter<\/a><\/p>\n<p><img loading=\"lazy\" decoding=\"async\" class=\"alignleft wp-image-13188\" src=\"https:\/\/woerrlein-naturfoto.de\/wordpress\/wp-content\/uploads\/2019\/10\/RoterScheckenfalter_200626_7865-600x400.jpg\" alt=\"\" width=\"600\" height=\"400\" srcset=\"https:\/\/woerrlein-naturfoto.de\/wordpress\/wp-content\/uploads\/2019\/10\/RoterScheckenfalter_200626_7865-600x400.jpg 600w, https:\/\/woerrlein-naturfoto.de\/wordpress\/wp-content\/uploads\/2019\/10\/RoterScheckenfalter_200626_7865-768x512.jpg 768w, https:\/\/woerrlein-naturfoto.de\/wordpress\/wp-content\/uploads\/2019\/10\/RoterScheckenfalter_200626_7865-120x80.jpg 120w, https:\/\/woerrlein-naturfoto.de\/wordpress\/wp-content\/uploads\/2019\/10\/RoterScheckenfalter_200626_7865.jpg 1000w\" sizes=\"auto, (max-width: 600px) 100vw, 600px\" \/>Der <b>Rote Scheckenfalter<\/b> (<i>Melitaea didyma<\/i>) ist ein Schmetterling (Tagfalter) aus der Familie der Edelfalter.<br \/>\nDie Falter erreichen eine Fl\u00fcgelspannweite von 30 bis 40 Millimetern. Zwischen beiden Geschlechtern ist ein Sexualdimorphismus zu erkennen, das hei\u00dft, sie sind unterschiedlich gef\u00e4rbt. Die M\u00e4nnchen sind leuchtend orange und haben ein Muster aus schwarzen W\u00fcrfelflecken und Querbinden. Die Weibchen sind sehr variabel gef\u00e4rbt. Meistens haben Vorder- und Hinterfl\u00fcgel eine unterschiedliche Grundf\u00e4rbung. Grunds\u00e4tzlich sind die Vorderfl\u00fcgel graubraun und die Hinterfl\u00fcgel orange mit jeweils einem schwarzen Muster. Die Unterseiten der Fl\u00fcgel sind bei beiden Geschlechtern gleich: Die Hinterfl\u00fcgel sind cremefarben und haben zwei orange Querbinden und zahlreiche schwarze Flecke.<br \/>\nDie Raupen werden ca. 28 Millimeter lang. Sie sind wei\u00df mit zahlreichen bl\u00e4ulich-schwarzen Linien und Strukturen. Am R\u00fccken tragen sie zwei Reihen oranger Flecken, aus denen orange Dornen mit wei\u00dfen Spitzen entspringen. Sie ern\u00e4hren sich von Mehliger K\u00f6nigskerze (<i>Verbascum lychnitis<\/i>), Gemeinem Leinkraut (<i>Linaria vulgaris<\/i>), Spitzwegerich (<i>Plantago lanceolata<\/i>), Aufrechtem Ziest (<i>Stachys recta<\/i>), Gro\u00dfem Ehrenpreis (<i>Veronica teucrium<\/i>) und verschiedenen anderen Kr\u00e4utern.<\/p>\n<p><strong>Flugzeit:<\/strong> \u00a0\u00a0\u00a0 Je nach Region von M\u00e4rz bis Oktober in zwei oder drei Generationen.<\/p>\n<p>Zur Galerie <a href=\"https:\/\/woerrlein-naturfoto.de\/wordpress\/hauptseite-insekten\/insekten\/schmetterlinge-2\/edelfalter\/\">Edelfalter<\/a><\/p>\n<p><em>Quelle des Textauszuges und weitere Infos bei <\/em><a href=\"https:\/\/de.wikipedia.org\/wiki\/Roter_Scheckenfalter\" target=\"_blank\" rel=\"noopener noreferrer\">Wikipedia<\/a><em> (<\/em><a href=\"http:\/\/www.gnu.org\/licenses\/fdl-1.3.txt\" target=\"_blank\" rel=\"noopener noreferrer\">GNU-Lizenz<\/a><em>)\u2013 mein Dank gilt den <\/em><a href=\"https:\/\/de.wikipedia.org\/w\/index.php?title=Roter_Scheckenfalter&amp;action=history\" target=\"_blank\" rel=\"noopener noreferrer\">Autoren<\/a><em>.<\/em><\/p>\n","protected":false},"excerpt":{"rendered":"<p>Insekten -&gt; Schmetterlinge-&gt;Edelfalter Insekten von A-Z zur Galerie Edelfalter Der Rote Scheckenfalter (Melitaea didyma) ist ein Schmetterling (Tagfalter) aus der Familie der Edelfalter. Die Falter erreichen eine Fl\u00fcgelspannweite von 30 bis 40 Millimetern. Zwischen beiden Geschlechtern ist ein Sexualdimorphismus zu erkennen, das hei\u00dft, sie sind unterschiedlich gef\u00e4rbt. Die M\u00e4nnchen sind leuchtend orange und haben ein &hellip; <a href=\"https:\/\/woerrlein-naturfoto.de\/wordpress\/edelfalter-a-z\/roter-scheckenfalter\/\" class=\"more-link\"><span class=\"screen-reader-text\">Roter Scheckenfalter<\/span> weiterlesen <span class=\"meta-nav\">&rarr;<\/span><\/a><\/p>\n","protected":false},"author":1,"featured_media":0,"parent":11134,"menu_order":0,"comment_status":"closed","ping_status":"closed","template":"page-templates\/full-width.php","meta":{"footnotes":""},"class_list":["post-13261","page","type-page","status-publish","hentry"],"_links":{"self":[{"href":"https:\/\/woerrlein-naturfoto.de\/wordpress\/wp-json\/wp\/v2\/pages\/13261","targetHints":{"allow":["GET"]}}],"collection":[{"href":"https:\/\/woerrlein-naturfoto.de\/wordpress\/wp-json\/wp\/v2\/pages"}],"about":[{"href":"https:\/\/woerrlein-naturfoto.de\/wordpress\/wp-json\/wp\/v2\/types\/page"}],"author":[{"embeddable":true,"href":"https:\/\/woerrlein-naturfoto.de\/wordpress\/wp-json\/wp\/v2\/users\/1"}],"replies":[{"embeddable":true,"href":"https:\/\/woerrlein-naturfoto.de\/wordpress\/wp-json\/wp\/v2\/comments?post=13261"}],"version-history":[{"count":4,"href":"https:\/\/woerrlein-naturfoto.de\/wordpress\/wp-json\/wp\/v2\/pages\/13261\/revisions"}],"predecessor-version":[{"id":13266,"href":"https:\/\/woerrlein-naturfoto.de\/wordpress\/wp-json\/wp\/v2\/pages\/13261\/revisions\/13266"}],"up":[{"embeddable":true,"href":"https:\/\/woerrlein-naturfoto.de\/wordpress\/wp-json\/wp\/v2\/pages\/11134"}],"wp:attachment":[{"href":"https:\/\/woerrlein-naturfoto.de\/wordpress\/wp-json\/wp\/v2\/media?parent=13261"}],"curies":[{"name":"wp","href":"https:\/\/api.w.org\/{rel}","templated":true}]}}

<p><a href="http://woerrlein-naturfoto.de/wordpress/insekten/"><span style="color: #ffff00;">Insekten</span></a> -&gt; <span style="color: #ffff00;"><a style="color: #ffff00;" href="http://woerrlein-naturfoto.de/wordpress/hauptseite-insekten/insekten/schmetterlinge-2/">Schmetterlinge</a></span>-&gt;<a href="https://woerrlein-naturfoto.de/wordpress/hauptseite-insekten/insekten/schmetterlinge-2/edelfalter/"><span style="color: #ffff00;">Edelfalter</span></a><br />
<a title="Insekten A-Z" href="http://woerrlein-naturfoto.de/wordpress/insekten-a-z/">Insekten von A-Z</a><br />
zur Galerie <a href="https://woerrlein-naturfoto.de/wordpress/hauptseite-insekten/insekten/schmetterlinge-2/edelfalter/">Edelfalter</a></p>
<p><img loading="lazy" decoding="async" class="alignleft wp-image-13188" src="https://woerrlein-naturfoto.de/wordpress/wp-content/uploads/2019/10/RoterScheckenfalter_200626_7865-600x400.jpg" alt="" width="600" height="400" srcset="https://woerrlein-naturfoto.de/wordpress/wp-content/uploads/2019/10/RoterScheckenfalter_200626_7865-600x400.jpg 600w, https://woerrlein-naturfoto.de/wordpress/wp-content/uploads/2019/10/RoterScheckenfalter_200626_7865-768x512.jpg 768w, https://woerrlein-naturfoto.de/wordpress/wp-content/uploads/2019/10/RoterScheckenfalter_200626_7865-120x80.jpg 120w, https://woerrlein-naturfoto.de/wordpress/wp-content/uploads/2019/10/RoterScheckenfalter_200626_7865.jpg 1000w" sizes="auto, (max-width: 600px) 100vw, 600px" />Der <b>Rote Scheckenfalter</b> (<i>Melitaea didyma</i>) ist ein Schmetterling (Tagfalter) aus der Familie der Edelfalter.<br />
Die Falter erreichen eine Flügelspannweite von 30 bis 40 Millimetern. Zwischen beiden Geschlechtern ist ein Sexualdimorphismus zu erkennen, das heißt, sie sind unterschiedlich gefärbt. Die Männchen sind leuchtend orange und haben ein Muster aus schwarzen Würfelflecken und Querbinden. Die Weibchen sind sehr variabel gefärbt. Meistens haben Vorder- und Hinterflügel eine unterschiedliche Grundfärbung. Grundsätzlich sind die Vorderflügel graubraun und die Hinterflügel orange mit jeweils einem schwarzen Muster. Die Unterseiten der Flügel sind bei beiden Geschlechtern gleich: Die Hinterflügel sind cremefarben und haben zwei orange Querbinden und zahlreiche schwarze Flecke.<br />
Die Raupen werden ca. 28 Millimeter lang. Sie sind weiß mit zahlreichen bläulich-schwarzen Linien und Strukturen. Am Rücken tragen sie zwei Reihen oranger Flecken, aus denen orange Dornen mit weißen Spitzen entspringen. Sie ernähren sich von Mehliger Königskerze (<i>Verbascum lychnitis</i>), Gemeinem Leinkraut (<i>Linaria vulgaris</i>), Spitzwegerich (<i>Plantago lanceolata</i>), Aufrechtem Ziest (<i>Stachys recta</i>), Großem Ehrenpreis (<i>Veronica teucrium</i>) und verschiedenen anderen Kräutern.</p>
<p><strong>Flugzeit:</strong>     Je nach Region von März bis Oktober in zwei oder drei Generationen.</p>
<p>Zur Galerie <a href="https://woerrlein-naturfoto.de/wordpress/hauptseite-insekten/insekten/schmetterlinge-2/edelfalter/">Edelfalter</a></p>
<p><em>Quelle des Textauszuges und weitere Infos bei </em><a href="https://de.wikipedia.org/wiki/Roter_Scheckenfalter" target="_blank" rel="noopener noreferrer">Wikipedia</a><em> (</em><a href="http://www.gnu.org/licenses/fdl-1.3.txt" target="_blank" rel="noopener noreferrer">GNU-Lizenz</a><em>)– mein Dank gilt den </em><a href="https://de.wikipedia.org/w/index.php?title=Roter_Scheckenfalter&amp;action=history" target="_blank" rel="noopener noreferrer">Autoren</a><em>.</em></p>

<p>Insekten -&gt; Schmetterlinge-&gt;Edelfalter Insekten von A-Z zur Galerie Edelfalter Der Rote Scheckenfalter (Melitaea didyma) ist ein Schmetterling (Tagfalter) aus der Familie der Edelfalter. Die Falter erreichen eine Flügelspannweite von 30 bis 40 Millimetern. Zwischen beiden Geschlechtern ist ein Sexualdimorphismus zu erkennen, das heißt, sie sind unterschiedlich gefärbt. Die Männchen sind leuchtend orange und haben ein &hellip; <a href="https://woerrlein-naturfoto.de/wordpress/edelfalter-a-z/roter-scheckenfalter/" class="more-link"><span class="screen-reader-text">Roter Scheckenfalter</span> weiterlesen <span class="meta-nav">&rarr;</span></a></p>
