{"id":12749,"date":"2020-12-06T17:20:42","date_gmt":"2020-12-06T16:20:42","guid":{"rendered":"https:\/\/woerrlein-naturfoto.de\/wordpress\/?page_id=12749"},"modified":"2022-10-19T13:59:49","modified_gmt":"2022-10-19T11:59:49","slug":"saftlingshaeubling","status":"publish","type":"page","link":"https:\/\/woerrlein-naturfoto.de\/wordpress\/pilze-a-z\/saftlingshaeubling\/","title":{"rendered":"Saftlingsh\u00e4ubling"},"content":{"rendered":"<p><span style=\"color: #ffff00;\"><a style=\"color: #ffff00;\" href=\"http:\/\/woerrlein-naturfoto.de\/wordpress\/hauptseite-pflanzen\/pflanzen\/\">Pflanzen <\/a><\/span>-&gt;<span style=\"color: #ffff00;\"><a style=\"color: #ffff00;\" href=\"http:\/\/woerrlein-naturfoto.de\/wordpress\/hauptseite-pflanzen\/pflanzen\/pilze-2\/\"> Pilze<\/a><\/span><br \/>\n<a href=\"http:\/\/woerrlein-naturfoto.de\/wordpress\/pflanzen-von-a-z\/\">Pflanzen von A-Z<\/a><br \/>\nzur Galerie <a href=\"https:\/\/woerrlein-naturfoto.de\/wordpress\/hauptseite-pflanzen\/pflanzen\/pilze-2\/pilze-iii-s-bis-z\/\">Pilze III<\/a><\/p>\n<p><img loading=\"lazy\" decoding=\"async\" class=\"alignleft wp-image-12713\" src=\"https:\/\/woerrlein-naturfoto.de\/wordpress\/wp-content\/uploads\/2015\/01\/Saftlingsh\u00e4ubling-4000x6000-1-267x400.jpg\" alt=\"\" width=\"267\" height=\"400\" \/>Ein kleiner, schm\u00e4chtiger Pilz mit gelbbraunen Farbt\u00f6nen. Besonders auff\u00e4llig sind die sehr entfernt stehenden Lamellen. Wie die meisten H\u00e4ublinge kann aber auch diese Art nur mit dem Mikroskop sicher bestimmt werden. Die Fruchtk\u00f6rper wachsen immer in Verbindung mit Moos.<\/p>\n<p><strong>Vorkommen:<\/strong> \u00a0\u00a0\u00a0\u00a0\u00a0\u00a0 Ende Mai bis Anfang Dezember<\/p>\n<p>zur Galerie <a href=\"https:\/\/woerrlein-naturfoto.de\/wordpress\/hauptseite-pflanzen\/pflanzen\/pilze-2\/pilze-iii-s-bis-z\/\">Pilze III<\/a><\/p>\n","protected":false},"excerpt":{"rendered":"<p>Pflanzen -&gt; Pilze Pflanzen von A-Z zur Galerie Pilze III Ein kleiner, schm\u00e4chtiger Pilz mit gelbbraunen Farbt\u00f6nen. Besonders auff\u00e4llig sind die sehr entfernt stehenden Lamellen. Wie die meisten H\u00e4ublinge kann aber auch diese Art nur mit dem Mikroskop sicher bestimmt werden. Die Fruchtk\u00f6rper wachsen immer in Verbindung mit Moos. Vorkommen: \u00a0\u00a0\u00a0\u00a0\u00a0\u00a0 Ende Mai bis Anfang &hellip; <a href=\"https:\/\/woerrlein-naturfoto.de\/wordpress\/pilze-a-z\/saftlingshaeubling\/\" class=\"more-link\"><span class=\"screen-reader-text\">Saftlingsh\u00e4ubling<\/span> weiterlesen <span class=\"meta-nav\">&rarr;<\/span><\/a><\/p>\n","protected":false},"author":1,"featured_media":0,"parent":5118,"menu_order":0,"comment_status":"closed","ping_status":"closed","template":"page-templates\/full-width.php","meta":{"footnotes":""},"class_list":["post-12749","page","type-page","status-publish","hentry"],"_links":{"self":[{"href":"https:\/\/woerrlein-naturfoto.de\/wordpress\/wp-json\/wp\/v2\/pages\/12749","targetHints":{"allow":["GET"]}}],"collection":[{"href":"https:\/\/woerrlein-naturfoto.de\/wordpress\/wp-json\/wp\/v2\/pages"}],"about":[{"href":"https:\/\/woerrlein-naturfoto.de\/wordpress\/wp-json\/wp\/v2\/types\/page"}],"author":[{"embeddable":true,"href":"https:\/\/woerrlein-naturfoto.de\/wordpress\/wp-json\/wp\/v2\/users\/1"}],"replies":[{"embeddable":true,"href":"https:\/\/woerrlein-naturfoto.de\/wordpress\/wp-json\/wp\/v2\/comments?post=12749"}],"version-history":[{"count":2,"href":"https:\/\/woerrlein-naturfoto.de\/wordpress\/wp-json\/wp\/v2\/pages\/12749\/revisions"}],"predecessor-version":[{"id":15553,"href":"https:\/\/woerrlein-naturfoto.de\/wordpress\/wp-json\/wp\/v2\/pages\/12749\/revisions\/15553"}],"up":[{"embeddable":true,"href":"https:\/\/woerrlein-naturfoto.de\/wordpress\/wp-json\/wp\/v2\/pages\/5118"}],"wp:attachment":[{"href":"https:\/\/woerrlein-naturfoto.de\/wordpress\/wp-json\/wp\/v2\/media?parent=12749"}],"curies":[{"name":"wp","href":"https:\/\/api.w.org\/{rel}","templated":true}]}}