{"id":12744,"date":"2020-12-06T16:52:09","date_gmt":"2020-12-06T15:52:09","guid":{"rendered":"https:\/\/woerrlein-naturfoto.de\/wordpress\/?page_id=12744"},"modified":"2022-10-19T13:56:27","modified_gmt":"2022-10-19T11:56:27","slug":"rubinroter-taeubling","status":"publish","type":"page","link":"https:\/\/woerrlein-naturfoto.de\/wordpress\/pilze-a-z\/rubinroter-taeubling\/","title":{"rendered":"Rubinroter T\u00e4ubling"},"content":{"rendered":"<p><span style=\"color: #ffff00;\"><a style=\"color: #ffff00;\" href=\"http:\/\/woerrlein-naturfoto.de\/wordpress\/hauptseite-pflanzen\/pflanzen\/\">Pflanzen <\/a><\/span>-&gt;<span style=\"color: #ffff00;\"><a style=\"color: #ffff00;\" href=\"http:\/\/woerrlein-naturfoto.de\/wordpress\/hauptseite-pflanzen\/pflanzen\/pilze-2\/\"> Pilze<\/a><\/span><br \/>\n<a href=\"http:\/\/woerrlein-naturfoto.de\/wordpress\/pflanzen-von-a-z\/\">Pflanzen von A-Z<\/a><br \/>\nzur Galerie <a href=\"https:\/\/woerrlein-naturfoto.de\/wordpress\/hauptseite-pflanzen\/pflanzen\/pilze-2\/pilze-ii-h-bis-r\/\">Pilze II<\/a><\/p>\n<p><img loading=\"lazy\" decoding=\"async\" class=\"alignleft wp-image-12710\" src=\"https:\/\/woerrlein-naturfoto.de\/wordpress\/wp-content\/uploads\/2015\/01\/Rubinroter-Taeubling_DSC_5802-6000x4000-1-600x400.jpg\" alt=\"\" width=\"600\" height=\"400\" \/>Der <b>Rubinrote T\u00e4ubling <\/b> (<i>Russula zvarae<\/i>) ist ein Pilz aus der Familie der T\u00e4ublingsverwandten. Der sehr seltene T\u00e4ubling \u00e4hnelt relativ stark dem Harten Zinnobert\u00e4ubling, ist aber meist kleiner und nicht so hartfleischig.<br \/>\nDer zerbrechliche, d\u00fcnnfleischige Hut ist 4\u20137 cm breit und schon bald ausgebreitet und dann auffallend niedergedr\u00fcckt. Der Hut ist wenig fleischig und rosa bis schwach zinnoberrot gef\u00e4rbt. In der Mitte und am Rand ist er blasser, oft auch buttergelb. Die Oberhaut ist samtig und im Alter k\u00f6rnig oder rissig. Die Huthaut ist d\u00fcnn und nicht sehr fest und deshalb nur am Rand abziehbar. Der abgerundete, stumpfe Rand ist oft gr\u00fcnlich und im Alter gerieft.<br \/>\nDie gedr\u00e4ngt stehenden, gebrechlichen Lamellen sind wei\u00dflich, cremefarben bis blass gelbocker und stehen fast frei. Das Sporenpulver ist rein wei\u00df.<br \/>\nDer wei\u00dfe Stiel ist 3\u20135 (6) cm lang und 0,5\u20131,5 cm breit. Innen ist der Stiel schwammig und im Alter oft hohl. Er ist oft keulenf\u00f6rmig und bisweilen auch purpurn punktiert bis gefleckt. An der Basis ist er oft r\u00f6tlich (pastell-rosa bis lachsfarben) \u00fcberlaufen. In seiner Jugend ist der Stiel oft bemehlt, dann glatt und schon nach kurzer Zeit runzelig gefurcht.<\/p>\n<p><strong>Vorkommen:<\/strong> \u00a0\u00a0\u00a0\u00a0\u00a0\u00a0 Fr\u00fchsommer bis Herbst<\/p>\n<p>zur Galerie <a href=\"https:\/\/woerrlein-naturfoto.de\/wordpress\/hauptseite-pflanzen\/pflanzen\/pilze-2\/pilze-ii-h-bis-r\/\">Pilze II<\/a><\/p>\n<p><em>Quelle des Textauszuges und weitere Infos bei <\/em><a href=\"https:\/\/de.wikipedia.org\/wiki\/Rubinroter_T%C3%A4ubling\" target=\"_blank\" rel=\"noopener noreferrer\">Wikipedia<\/a><em> (<\/em><a href=\"http:\/\/www.gnu.org\/licenses\/fdl-1.3.txt\" target=\"_blank\" rel=\"noopener noreferrer\">GNU-Lizenz<\/a><em>)\u2013 mein Dank gilt den <\/em><a href=\"https:\/\/de.wikipedia.org\/w\/index.php?title=Rubinroter_T%C3%A4ubling&amp;action=history\" target=\"_blank\" rel=\"noopener noreferrer\">Autoren<\/a><em>.<\/em><\/p>\n","protected":false},"excerpt":{"rendered":"<p>Pflanzen -&gt; Pilze Pflanzen von A-Z zur Galerie Pilze II Der Rubinrote T\u00e4ubling (Russula zvarae) ist ein Pilz aus der Familie der T\u00e4ublingsverwandten. Der sehr seltene T\u00e4ubling \u00e4hnelt relativ stark dem Harten Zinnobert\u00e4ubling, ist aber meist kleiner und nicht so hartfleischig. Der zerbrechliche, d\u00fcnnfleischige Hut ist 4\u20137 cm breit und schon bald ausgebreitet und dann &hellip; <a href=\"https:\/\/woerrlein-naturfoto.de\/wordpress\/pilze-a-z\/rubinroter-taeubling\/\" class=\"more-link\"><span class=\"screen-reader-text\">Rubinroter T\u00e4ubling<\/span> weiterlesen <span class=\"meta-nav\">&rarr;<\/span><\/a><\/p>\n","protected":false},"author":1,"featured_media":0,"parent":5118,"menu_order":0,"comment_status":"closed","ping_status":"closed","template":"page-templates\/full-width.php","meta":{"footnotes":""},"class_list":["post-12744","page","type-page","status-publish","hentry"],"_links":{"self":[{"href":"https:\/\/woerrlein-naturfoto.de\/wordpress\/wp-json\/wp\/v2\/pages\/12744","targetHints":{"allow":["GET"]}}],"collection":[{"href":"https:\/\/woerrlein-naturfoto.de\/wordpress\/wp-json\/wp\/v2\/pages"}],"about":[{"href":"https:\/\/woerrlein-naturfoto.de\/wordpress\/wp-json\/wp\/v2\/types\/page"}],"author":[{"embeddable":true,"href":"https:\/\/woerrlein-naturfoto.de\/wordpress\/wp-json\/wp\/v2\/users\/1"}],"replies":[{"embeddable":true,"href":"https:\/\/woerrlein-naturfoto.de\/wordpress\/wp-json\/wp\/v2\/comments?post=12744"}],"version-history":[{"count":4,"href":"https:\/\/woerrlein-naturfoto.de\/wordpress\/wp-json\/wp\/v2\/pages\/12744\/revisions"}],"predecessor-version":[{"id":15551,"href":"https:\/\/woerrlein-naturfoto.de\/wordpress\/wp-json\/wp\/v2\/pages\/12744\/revisions\/15551"}],"up":[{"embeddable":true,"href":"https:\/\/woerrlein-naturfoto.de\/wordpress\/wp-json\/wp\/v2\/pages\/5118"}],"wp:attachment":[{"href":"https:\/\/woerrlein-naturfoto.de\/wordpress\/wp-json\/wp\/v2\/media?parent=12744"}],"curies":[{"name":"wp","href":"https:\/\/api.w.org\/{rel}","templated":true}]}}