{"id":12493,"date":"2020-08-08T17:56:14","date_gmt":"2020-08-08T15:56:14","guid":{"rendered":"https:\/\/woerrlein-naturfoto.de\/wordpress\/?page_id=12493"},"modified":"2020-08-08T18:02:05","modified_gmt":"2020-08-08T16:02:05","slug":"feuriger-perlmuttfalter","status":"publish","type":"page","link":"https:\/\/woerrlein-naturfoto.de\/wordpress\/edelfalter-a-z\/feuriger-perlmuttfalter\/","title":{"rendered":"Feuriger Perlmuttfalter"},"content":{"rendered":"<p><a href=\"http:\/\/woerrlein-naturfoto.de\/wordpress\/insekten\/\"><span style=\"color: #ffff00;\">Insekten<\/span><\/a> -&gt; <span style=\"color: #ffff00;\"><a style=\"color: #ffff00;\" href=\"http:\/\/woerrlein-naturfoto.de\/wordpress\/hauptseite-insekten\/insekten\/schmetterlinge-2\/\">Schmetterlinge<\/a><\/span>-&gt;<a href=\"https:\/\/woerrlein-naturfoto.de\/wordpress\/hauptseite-insekten\/insekten\/schmetterlinge-2\/edelfalter\/\"><span style=\"color: #ffff00;\">Edelfalter<\/span><\/a><br \/>\n<a title=\"Insekten A-Z\" href=\"http:\/\/woerrlein-naturfoto.de\/wordpress\/insekten-a-z\/\">Insekten von A-Z<\/a><br \/>\nzur Galerie <a href=\"https:\/\/woerrlein-naturfoto.de\/wordpress\/hauptseite-insekten\/insekten\/schmetterlinge-2\/edelfalter\/\">Edelfalter<\/a><\/p>\n<p><img loading=\"lazy\" decoding=\"async\" class=\"alignleft wp-image-11802\" src=\"https:\/\/woerrlein-naturfoto.de\/wordpress\/wp-content\/uploads\/2019\/10\/FeurigerPerlmuttfalter_D20190717_1884-600x400.jpg\" alt=\"\" width=\"600\" height=\"400\" srcset=\"https:\/\/woerrlein-naturfoto.de\/wordpress\/wp-content\/uploads\/2019\/10\/FeurigerPerlmuttfalter_D20190717_1884-600x400.jpg 600w, https:\/\/woerrlein-naturfoto.de\/wordpress\/wp-content\/uploads\/2019\/10\/FeurigerPerlmuttfalter_D20190717_1884-768x512.jpg 768w, https:\/\/woerrlein-naturfoto.de\/wordpress\/wp-content\/uploads\/2019\/10\/FeurigerPerlmuttfalter_D20190717_1884-120x80.jpg 120w, https:\/\/woerrlein-naturfoto.de\/wordpress\/wp-content\/uploads\/2019\/10\/FeurigerPerlmuttfalter_D20190717_1884.jpg 1000w\" sizes=\"auto, (max-width: 600px) 100vw, 600px\" \/>Der <b>Feurige Perlmuttfalter<\/b> (<i>Fabriciana adippe<\/i>, Syn.: <i>Argynnis adippe<\/i>) ist ein Schmetterling (Tagfalter) aus der Familie der Edelfalter. Er wird in der deutschsprachigen Literatur auch als <strong>Adippe-Perlmutterfalter<\/strong>, <strong>Feuriger Perlmutterfalter<\/strong>, <strong>Feuriger Waldh\u00fcgelland-Perlmutterfalter<\/strong>, <strong>M\u00e4rzveilchenfalter<\/strong>, <strong>M\u00e4rzveilchen-Perlmutterfalter<\/strong> und <strong>Hundsveilchen-Perlmutterfalter<\/strong> bezeichnet.<br \/>\nDie Falter erreichen eine Fl\u00fcgelspannweite von 40 bis 45 Millimetern. Die Fl\u00fcgeloberseiten sind wie bei vielen Perlmuttfaltern orange gef\u00e4rbt und haben eine schwarze Musterung. Die M\u00e4nnchen tragen auf der Oberseite der Vorderfl\u00fcgel an den Adern Cu1 und Cu2 gut erkennbare Duftschuppenstreifen und auf den Hinterfl\u00fcgeln einen Haarkamm auf der Radialader. Auf der orangen Unterseite der Hinterfl\u00fcgel sind neben einigen fein schwarz gerandeten Perlmutterflecken kleine wei\u00dfe Flecken, die braun gerandet sind, in der Postdiskalregion charakteristisch. Diese fehlen dem \u00e4hnlichen Gro\u00dfen Perlmuttfalter (<i>Speyeria aglaja<\/i>). Am Au\u00dfenrand befindet sich eine Reihe, gr\u00f6\u00dferer Perlmuttflecken. Diese Flecken sind an der nach innen gerichteten Seite leicht spitz zulaufend und br\u00e4unlich gerandet.<\/p>\n<p><strong>Flugzeit:<\/strong> \u00a0\u00a0\u00a0 Mitte Juni bis August in einer Generation.<\/p>\n<p>Zur Galerie <a href=\"https:\/\/woerrlein-naturfoto.de\/wordpress\/hauptseite-insekten\/insekten\/schmetterlinge-2\/edelfalter\/\">Edelfalter<\/a><\/p>\n<p><em>Quelle des Textauszuges und weitere Infos bei <\/em><a href=\"https:\/\/de.wikipedia.org\/wiki\/Feuriger_Perlmuttfalter\" target=\"_blank\" rel=\"noopener noreferrer\">Wikipedia<\/a><em> (<\/em><a href=\"http:\/\/www.gnu.org\/licenses\/fdl-1.3.txt\" target=\"_blank\" rel=\"noopener noreferrer\">GNU-Lizenz<\/a><em>)\u2013 mein Dank gilt den <\/em><a href=\"https:\/\/de.wikipedia.org\/w\/index.php?title=Feuriger_Perlmuttfalter&amp;action=history\" target=\"_blank\" rel=\"noopener noreferrer\">Autoren<\/a><em>.<\/em><\/p>\n","protected":false},"excerpt":{"rendered":"<p>Insekten -&gt; Schmetterlinge-&gt;Edelfalter Insekten von A-Z zur Galerie Edelfalter Der Feurige Perlmuttfalter (Fabriciana adippe, Syn.: Argynnis adippe) ist ein Schmetterling (Tagfalter) aus der Familie der Edelfalter. Er wird in der deutschsprachigen Literatur auch als Adippe-Perlmutterfalter, Feuriger Perlmutterfalter, Feuriger Waldh\u00fcgelland-Perlmutterfalter, M\u00e4rzveilchenfalter, M\u00e4rzveilchen-Perlmutterfalter und Hundsveilchen-Perlmutterfalter bezeichnet. Die Falter erreichen eine Fl\u00fcgelspannweite von 40 bis 45 Millimetern. Die &hellip; <a href=\"https:\/\/woerrlein-naturfoto.de\/wordpress\/edelfalter-a-z\/feuriger-perlmuttfalter\/\" class=\"more-link\"><span class=\"screen-reader-text\">Feuriger Perlmuttfalter<\/span> weiterlesen <span class=\"meta-nav\">&rarr;<\/span><\/a><\/p>\n","protected":false},"author":1,"featured_media":0,"parent":11134,"menu_order":0,"comment_status":"closed","ping_status":"closed","template":"page-templates\/full-width.php","meta":{"footnotes":""},"class_list":["post-12493","page","type-page","status-publish","hentry"],"_links":{"self":[{"href":"https:\/\/woerrlein-naturfoto.de\/wordpress\/wp-json\/wp\/v2\/pages\/12493","targetHints":{"allow":["GET"]}}],"collection":[{"href":"https:\/\/woerrlein-naturfoto.de\/wordpress\/wp-json\/wp\/v2\/pages"}],"about":[{"href":"https:\/\/woerrlein-naturfoto.de\/wordpress\/wp-json\/wp\/v2\/types\/page"}],"author":[{"embeddable":true,"href":"https:\/\/woerrlein-naturfoto.de\/wordpress\/wp-json\/wp\/v2\/users\/1"}],"replies":[{"embeddable":true,"href":"https:\/\/woerrlein-naturfoto.de\/wordpress\/wp-json\/wp\/v2\/comments?post=12493"}],"version-history":[{"count":2,"href":"https:\/\/woerrlein-naturfoto.de\/wordpress\/wp-json\/wp\/v2\/pages\/12493\/revisions"}],"predecessor-version":[{"id":12499,"href":"https:\/\/woerrlein-naturfoto.de\/wordpress\/wp-json\/wp\/v2\/pages\/12493\/revisions\/12499"}],"up":[{"embeddable":true,"href":"https:\/\/woerrlein-naturfoto.de\/wordpress\/wp-json\/wp\/v2\/pages\/11134"}],"wp:attachment":[{"href":"https:\/\/woerrlein-naturfoto.de\/wordpress\/wp-json\/wp\/v2\/media?parent=12493"}],"curies":[{"name":"wp","href":"https:\/\/api.w.org\/{rel}","templated":true}]}}

<p><a href="http://woerrlein-naturfoto.de/wordpress/insekten/"><span style="color: #ffff00;">Insekten</span></a> -&gt; <span style="color: #ffff00;"><a style="color: #ffff00;" href="http://woerrlein-naturfoto.de/wordpress/hauptseite-insekten/insekten/schmetterlinge-2/">Schmetterlinge</a></span>-&gt;<a href="https://woerrlein-naturfoto.de/wordpress/hauptseite-insekten/insekten/schmetterlinge-2/edelfalter/"><span style="color: #ffff00;">Edelfalter</span></a><br />
<a title="Insekten A-Z" href="http://woerrlein-naturfoto.de/wordpress/insekten-a-z/">Insekten von A-Z</a><br />
zur Galerie <a href="https://woerrlein-naturfoto.de/wordpress/hauptseite-insekten/insekten/schmetterlinge-2/edelfalter/">Edelfalter</a></p>
<p><img loading="lazy" decoding="async" class="alignleft wp-image-11802" src="https://woerrlein-naturfoto.de/wordpress/wp-content/uploads/2019/10/FeurigerPerlmuttfalter_D20190717_1884-600x400.jpg" alt="" width="600" height="400" srcset="https://woerrlein-naturfoto.de/wordpress/wp-content/uploads/2019/10/FeurigerPerlmuttfalter_D20190717_1884-600x400.jpg 600w, https://woerrlein-naturfoto.de/wordpress/wp-content/uploads/2019/10/FeurigerPerlmuttfalter_D20190717_1884-768x512.jpg 768w, https://woerrlein-naturfoto.de/wordpress/wp-content/uploads/2019/10/FeurigerPerlmuttfalter_D20190717_1884-120x80.jpg 120w, https://woerrlein-naturfoto.de/wordpress/wp-content/uploads/2019/10/FeurigerPerlmuttfalter_D20190717_1884.jpg 1000w" sizes="auto, (max-width: 600px) 100vw, 600px" />Der <b>Feurige Perlmuttfalter</b> (<i>Fabriciana adippe</i>, Syn.: <i>Argynnis adippe</i>) ist ein Schmetterling (Tagfalter) aus der Familie der Edelfalter. Er wird in der deutschsprachigen Literatur auch als <strong>Adippe-Perlmutterfalter</strong>, <strong>Feuriger Perlmutterfalter</strong>, <strong>Feuriger Waldhügelland-Perlmutterfalter</strong>, <strong>Märzveilchenfalter</strong>, <strong>Märzveilchen-Perlmutterfalter</strong> und <strong>Hundsveilchen-Perlmutterfalter</strong> bezeichnet.<br />
Die Falter erreichen eine Flügelspannweite von 40 bis 45 Millimetern. Die Flügeloberseiten sind wie bei vielen Perlmuttfaltern orange gefärbt und haben eine schwarze Musterung. Die Männchen tragen auf der Oberseite der Vorderflügel an den Adern Cu1 und Cu2 gut erkennbare Duftschuppenstreifen und auf den Hinterflügeln einen Haarkamm auf der Radialader. Auf der orangen Unterseite der Hinterflügel sind neben einigen fein schwarz gerandeten Perlmutterflecken kleine weiße Flecken, die braun gerandet sind, in der Postdiskalregion charakteristisch. Diese fehlen dem ähnlichen Großen Perlmuttfalter (<i>Speyeria aglaja</i>). Am Außenrand befindet sich eine Reihe, größerer Perlmuttflecken. Diese Flecken sind an der nach innen gerichteten Seite leicht spitz zulaufend und bräunlich gerandet.</p>
<p><strong>Flugzeit:</strong>     Mitte Juni bis August in einer Generation.</p>
<p>Zur Galerie <a href="https://woerrlein-naturfoto.de/wordpress/hauptseite-insekten/insekten/schmetterlinge-2/edelfalter/">Edelfalter</a></p>
<p><em>Quelle des Textauszuges und weitere Infos bei </em><a href="https://de.wikipedia.org/wiki/Feuriger_Perlmuttfalter" target="_blank" rel="noopener noreferrer">Wikipedia</a><em> (</em><a href="http://www.gnu.org/licenses/fdl-1.3.txt" target="_blank" rel="noopener noreferrer">GNU-Lizenz</a><em>)– mein Dank gilt den </em><a href="https://de.wikipedia.org/w/index.php?title=Feuriger_Perlmuttfalter&amp;action=history" target="_blank" rel="noopener noreferrer">Autoren</a><em>.</em></p>

<p>Insekten -&gt; Schmetterlinge-&gt;Edelfalter Insekten von A-Z zur Galerie Edelfalter Der Feurige Perlmuttfalter (Fabriciana adippe, Syn.: Argynnis adippe) ist ein Schmetterling (Tagfalter) aus der Familie der Edelfalter. Er wird in der deutschsprachigen Literatur auch als Adippe-Perlmutterfalter, Feuriger Perlmutterfalter, Feuriger Waldhügelland-Perlmutterfalter, Märzveilchenfalter, Märzveilchen-Perlmutterfalter und Hundsveilchen-Perlmutterfalter bezeichnet. Die Falter erreichen eine Flügelspannweite von 40 bis 45 Millimetern. Die &hellip; <a href="https://woerrlein-naturfoto.de/wordpress/edelfalter-a-z/feuriger-perlmuttfalter/" class="more-link"><span class="screen-reader-text">Feuriger Perlmuttfalter</span> weiterlesen <span class="meta-nav">&rarr;</span></a></p>
