{"id":1247,"date":"2014-09-26T14:41:52","date_gmt":"2014-09-26T12:41:52","guid":{"rendered":"http:\/\/woerrlein-naturfoto.de\/wordpress\/?page_id=1247"},"modified":"2024-10-13T10:16:29","modified_gmt":"2024-10-13T08:16:29","slug":"uferschnepfe","status":"publish","type":"page","link":"https:\/\/woerrlein-naturfoto.de\/wordpress\/schnepfen_a-z\/uferschnepfe\/","title":{"rendered":"Uferschnepfe"},"content":{"rendered":"<p><a href=\"http:\/\/woerrlein-naturfoto.de\/wordpress\/voegel\/\"><span style=\"color: #ffff66;\">V\u00f6gel<\/span> <\/a>-&gt;<a href=\"http:\/\/woerrlein-naturfoto.de\/wordpress\/hauptseite-voegel\/voegel\/watvoegel-2\"> <span style=\"color: #ffff66;\">Watv\u00f6gel<\/span> <\/a><br \/>\n<a title=\"V\u00f6gel von A-Z\" href=\"http:\/\/woerrlein-naturfoto.de\/wordpress\/voegel\/voegel_von_a-z\/\">V\u00f6gel von A-Z<\/a><br \/>\nZur Galerie <a title=\"Schnepfenv\u00f6gel\" href=\"http:\/\/woerrlein-naturfoto.de\/wordpress\/hauptseite-voegel\/voegel\/watvoegel\/schnepfenvoegel\/\">Schnepfen I<\/a><\/p>\n<p><img loading=\"lazy\" decoding=\"async\" class=\"alignleft wp-image-1133\" src=\"http:\/\/woerrlein-naturfoto.de\/wordpress\/wp-content\/uploads\/Uferschnepfe_11845L_v-600x400.jpg\" alt=\"Uferschnepfe_11845L_v.jpg\" width=\"600\" height=\"400\" \/><\/p>\n<p>Die <b>Uferschnepfe<\/b> (<i>Limosa limosa<\/i>) ist eine Vogelart aus der Familie der Schnepfenv\u00f6gel. Uferschnepfen sind Langstreckenzieher und br\u00fcten vorwiegend auf Feuchtwiesen. Die Art steht sowohl in Deutschland als auch international auf der Roten Liste der bedrohten Tiere. Im Prachtkleid sind Hals, Brust und Kopf orange bis tief rostrot gef\u00e4rbt, h\u00e4ufig mit wei\u00dfen oder schwarzen Tupfen durchzogen. Unterbauch und Unterschwanz sind wei\u00df, dabei sind Brust und Bauch von schwarzen Querb\u00e4ndern \u00fcberzogen. Deren Ausdehnung ist sehr variabel &#8211; es gibt sowohl V\u00f6gel mit beinahe fehlender schwarzer Querb\u00e4nderung als auch Individuen mit schwarzen Steifen von der Brust bis auf den Unterschwanz. Das Flugbild der Uferschnepfe ist durch den wei\u00dfen Schwanz mit schwarzer Endbinde, die wei\u00dfen Streifen auf den grauen Unterfl\u00fcgeln und den langen geraden Schnabel charakterisiert. Kopf und Schnabel \u00fcberragen den K\u00f6rper nach vorn ebensoweit wie Beine und Schwanz nach hinten.<br \/>\nDie Uferschnepfe ern\u00e4hrt sich von Insekten, Spinnen, Krebstieren, Mollusken und W\u00fcrmern. Zur Zugzeit und im Winterquartier fressen ausgewachsene Uferschnepfen bei Verf\u00fcgbarkeit auch Reisk\u00f6rner. Manche Teilpopulationen ern\u00e4hren sich im Winter beinahe rein pflanzlich. Uferschnepfen stochern mit dem langen Schnabel im Boden, wo sie mit Hilfe der drucksensiblen Schnabelspitze ihre Beute lokalisieren. Manchmal werden Beutetiere oder Pflanzenteile auch von der Bodenoberfl\u00e4che aufgenommen; diese werden optisch lokalisiert.<br \/>\nUferschnepfen br\u00fcten in der Regel erst mit drei Jahren, momentan wird jedoch immer \u00f6fter von Bruten von zwei Jahre alten V\u00f6geln berichtet. H\u00e4ufig br\u00fcten Uferschnepfenpaare jedes Jahr an derselben Stelle, meist nur wenige Meter vom alten Brutplatz entfernt. Uferschnepfen br\u00fcten meistens in kleineren Gruppen von 2 bis 20 Paaren, in Dichten bis zu 3 Paaren pro Hektar. Es gibt aber gelegentlich auch einzelne Bruten. Das M\u00e4nnchen legt mehrere Nestmulden an, indem es seinen Oberk\u00f6rper auf den Boden dr\u00fcckt und mit kreisenden Bewegungen eine Mulde in den Boden dreht. Diese wird h\u00e4ufig mit Halmen und anderen Pflanzenteilen gepolstert. Das Weibchen inspiziert diese Nestmulden und legt in die von ihr ausgew\u00e4hlte ihre Eier.<\/p>\n<p>L\u00e4nge: 35-45 cm\u00a0\u00a0 Spannweite: bis 75 cm\u00a0\u00a0 Gewicht: 160-500 g\u00a0\u00a0 Gelege: 3-5 Eier<\/p>\n<p>Zur Galerie <a title=\"Schnepfenv\u00f6gel\" href=\"http:\/\/woerrlein-naturfoto.de\/wordpress\/hauptseite-voegel\/voegel\/watvoegel\/schnepfenvoegel\/\">Schnepfen I<\/a><\/p>\n<p>&nbsp;<\/p>\n<p><em>Quelle des Textauszuges und weitere Infos bei <\/em><a href=\"http:\/\/de.wikipedia.org\/wiki\/Uferschnepfe\" target=\"_blank\" rel=\"noopener\">Wikipedia<\/a> <em>(<\/em><a href=\"http:\/\/www.gnu.org\/licenses\/fdl-1.3.txt\" target=\"_blank\" rel=\"noopener\">GNU-Lizenz<\/a><em>)<\/em> \u2013 <em>mein Dank gilt den<\/em> <a href=\"http:\/\/de.wikipedia.org\/w\/index.php?title=Uferschnepfe&amp;action=history\" target=\"_blank\" rel=\"noopener\">Autoren<\/a>.<\/p>\n","protected":false},"excerpt":{"rendered":"<p>V\u00f6gel -&gt; Watv\u00f6gel V\u00f6gel von A-Z Zur Galerie Schnepfen I Die Uferschnepfe (Limosa limosa) ist eine Vogelart aus der Familie der Schnepfenv\u00f6gel. Uferschnepfen sind Langstreckenzieher und br\u00fcten vorwiegend auf Feuchtwiesen. Die Art steht sowohl in Deutschland als auch international auf der Roten Liste der bedrohten Tiere. Im Prachtkleid sind Hals, Brust und Kopf orange bis &hellip; <a href=\"https:\/\/woerrlein-naturfoto.de\/wordpress\/schnepfen_a-z\/uferschnepfe\/\" class=\"more-link\"><span class=\"screen-reader-text\">Uferschnepfe<\/span> weiterlesen <span class=\"meta-nav\">&rarr;<\/span><\/a><\/p>\n","protected":false},"author":1,"featured_media":0,"parent":1143,"menu_order":0,"comment_status":"closed","ping_status":"closed","template":"page-templates\/full-width.php","meta":{"footnotes":""},"class_list":["post-1247","page","type-page","status-publish","hentry"],"_links":{"self":[{"href":"https:\/\/woerrlein-naturfoto.de\/wordpress\/wp-json\/wp\/v2\/pages\/1247","targetHints":{"allow":["GET"]}}],"collection":[{"href":"https:\/\/woerrlein-naturfoto.de\/wordpress\/wp-json\/wp\/v2\/pages"}],"about":[{"href":"https:\/\/woerrlein-naturfoto.de\/wordpress\/wp-json\/wp\/v2\/types\/page"}],"author":[{"embeddable":true,"href":"https:\/\/woerrlein-naturfoto.de\/wordpress\/wp-json\/wp\/v2\/users\/1"}],"replies":[{"embeddable":true,"href":"https:\/\/woerrlein-naturfoto.de\/wordpress\/wp-json\/wp\/v2\/comments?post=1247"}],"version-history":[{"count":15,"href":"https:\/\/woerrlein-naturfoto.de\/wordpress\/wp-json\/wp\/v2\/pages\/1247\/revisions"}],"predecessor-version":[{"id":18958,"href":"https:\/\/woerrlein-naturfoto.de\/wordpress\/wp-json\/wp\/v2\/pages\/1247\/revisions\/18958"}],"up":[{"embeddable":true,"href":"https:\/\/woerrlein-naturfoto.de\/wordpress\/wp-json\/wp\/v2\/pages\/1143"}],"wp:attachment":[{"href":"https:\/\/woerrlein-naturfoto.de\/wordpress\/wp-json\/wp\/v2\/media?parent=1247"}],"curies":[{"name":"wp","href":"https:\/\/api.w.org\/{rel}","templated":true}]}}

<p><a href="http://woerrlein-naturfoto.de/wordpress/voegel/"><span style="color: #ffff66;">Vögel</span> </a>-&gt;<a href="http://woerrlein-naturfoto.de/wordpress/hauptseite-voegel/voegel/watvoegel-2"> <span style="color: #ffff66;">Watvögel</span> </a><br />
<a title="Vögel von A-Z" href="http://woerrlein-naturfoto.de/wordpress/voegel/voegel_von_a-z/">Vögel von A-Z</a><br />
Zur Galerie <a title="Schnepfenvögel" href="http://woerrlein-naturfoto.de/wordpress/hauptseite-voegel/voegel/watvoegel/schnepfenvoegel/">Schnepfen I</a></p>
<p><img loading="lazy" decoding="async" class="alignleft wp-image-1133" src="http://woerrlein-naturfoto.de/wordpress/wp-content/uploads/Uferschnepfe_11845L_v-600x400.jpg" alt="Uferschnepfe_11845L_v.jpg" width="600" height="400" /></p>
<p>Die <b>Uferschnepfe</b> (<i>Limosa limosa</i>) ist eine Vogelart aus der Familie der Schnepfenvögel. Uferschnepfen sind Langstreckenzieher und brüten vorwiegend auf Feuchtwiesen. Die Art steht sowohl in Deutschland als auch international auf der Roten Liste der bedrohten Tiere. Im Prachtkleid sind Hals, Brust und Kopf orange bis tief rostrot gefärbt, häufig mit weißen oder schwarzen Tupfen durchzogen. Unterbauch und Unterschwanz sind weiß, dabei sind Brust und Bauch von schwarzen Querbändern überzogen. Deren Ausdehnung ist sehr variabel &#8211; es gibt sowohl Vögel mit beinahe fehlender schwarzer Querbänderung als auch Individuen mit schwarzen Steifen von der Brust bis auf den Unterschwanz. Das Flugbild der Uferschnepfe ist durch den weißen Schwanz mit schwarzer Endbinde, die weißen Streifen auf den grauen Unterflügeln und den langen geraden Schnabel charakterisiert. Kopf und Schnabel überragen den Körper nach vorn ebensoweit wie Beine und Schwanz nach hinten.<br />
Die Uferschnepfe ernährt sich von Insekten, Spinnen, Krebstieren, Mollusken und Würmern. Zur Zugzeit und im Winterquartier fressen ausgewachsene Uferschnepfen bei Verfügbarkeit auch Reiskörner. Manche Teilpopulationen ernähren sich im Winter beinahe rein pflanzlich. Uferschnepfen stochern mit dem langen Schnabel im Boden, wo sie mit Hilfe der drucksensiblen Schnabelspitze ihre Beute lokalisieren. Manchmal werden Beutetiere oder Pflanzenteile auch von der Bodenoberfläche aufgenommen; diese werden optisch lokalisiert.<br />
Uferschnepfen brüten in der Regel erst mit drei Jahren, momentan wird jedoch immer öfter von Bruten von zwei Jahre alten Vögeln berichtet. Häufig brüten Uferschnepfenpaare jedes Jahr an derselben Stelle, meist nur wenige Meter vom alten Brutplatz entfernt. Uferschnepfen brüten meistens in kleineren Gruppen von 2 bis 20 Paaren, in Dichten bis zu 3 Paaren pro Hektar. Es gibt aber gelegentlich auch einzelne Bruten. Das Männchen legt mehrere Nestmulden an, indem es seinen Oberkörper auf den Boden drückt und mit kreisenden Bewegungen eine Mulde in den Boden dreht. Diese wird häufig mit Halmen und anderen Pflanzenteilen gepolstert. Das Weibchen inspiziert diese Nestmulden und legt in die von ihr ausgewählte ihre Eier.</p>
<p>Länge: 35-45 cm   Spannweite: bis 75 cm   Gewicht: 160-500 g   Gelege: 3-5 Eier</p>
<p>Zur Galerie <a title="Schnepfenvögel" href="http://woerrlein-naturfoto.de/wordpress/hauptseite-voegel/voegel/watvoegel/schnepfenvoegel/">Schnepfen I</a></p>
<p>&nbsp;</p>
<p><em>Quelle des Textauszuges und weitere Infos bei </em><a href="http://de.wikipedia.org/wiki/Uferschnepfe" target="_blank" rel="noopener">Wikipedia</a> <em>(</em><a href="http://www.gnu.org/licenses/fdl-1.3.txt" target="_blank" rel="noopener">GNU-Lizenz</a><em>)</em> – <em>mein Dank gilt den</em> <a href="http://de.wikipedia.org/w/index.php?title=Uferschnepfe&amp;action=history" target="_blank" rel="noopener">Autoren</a>.</p>

<p>Vögel -&gt; Watvögel Vögel von A-Z Zur Galerie Schnepfen I Die Uferschnepfe (Limosa limosa) ist eine Vogelart aus der Familie der Schnepfenvögel. Uferschnepfen sind Langstreckenzieher und brüten vorwiegend auf Feuchtwiesen. Die Art steht sowohl in Deutschland als auch international auf der Roten Liste der bedrohten Tiere. Im Prachtkleid sind Hals, Brust und Kopf orange bis &hellip; <a href="https://woerrlein-naturfoto.de/wordpress/schnepfen_a-z/uferschnepfe/" class="more-link"><span class="screen-reader-text">Uferschnepfe</span> weiterlesen <span class="meta-nav">&rarr;</span></a></p>
