{"id":1237,"date":"2014-09-26T12:53:50","date_gmt":"2014-09-26T10:53:50","guid":{"rendered":"http:\/\/woerrlein-naturfoto.de\/wordpress\/?page_id=1237"},"modified":"2024-10-13T10:15:17","modified_gmt":"2024-10-13T08:15:17","slug":"sanderling","status":"publish","type":"page","link":"https:\/\/woerrlein-naturfoto.de\/wordpress\/schnepfen_a-z\/sanderling\/","title":{"rendered":"Sanderling"},"content":{"rendered":"<p><a href=\"http:\/\/woerrlein-naturfoto.de\/wordpress\/voegel\/\"><span style=\"color: #ffff66;\">V\u00f6gel<\/span> <\/a>-&gt;<a href=\"http:\/\/woerrlein-naturfoto.de\/wordpress\/hauptseite-voegel\/voegel\/watvoegel-2\"> <span style=\"color: #ffff66;\">Watv\u00f6gel<\/span> <\/a><br \/>\n<a title=\"V\u00f6gel von A-Z\" href=\"http:\/\/woerrlein-naturfoto.de\/wordpress\/voegel\/voegel_von_a-z\/\">V\u00f6gel von A-Z<\/a><br \/>\nZur Galerie <a title=\"Schnepfenv\u00f6gel\" href=\"https:\/\/woerrlein-naturfoto.de\/wordpress\/hauptseite-voegel\/voegel\/watvoegel-2\/schnepfenvoegel-ii-strandlaeufer\/\">Schnepfen II<\/a><\/p>\n<p><img loading=\"lazy\" decoding=\"async\" class=\"alignleft wp-image-16912\" src=\"https:\/\/woerrlein-naturfoto.de\/wordpress\/wp-content\/uploads\/2014\/08\/Sanderling_AW27246L-600x400.jpg\" alt=\"\" width=\"600\" height=\"400\" srcset=\"https:\/\/woerrlein-naturfoto.de\/wordpress\/wp-content\/uploads\/2014\/08\/Sanderling_AW27246L-600x400.jpg 600w, https:\/\/woerrlein-naturfoto.de\/wordpress\/wp-content\/uploads\/2014\/08\/Sanderling_AW27246L-768x512.jpg 768w, https:\/\/woerrlein-naturfoto.de\/wordpress\/wp-content\/uploads\/2014\/08\/Sanderling_AW27246L-120x80.jpg 120w, https:\/\/woerrlein-naturfoto.de\/wordpress\/wp-content\/uploads\/2014\/08\/Sanderling_AW27246L.jpg 1000w\" sizes=\"auto, (max-width: 600px) 100vw, 600px\" \/>Der <b>Sanderling<\/b> (<i>Calidris alba<\/i>) ist ein kleiner Watvogel aus der Familie der Schnepfen. Er ist ein Brutvogel der arktischen Tundra und arktischer Inseln, z.\u00a0B. Spitzbergen. Im Wattenmeer der Niederlande und Deutschlands taucht er vor allem im Winterhalbjahr in teils gro\u00dfen Schw\u00e4rmen an der Nordseek\u00fcste auf, weitaus seltener im Binnenland. Er l\u00e4sst sich au\u00dferdem ganzj\u00e4hrig zumindest in kleiner Zahl beobachten. An der Ostsee \u00fcberwintert dagegen nur ein kleiner Teil der Sanderlinge. W\u00e4hrend der Zugzeiten sind dort h\u00f6chstens einige wenige hundert V\u00f6gel zu beobachten. Er f\u00e4llt im Winter durch sein verh\u00e4ltnism\u00e4\u00dfig helles Gefieder auf. Die Oberseite ist lichtgrau bis grau, die Unterseite wei\u00df. Markant ist der dunkle Fl\u00fcgelbug, die Handschwingen sind ebenfalls dunkel. Schnabel und Beine sind schwarz, die F\u00fc\u00dfe sind dreizehig, da ihnen die Hinterzehe fehlt. Im Flug erscheint der Sanderling silbergrau und zeigt einen deutlichen wei\u00dfen Fl\u00fcgelstreif. Im Brutkleid ist der Sanderling dem Zwergstrandl\u00e4ufer nicht un\u00e4hnlich. Die Oberseite ist br\u00e4unlich gescheckt und wird vor allem bei der amerikanischen Unterart gegen Sommer hin zunehmend rostbraun. Im Gegensatz zum Winterkleid geht die F\u00e4rbung der Oberseite \u00fcber den gesamten Kopf und bis auf die Vorderbrust.<\/p>\n<p>L\u00e4nge: 20-22 cm\u00a0\u00a0 Spannweite: 40-45 cm\u00a0\u00a0 Gewicht: 45-65 g\u00a0\u00a0 Gelege: 3-4 Eier<\/p>\n<p>Zur Galerie <a title=\"Schnepfenv\u00f6gel\" href=\"https:\/\/woerrlein-naturfoto.de\/wordpress\/hauptseite-voegel\/voegel\/watvoegel-2\/schnepfenvoegel-ii-strandlaeufer\/\">Schnepfen II<\/a><\/p>\n<p>&nbsp;<\/p>\n<p><em>Quelle des Textauszuges und weitere Infos bei <\/em><a href=\"http:\/\/de.wikipedia.org\/wiki\/Sanderling\" target=\"_blank\" rel=\"noopener\">Wikipedia<\/a> <em>(<\/em><a href=\"http:\/\/www.gnu.org\/licenses\/fdl-1.3.txt\" target=\"_blank\" rel=\"noopener\">GNU-Lizenz<\/a><em>)<\/em> \u2013 <em>mein Dank gilt den<\/em> <a href=\"http:\/\/de.wikipedia.org\/w\/index.php?title=Sanderling&amp;action=history\" target=\"_blank\" rel=\"noopener\">Autoren<\/a>.<\/p>\n<p>&nbsp;<\/p>\n","protected":false},"excerpt":{"rendered":"<p>V\u00f6gel -&gt; Watv\u00f6gel V\u00f6gel von A-Z Zur Galerie Schnepfen II Der Sanderling (Calidris alba) ist ein kleiner Watvogel aus der Familie der Schnepfen. Er ist ein Brutvogel der arktischen Tundra und arktischer Inseln, z.\u00a0B. Spitzbergen. Im Wattenmeer der Niederlande und Deutschlands taucht er vor allem im Winterhalbjahr in teils gro\u00dfen Schw\u00e4rmen an der Nordseek\u00fcste auf, &hellip; <a href=\"https:\/\/woerrlein-naturfoto.de\/wordpress\/schnepfen_a-z\/sanderling\/\" class=\"more-link\"><span class=\"screen-reader-text\">Sanderling<\/span> weiterlesen <span class=\"meta-nav\">&rarr;<\/span><\/a><\/p>\n","protected":false},"author":1,"featured_media":0,"parent":1143,"menu_order":0,"comment_status":"closed","ping_status":"closed","template":"page-templates\/full-width.php","meta":{"footnotes":""},"class_list":["post-1237","page","type-page","status-publish","hentry"],"_links":{"self":[{"href":"https:\/\/woerrlein-naturfoto.de\/wordpress\/wp-json\/wp\/v2\/pages\/1237","targetHints":{"allow":["GET"]}}],"collection":[{"href":"https:\/\/woerrlein-naturfoto.de\/wordpress\/wp-json\/wp\/v2\/pages"}],"about":[{"href":"https:\/\/woerrlein-naturfoto.de\/wordpress\/wp-json\/wp\/v2\/types\/page"}],"author":[{"embeddable":true,"href":"https:\/\/woerrlein-naturfoto.de\/wordpress\/wp-json\/wp\/v2\/users\/1"}],"replies":[{"embeddable":true,"href":"https:\/\/woerrlein-naturfoto.de\/wordpress\/wp-json\/wp\/v2\/comments?post=1237"}],"version-history":[{"count":17,"href":"https:\/\/woerrlein-naturfoto.de\/wordpress\/wp-json\/wp\/v2\/pages\/1237\/revisions"}],"predecessor-version":[{"id":18956,"href":"https:\/\/woerrlein-naturfoto.de\/wordpress\/wp-json\/wp\/v2\/pages\/1237\/revisions\/18956"}],"up":[{"embeddable":true,"href":"https:\/\/woerrlein-naturfoto.de\/wordpress\/wp-json\/wp\/v2\/pages\/1143"}],"wp:attachment":[{"href":"https:\/\/woerrlein-naturfoto.de\/wordpress\/wp-json\/wp\/v2\/media?parent=1237"}],"curies":[{"name":"wp","href":"https:\/\/api.w.org\/{rel}","templated":true}]}}