{"id":1186,"date":"2014-09-26T10:33:33","date_gmt":"2014-09-26T08:33:33","guid":{"rendered":"http:\/\/woerrlein-naturfoto.de\/wordpress\/?page_id=1186"},"modified":"2024-10-13T10:07:40","modified_gmt":"2024-10-13T08:07:40","slug":"knutt","status":"publish","type":"page","link":"https:\/\/woerrlein-naturfoto.de\/wordpress\/schnepfen_a-z\/knutt\/","title":{"rendered":"Knutt"},"content":{"rendered":"<p><a href=\"http:\/\/woerrlein-naturfoto.de\/wordpress\/voegel\/\"><span style=\"color: #ffff66;\">V\u00f6gel<\/span> <\/a>-&gt;<a href=\"http:\/\/woerrlein-naturfoto.de\/wordpress\/hauptseite-voegel\/voegel\/watvoegel-2\"> <span style=\"color: #ffff66;\">Watv\u00f6gel<\/span> <\/a><br \/>\n<a title=\"V\u00f6gel von A-Z\" href=\"http:\/\/woerrlein-naturfoto.de\/wordpress\/voegel\/voegel_von_a-z\/\">V\u00f6gel von A-Z<\/a><br \/>\nZur Galerie <a title=\"Schnepfenv\u00f6gel\" href=\"https:\/\/woerrlein-naturfoto.de\/wordpress\/hauptseite-voegel\/voegel\/watvoegel-2\/schnepfenvoegel-ii-strandlaeufer\/\">Schnepfen II<\/a><\/p>\n<p><img loading=\"lazy\" decoding=\"async\" class=\"alignleft wp-image-1108\" src=\"http:\/\/woerrlein-naturfoto.de\/wordpress\/wp-content\/uploads\/Knutt_19925L_v-600x400.jpg\" alt=\"Knutt_19925L_v.jpg\" width=\"600\" height=\"400\" \/><\/p>\n<p>Der <b>Knutt<\/b> (<i>Calidris canutus<\/i>), auch <b>Knuttstrandl\u00e4ufer<\/b> genannt, ist ein Vogel aus der Familie der Schnepfenv\u00f6gel. Er wurde m\u00f6glicherweise nach dem anglo-skandinavischen K\u00f6nig Knut dem Gro\u00dfen benannt, aber auch eine lautmalerische Benennung nach dem Klang seiner Rufe ist denkbar. Der Knutt ist im Wattenmeer D\u00e4nemarks, Deutschlands und der Niederlande ganzj\u00e4hrig ein Gastvogel, gelegentlich finden sich bis zu 200.000 Individuen ein. Im Ostseebereich findet sich dagegen nur eine sehr geringe Zahl an Knutts ein.<br \/>\nKnutts br\u00fcten in den gro\u00dffl\u00e4chigen Tundragebieten Sibiriens, Gr\u00f6nlands, Kanadas und Alaskas. Die V\u00f6gel br\u00fcten vereinzelt, zum Teil mehrere Kilometer voneinander entfernt. Das Weibchen legt die Eier in eine mit Moos gepolsterte Mulde am Boden. Beide Eltern br\u00fcten auf dem Nest, allerdings verl\u00e4sst das Weibchen das Nest kurz bevor die Jungen schl\u00fcpfen. Die K\u00fcken sind Nestfl\u00fcchter und ern\u00e4hren sich vom ersten Tag an selbst. Sobald die Jungen fl\u00fcgge werden, beginnt auch das M\u00e4nnchen mit dem R\u00fcckzug in die Wintergebiete. Die Jungtiere folgen einige Tage oder Wochen sp\u00e4ter ohne die Alttiere.<br \/>\nDie Nahrung besteht haupts\u00e4chlich aus Muscheln und Wattschnecken. Der Knutt verschluckt seine Beute komplett und zerbricht die Schalen im Muskelmagen. Im Brutgebiet ern\u00e4hren sich Knutts von Bodenarthropoden.<\/p>\n<p>L\u00e4nge: 23-26 cm\u00a0\u00a0 Spannweite: 57-62 cm\u00a0\u00a0 Gewicht: 115-165 g\u00a0\u00a0 Gelege: 3-4 Eier<\/p>\n<p>Zur Galerie <a title=\"Schnepfenv\u00f6gel\" href=\"https:\/\/woerrlein-naturfoto.de\/wordpress\/hauptseite-voegel\/voegel\/watvoegel-2\/schnepfenvoegel-ii-strandlaeufer\/\">Schnepfen II<\/a><\/p>\n<p>&nbsp;<\/p>\n<p><em>Quelle des Textauszuges und weitere Infos bei <\/em><a href=\"http:\/\/de.wikipedia.org\/wiki\/Knutt\" target=\"_blank\" rel=\"noopener\">Wikipedia<\/a> <em>(<\/em><a href=\"http:\/\/www.gnu.org\/licenses\/fdl-1.3.txt\" target=\"_blank\" rel=\"noopener\">GNU-Lizenz<\/a><em>)<\/em> \u2013 <em>mein Dank gilt den<\/em> <a href=\"http:\/\/de.wikipedia.org\/w\/index.php?title=Knutt&amp;action=history\" target=\"_blank\" rel=\"noopener\">Autoren<\/a>.<\/p>\n","protected":false},"excerpt":{"rendered":"<p>V\u00f6gel -&gt; Watv\u00f6gel V\u00f6gel von A-Z Zur Galerie Schnepfen II Der Knutt (Calidris canutus), auch Knuttstrandl\u00e4ufer genannt, ist ein Vogel aus der Familie der Schnepfenv\u00f6gel. Er wurde m\u00f6glicherweise nach dem anglo-skandinavischen K\u00f6nig Knut dem Gro\u00dfen benannt, aber auch eine lautmalerische Benennung nach dem Klang seiner Rufe ist denkbar. Der Knutt ist im Wattenmeer D\u00e4nemarks, Deutschlands &hellip; <a href=\"https:\/\/woerrlein-naturfoto.de\/wordpress\/schnepfen_a-z\/knutt\/\" class=\"more-link\"><span class=\"screen-reader-text\">Knutt<\/span> weiterlesen <span class=\"meta-nav\">&rarr;<\/span><\/a><\/p>\n","protected":false},"author":1,"featured_media":0,"parent":1143,"menu_order":0,"comment_status":"closed","ping_status":"closed","template":"page-templates\/full-width.php","meta":{"footnotes":""},"class_list":["post-1186","page","type-page","status-publish","hentry"],"_links":{"self":[{"href":"https:\/\/woerrlein-naturfoto.de\/wordpress\/wp-json\/wp\/v2\/pages\/1186","targetHints":{"allow":["GET"]}}],"collection":[{"href":"https:\/\/woerrlein-naturfoto.de\/wordpress\/wp-json\/wp\/v2\/pages"}],"about":[{"href":"https:\/\/woerrlein-naturfoto.de\/wordpress\/wp-json\/wp\/v2\/types\/page"}],"author":[{"embeddable":true,"href":"https:\/\/woerrlein-naturfoto.de\/wordpress\/wp-json\/wp\/v2\/users\/1"}],"replies":[{"embeddable":true,"href":"https:\/\/woerrlein-naturfoto.de\/wordpress\/wp-json\/wp\/v2\/comments?post=1186"}],"version-history":[{"count":13,"href":"https:\/\/woerrlein-naturfoto.de\/wordpress\/wp-json\/wp\/v2\/pages\/1186\/revisions"}],"predecessor-version":[{"id":18949,"href":"https:\/\/woerrlein-naturfoto.de\/wordpress\/wp-json\/wp\/v2\/pages\/1186\/revisions\/18949"}],"up":[{"embeddable":true,"href":"https:\/\/woerrlein-naturfoto.de\/wordpress\/wp-json\/wp\/v2\/pages\/1143"}],"wp:attachment":[{"href":"https:\/\/woerrlein-naturfoto.de\/wordpress\/wp-json\/wp\/v2\/media?parent=1186"}],"curies":[{"name":"wp","href":"https:\/\/api.w.org\/{rel}","templated":true}]}}