{"id":11834,"date":"2019-12-28T15:03:09","date_gmt":"2019-12-28T14:03:09","guid":{"rendered":"http:\/\/woerrlein-naturfoto.de\/wordpress\/?page_id=11834"},"modified":"2021-12-19T13:41:21","modified_gmt":"2021-12-19T12:41:21","slug":"kugelorchis","status":"publish","type":"page","link":"https:\/\/woerrlein-naturfoto.de\/wordpress\/verschiedene-orchideen-a-z\/kugelorchis\/","title":{"rendered":"Kugelorchis"},"content":{"rendered":"<p><span style=\"color: #ffff66;\"><a style=\"color: #ffff66;\" href=\"http:\/\/woerrlein-naturfoto.de\/wordpress\/hauptseite-pflanzen\/pflanzen\/\"><span style=\"color: #ffff00;\">Pflanzen<\/span><\/a> <\/span>-&gt;<span style=\"color: #ffff66;\"><a style=\"color: #ffff66;\" href=\"http:\/\/woerrlein-naturfoto.de\/wordpress\/hauptseite-pflanzen\/pflanzen\/blueten-i-orchideen-2\/\"><span style=\"color: #ffff00;\">Orchideen <\/span><\/a><\/span>-&gt;<span style=\"color: #ffff00;\">\u00a0<a style=\"color: #ffff00;\" href=\"http:\/\/woerrlein-naturfoto.de\/wordpress\/hauptseite-pflanzen\/pflanzen\/blueten-i-orchideen\/\">verschiedene Orchideen<\/a><code><\/code><\/span><br \/>\n<a href=\"http:\/\/woerrlein-naturfoto.de\/wordpress\/pflanzen-von-a-z\/\">Pflanzen von A-Z<\/a><br \/>\nZur Galerie <a href=\"http:\/\/woerrlein-naturfoto.de\/wordpress\/hauptseite-pflanzen\/pflanzen\/blueten-i-orchideen\/\">verschiedene Orchideen<\/a><code><br \/>\n<\/code><\/p>\n<p><img loading=\"lazy\" decoding=\"async\" class=\"alignleft wp-image-11730\" src=\"http:\/\/woerrlein-naturfoto.de\/wordpress\/wp-content\/uploads\/2015\/01\/RosaKugelorchis_D20190716_1770-400x600.jpg\" alt=\"\" width=\"267\" height=\"400\" srcset=\"https:\/\/woerrlein-naturfoto.de\/wordpress\/wp-content\/uploads\/2015\/01\/RosaKugelorchis_D20190716_1770-400x600.jpg 400w, https:\/\/woerrlein-naturfoto.de\/wordpress\/wp-content\/uploads\/2015\/01\/RosaKugelorchis_D20190716_1770.jpg 567w\" sizes=\"auto, (max-width: 267px) 100vw, 267px\" \/>Die <b>Rosa Kugelorchis<\/b> (<i>Traunsteinera globosa<\/i>), auch <b>Kugelorchis<\/b> oder <b>Kugelknabenkraut<\/b> genannt, ist eine Pflanzenart aus der Gattung der Kugelorchis (<i>Traunsteinera<\/i>) in der Familie der Orchideen. Die Rosa Kugelorchis ist eine mehrj\u00e4hrige, krautige Pflanze, die Wuchsh\u00f6hen von etwa 20 bis 60 Zentimetern erreicht. Vier bis sechs lanzettliche Bl\u00e4tter von bl\u00e4ulich gr\u00fcner Farbe sind aufrecht am d\u00fcnnen St\u00e4ngel verteilt. Der anfangs pyramidenf\u00f6rmige Bl\u00fctenstand wird sp\u00e4ter halbkugelig bis eif\u00f6rmig. Er ist sehr dicht und reichbl\u00fctig. Die Bl\u00fcten sind rosa mit purpurroten Punkten auf der Lippe. Die Sepalen sind lang ausgezogen mit knopfartiger Spitze. Der Mittellappen der dreispaltigen Lippe hat eine aufgesetzte Spitze. Der zylindrische Sporn ist k\u00fcrzer als der Fruchtknoten.<br \/>\nIn Deutschland steigt sie in den Alpen bis 2150\u00a0m Seeh\u00f6he. So kommt sie in den Allg\u00e4uer Alpen zwischen 850 und 2150 Metern Meeresh\u00f6he vor. Die kalkliebende Pflanze bevorzugt als Standort frische Kalk-Magerrasen oder Bergwiesen, in der subalpinen H\u00f6henstufe auch Wildheu-H\u00e4nge.<\/p>\n<p><strong>Bl\u00fctezeit:<\/strong>\u00a0\u00a0\u00a0\u00a0 Juni \/ Juli<\/p>\n<p>Zur Galerie <a href=\"http:\/\/woerrlein-naturfoto.de\/wordpress\/hauptseite-pflanzen\/pflanzen\/blueten-i-orchideen\/\">verschiedene Orchideen<\/a><\/p>\n<p><em>Quelle des Textauszuges und weitere Infos bei <\/em><a href=\"https:\/\/de.wikipedia.org\/wiki\/Sumpf-Stendelwurz\" target=\"_blank\" rel=\"noopener noreferrer\">Wikipedia<\/a><em> (<\/em><a href=\"http:\/\/www.gnu.org\/licenses\/fdl-1.3.txt\" target=\"_blank\" rel=\"noopener noreferrer\">GNU-Lizenz<\/a><em>)\u2013 mein Dank gilt den <\/em><a href=\"https:\/\/de.wikipedia.org\/w\/index.php?title=Rosa_Kugelorchis&amp;action=history\" target=\"_blank\" rel=\"noopener noreferrer\">Autoren<\/a><em>.<\/em><\/p>\n","protected":false},"excerpt":{"rendered":"<p>Pflanzen -&gt;Orchideen -&gt;\u00a0verschiedene Orchideen Pflanzen von A-Z Zur Galerie verschiedene Orchideen Die Rosa Kugelorchis (Traunsteinera globosa), auch Kugelorchis oder Kugelknabenkraut genannt, ist eine Pflanzenart aus der Gattung der Kugelorchis (Traunsteinera) in der Familie der Orchideen. Die Rosa Kugelorchis ist eine mehrj\u00e4hrige, krautige Pflanze, die Wuchsh\u00f6hen von etwa 20 bis 60 Zentimetern erreicht. Vier bis sechs &hellip; <a href=\"https:\/\/woerrlein-naturfoto.de\/wordpress\/verschiedene-orchideen-a-z\/kugelorchis\/\" class=\"more-link\"><span class=\"screen-reader-text\">Kugelorchis<\/span> weiterlesen <span class=\"meta-nav\">&rarr;<\/span><\/a><\/p>\n","protected":false},"author":1,"featured_media":0,"parent":14214,"menu_order":0,"comment_status":"closed","ping_status":"closed","template":"page-templates\/full-width.php","meta":{"footnotes":""},"class_list":["post-11834","page","type-page","status-publish","hentry"],"_links":{"self":[{"href":"https:\/\/woerrlein-naturfoto.de\/wordpress\/wp-json\/wp\/v2\/pages\/11834","targetHints":{"allow":["GET"]}}],"collection":[{"href":"https:\/\/woerrlein-naturfoto.de\/wordpress\/wp-json\/wp\/v2\/pages"}],"about":[{"href":"https:\/\/woerrlein-naturfoto.de\/wordpress\/wp-json\/wp\/v2\/types\/page"}],"author":[{"embeddable":true,"href":"https:\/\/woerrlein-naturfoto.de\/wordpress\/wp-json\/wp\/v2\/users\/1"}],"replies":[{"embeddable":true,"href":"https:\/\/woerrlein-naturfoto.de\/wordpress\/wp-json\/wp\/v2\/comments?post=11834"}],"version-history":[{"count":5,"href":"https:\/\/woerrlein-naturfoto.de\/wordpress\/wp-json\/wp\/v2\/pages\/11834\/revisions"}],"predecessor-version":[{"id":14462,"href":"https:\/\/woerrlein-naturfoto.de\/wordpress\/wp-json\/wp\/v2\/pages\/11834\/revisions\/14462"}],"up":[{"embeddable":true,"href":"https:\/\/woerrlein-naturfoto.de\/wordpress\/wp-json\/wp\/v2\/pages\/14214"}],"wp:attachment":[{"href":"https:\/\/woerrlein-naturfoto.de\/wordpress\/wp-json\/wp\/v2\/media?parent=11834"}],"curies":[{"name":"wp","href":"https:\/\/api.w.org\/{rel}","templated":true}]}}