{"id":11824,"date":"2019-12-28T13:38:09","date_gmt":"2019-12-28T12:38:09","guid":{"rendered":"http:\/\/woerrlein-naturfoto.de\/wordpress\/?page_id=11824"},"modified":"2021-12-16T14:22:13","modified_gmt":"2021-12-16T13:22:13","slug":"breitblaettrige-stendelwurz","status":"publish","type":"page","link":"https:\/\/woerrlein-naturfoto.de\/wordpress\/stendelwurzen-a-z\/breitblaettrige-stendelwurz\/","title":{"rendered":"Breitbl\u00e4ttrige Stendelwurz"},"content":{"rendered":"<p><span style=\"color: #ffff66;\"><a style=\"color: #ffff66;\" href=\"http:\/\/woerrlein-naturfoto.de\/wordpress\/hauptseite-pflanzen\/pflanzen\/\"><span style=\"color: #ffff00;\">Pflanzen<\/span><\/a> <\/span>-&gt;<span style=\"color: #ffff00;\"><a style=\"color: #ffff00;\" href=\"http:\/\/woerrlein-naturfoto.de\/wordpress\/hauptseite-pflanzen\/pflanzen\/blueten-i-orchideen-2\/\">Orchideen<\/a><\/span>-&gt;\u00a0<span style=\"color: #ffff00;\"><a style=\"color: #ffff00;\" href=\"https:\/\/woerrlein-naturfoto.de\/wordpress\/hauptseite-pflanzen\/pflanzen\/blueten-i-orchideen-2\/stendelwurzen-epipactis\/\">Stendelwurzen (Epipactis)<\/a><\/span><br \/>\n<a href=\"http:\/\/woerrlein-naturfoto.de\/wordpress\/pflanzen-von-a-z\/\">Pflanzen von A-Z<\/a><br \/>\nZur Galerie <a href=\"https:\/\/woerrlein-naturfoto.de\/wordpress\/hauptseite-pflanzen\/pflanzen\/blueten-i-orchideen-2\/stendelwurzen-epipactis\/\">Stendelwurzen<\/a><\/p>\n<p><img loading=\"lazy\" decoding=\"async\" class=\"alignleft wp-image-11726\" src=\"http:\/\/woerrlein-naturfoto.de\/wordpress\/wp-content\/uploads\/2015\/01\/BreitblaettrigeStendelwurz_D20190718_2030-400x600.jpg\" alt=\"\" width=\"267\" height=\"400\" srcset=\"https:\/\/woerrlein-naturfoto.de\/wordpress\/wp-content\/uploads\/2015\/01\/BreitblaettrigeStendelwurz_D20190718_2030-400x600.jpg 400w, https:\/\/woerrlein-naturfoto.de\/wordpress\/wp-content\/uploads\/2015\/01\/BreitblaettrigeStendelwurz_D20190718_2030.jpg 567w\" sizes=\"auto, (max-width: 267px) 100vw, 267px\" \/>Die <b>Breitbl\u00e4ttrige Stendelwurz<\/b> (<i>Epipactis helleborine<\/i>), auch <b>Breitbl\u00e4ttrige Sumpfwurz<\/b> oder <b>Breitbl\u00e4ttrige Sitter<\/b> genannt, geh\u00f6rt zur Gattung der Stendelwurzen in der Familie der Orchideen.\u00a0 Diese Pflanzenart ist in ihrem Bestand in Deutschland noch weitgehend ungef\u00e4hrdet. Seit den 1970er Jahren ist jedoch ein R\u00fcckgang der Vorkommen feststellbar. Um auf diesen Umstand hinzuweisen, wurde die Breitbl\u00e4ttrige Stendelwurz von den Arbeitskreisen Heimische Orchideen (AHOs) zur Orchidee des Jahres 2006 gek\u00fcrt.<br \/>\nDie Breitbl\u00e4ttrige Stendelwurz ist eine ausdauernde, krautige Pflanze, die Wuchsh\u00f6hen zwischen 20 und 100 Zentimetern erreicht. Dieser Geophyt bildet ein <a class=\"mw-redirect\" title=\"Rhizom (Botanik)\" href=\"https:\/\/de.wikipedia.org\/wiki\/Rhizom_(Botanik)\" target=\"_blank\" rel=\"noopener noreferrer\">Rhizom<\/a>. Der kr\u00e4ftige St\u00e4ngel ist kahl. Am unteren Ende des St\u00e4ngels befinden sich die ovalen 4 bis 10 Zentimeter breiten St\u00e4ngelbl\u00e4tter.<\/p>\n<p><strong>Bl\u00fctezeit:<\/strong>\u00a0\u00a0\u00a0\u00a0 Juli bis August<\/p>\n<p>Zur Galerie <a href=\"https:\/\/woerrlein-naturfoto.de\/wordpress\/hauptseite-pflanzen\/pflanzen\/blueten-i-orchideen-2\/stendelwurzen-epipactis\/\">Stendelwurzen<\/a><\/p>\n<p><em>Quelle des Textauszuges und weitere Infos bei <\/em><a href=\"https:\/\/de.wikipedia.org\/wiki\/Breitbl%C3%A4ttrige_Stendelwurz\" target=\"_blank\" rel=\"noopener noreferrer\">Wikipedia<\/a><em> (<\/em><a href=\"http:\/\/www.gnu.org\/licenses\/fdl-1.3.txt\" target=\"_blank\" rel=\"noopener noreferrer\">GNU-Lizenz<\/a><em>)\u2013 mein Dank gilt den <\/em><a href=\"https:\/\/de.wikipedia.org\/w\/index.php?title=Breitbl%C3%A4ttrige_Stendelwurz&amp;action=history\" target=\"_blank\" rel=\"noopener noreferrer\">Autoren<\/a><em>.<\/em><\/p>\n","protected":false},"excerpt":{"rendered":"<p>Pflanzen -&gt;Orchideen-&gt;\u00a0Stendelwurzen (Epipactis) Pflanzen von A-Z Zur Galerie Stendelwurzen Die Breitbl\u00e4ttrige Stendelwurz (Epipactis helleborine), auch Breitbl\u00e4ttrige Sumpfwurz oder Breitbl\u00e4ttrige Sitter genannt, geh\u00f6rt zur Gattung der Stendelwurzen in der Familie der Orchideen.\u00a0 Diese Pflanzenart ist in ihrem Bestand in Deutschland noch weitgehend ungef\u00e4hrdet. Seit den 1970er Jahren ist jedoch ein R\u00fcckgang der Vorkommen feststellbar. Um auf &hellip; <a href=\"https:\/\/woerrlein-naturfoto.de\/wordpress\/stendelwurzen-a-z\/breitblaettrige-stendelwurz\/\" class=\"more-link\"><span class=\"screen-reader-text\">Breitbl\u00e4ttrige Stendelwurz<\/span> weiterlesen <span class=\"meta-nav\">&rarr;<\/span><\/a><\/p>\n","protected":false},"author":1,"featured_media":0,"parent":14239,"menu_order":0,"comment_status":"closed","ping_status":"closed","template":"page-templates\/full-width.php","meta":{"footnotes":""},"class_list":["post-11824","page","type-page","status-publish","hentry"],"_links":{"self":[{"href":"https:\/\/woerrlein-naturfoto.de\/wordpress\/wp-json\/wp\/v2\/pages\/11824","targetHints":{"allow":["GET"]}}],"collection":[{"href":"https:\/\/woerrlein-naturfoto.de\/wordpress\/wp-json\/wp\/v2\/pages"}],"about":[{"href":"https:\/\/woerrlein-naturfoto.de\/wordpress\/wp-json\/wp\/v2\/types\/page"}],"author":[{"embeddable":true,"href":"https:\/\/woerrlein-naturfoto.de\/wordpress\/wp-json\/wp\/v2\/users\/1"}],"replies":[{"embeddable":true,"href":"https:\/\/woerrlein-naturfoto.de\/wordpress\/wp-json\/wp\/v2\/comments?post=11824"}],"version-history":[{"count":6,"href":"https:\/\/woerrlein-naturfoto.de\/wordpress\/wp-json\/wp\/v2\/pages\/11824\/revisions"}],"predecessor-version":[{"id":11826,"href":"https:\/\/woerrlein-naturfoto.de\/wordpress\/wp-json\/wp\/v2\/pages\/11824\/revisions\/11826"}],"up":[{"embeddable":true,"href":"https:\/\/woerrlein-naturfoto.de\/wordpress\/wp-json\/wp\/v2\/pages\/14239"}],"wp:attachment":[{"href":"https:\/\/woerrlein-naturfoto.de\/wordpress\/wp-json\/wp\/v2\/media?parent=11824"}],"curies":[{"name":"wp","href":"https:\/\/api.w.org\/{rel}","templated":true}]}}