{"id":1175,"date":"2014-09-25T16:59:28","date_gmt":"2014-09-25T14:59:28","guid":{"rendered":"http:\/\/woerrlein-naturfoto.de\/wordpress\/?page_id=1175"},"modified":"2024-10-13T10:06:15","modified_gmt":"2024-10-13T08:06:15","slug":"flussuferlaeufer","status":"publish","type":"page","link":"https:\/\/woerrlein-naturfoto.de\/wordpress\/schnepfen_a-z\/flussuferlaeufer\/","title":{"rendered":"Flussuferl\u00e4ufer"},"content":{"rendered":"<p><a href=\"http:\/\/woerrlein-naturfoto.de\/wordpress\/voegel\/\"><span style=\"color: #ffff66;\">V\u00f6gel<\/span> <\/a>-&gt;<a href=\"http:\/\/woerrlein-naturfoto.de\/wordpress\/hauptseite-voegel\/voegel\/watvoegel-2\"> <span style=\"color: #ffff66;\">Watv\u00f6gel<\/span> <\/a><br \/>\n<a title=\"V\u00f6gel von A-Z\" href=\"http:\/\/woerrlein-naturfoto.de\/wordpress\/voegel\/voegel_von_a-z\/\">V\u00f6gel von A-Z<\/a><br \/>\nZur Galerie <a title=\"Schnepfenv\u00f6gel\" href=\"http:\/\/woerrlein-naturfoto.de\/wordpress\/hauptseite-voegel\/voegel\/watvoegel\/schnepfenvoegel\/\">Schnepfen I<\/a><\/p>\n<p><img loading=\"lazy\" decoding=\"async\" class=\"alignleft wp-image-1103\" src=\"http:\/\/woerrlein-naturfoto.de\/wordpress\/wp-content\/uploads\/Flussuferlaeufer_18306L_v-600x400.jpg\" alt=\"Flussuferlaeufer_18306L_v.jpg\" width=\"600\" height=\"400\" srcset=\"https:\/\/woerrlein-naturfoto.de\/wordpress\/wp-content\/uploads\/Flussuferlaeufer_18306L_v-600x400.jpg 600w, https:\/\/woerrlein-naturfoto.de\/wordpress\/wp-content\/uploads\/Flussuferlaeufer_18306L_v-120x80.jpg 120w, https:\/\/woerrlein-naturfoto.de\/wordpress\/wp-content\/uploads\/Flussuferlaeufer_18306L_v.jpg 1000w\" sizes=\"auto, (max-width: 600px) 100vw, 600px\" \/><\/p>\n<p>Der <b>Flussuferl\u00e4ufer<\/b> (<i>Actitis hypoleucos<\/i>) ist eine monotypische Vogelart aus der Familie der Schnepfenv\u00f6gel, die ausschlie\u00dflich in der <a href=\"de.wikipedia.org\/wiki\/Pal\u00e4arktis\" target=\"_blank\" rel=\"noopener\">Pal\u00e4arktis<\/a> br\u00fctet. In Mitteleuropa ist der Flussuferl\u00e4ufer ein verbreiteter, aber wenig h\u00e4ufiger Brut- und Sommervogel.<br \/>\nDer Bauch ist wei\u00df und die Oberseite ist in Prachtkleid braun mit einer feinen dunkelbraunen Kritzel und Pfeilspitzenzeichnung sowie einer unregelm\u00e4\u00dfigen B\u00e4nderung gemustert. Im Ruhekleid ist die K\u00f6rperoberseite einheitlicher olivbraun. Die Augen sind schwarz und die relativ kurzen Beine blassgelb gef\u00e4rbt. Er hat einen mittellangen Schnabel, der in allen Kleidern dunkelbraun mit einer hell orangebraunen Wurzel ist sowie einen dunklen Augenstreif.<br \/>\nDer Flussuferl\u00e4ufer ern\u00e4hrt sich von Insekten und Spinnen. Au\u00dferdem stehen kleine Krebstiere und Weichtiere noch auf dem Speiseplan und werden mit dem Schnabel aus dem flachen Wasser gepickt. Er ortet seine Beute vor allem visuell. Seltener als die ihm \u00e4hnlichen Arten\u00a0 watet er im flachen Wasser, sondern h\u00e4lt sich bevorzugt am feuchten Ufer auf.<\/p>\n<p>L\u00e4nge: bis 22 cm\u00a0\u00a0 Spannweite: bis 40 cm\u00a0\u00a0 Gewicht: 40-80 g\u00a0\u00a0 Gelege: 4 Eier<\/p>\n<p>Zur Galerie <a title=\"Schnepfenv\u00f6gel\" href=\"http:\/\/woerrlein-naturfoto.de\/wordpress\/hauptseite-voegel\/voegel\/watvoegel\/schnepfenvoegel\/\">Schnepfen I<\/a><\/p>\n<p>&nbsp;<\/p>\n<p><em>Quelle des Textauszuges und weitere Infos bei <\/em><a href=\"http:\/\/de.wikipedia.org\/wiki\/Flussuferl%C3%A4ufer\" target=\"_blank\" rel=\"noopener\">Wikipedia<\/a> <em>(<\/em><a href=\"http:\/\/www.gnu.org\/licenses\/fdl-1.3.txt\" target=\"_blank\" rel=\"noopener\">GNU-Lizenz<\/a><em>)<\/em> \u2013 <em>mein Dank gilt den<\/em> <a href=\"http:\/\/de.wikipedia.org\/w\/index.php?title=Flussuferl%C3%A4ufer&amp;action=history\" target=\"_blank\" rel=\"noopener\">Autoren<\/a>.<\/p>\n","protected":false},"excerpt":{"rendered":"<p>V\u00f6gel -&gt; Watv\u00f6gel V\u00f6gel von A-Z Zur Galerie Schnepfen I Der Flussuferl\u00e4ufer (Actitis hypoleucos) ist eine monotypische Vogelart aus der Familie der Schnepfenv\u00f6gel, die ausschlie\u00dflich in der Pal\u00e4arktis br\u00fctet. In Mitteleuropa ist der Flussuferl\u00e4ufer ein verbreiteter, aber wenig h\u00e4ufiger Brut- und Sommervogel. Der Bauch ist wei\u00df und die Oberseite ist in Prachtkleid braun mit einer &hellip; <a href=\"https:\/\/woerrlein-naturfoto.de\/wordpress\/schnepfen_a-z\/flussuferlaeufer\/\" class=\"more-link\"><span class=\"screen-reader-text\">Flussuferl\u00e4ufer<\/span> weiterlesen <span class=\"meta-nav\">&rarr;<\/span><\/a><\/p>\n","protected":false},"author":1,"featured_media":0,"parent":1143,"menu_order":0,"comment_status":"closed","ping_status":"closed","template":"page-templates\/full-width.php","meta":{"footnotes":""},"class_list":["post-1175","page","type-page","status-publish","hentry"],"_links":{"self":[{"href":"https:\/\/woerrlein-naturfoto.de\/wordpress\/wp-json\/wp\/v2\/pages\/1175","targetHints":{"allow":["GET"]}}],"collection":[{"href":"https:\/\/woerrlein-naturfoto.de\/wordpress\/wp-json\/wp\/v2\/pages"}],"about":[{"href":"https:\/\/woerrlein-naturfoto.de\/wordpress\/wp-json\/wp\/v2\/types\/page"}],"author":[{"embeddable":true,"href":"https:\/\/woerrlein-naturfoto.de\/wordpress\/wp-json\/wp\/v2\/users\/1"}],"replies":[{"embeddable":true,"href":"https:\/\/woerrlein-naturfoto.de\/wordpress\/wp-json\/wp\/v2\/comments?post=1175"}],"version-history":[{"count":14,"href":"https:\/\/woerrlein-naturfoto.de\/wordpress\/wp-json\/wp\/v2\/pages\/1175\/revisions"}],"predecessor-version":[{"id":18945,"href":"https:\/\/woerrlein-naturfoto.de\/wordpress\/wp-json\/wp\/v2\/pages\/1175\/revisions\/18945"}],"up":[{"embeddable":true,"href":"https:\/\/woerrlein-naturfoto.de\/wordpress\/wp-json\/wp\/v2\/pages\/1143"}],"wp:attachment":[{"href":"https:\/\/woerrlein-naturfoto.de\/wordpress\/wp-json\/wp\/v2\/media?parent=1175"}],"curies":[{"name":"wp","href":"https:\/\/api.w.org\/{rel}","templated":true}]}}