{"id":11595,"date":"2019-11-25T22:17:22","date_gmt":"2019-11-25T21:17:22","guid":{"rendered":"http:\/\/woerrlein-naturfoto.de\/wordpress\/?page_id=11595"},"modified":"2022-10-19T13:54:51","modified_gmt":"2022-10-19T11:54:51","slug":"rotgelber-stoppelpilz","status":"publish","type":"page","link":"https:\/\/woerrlein-naturfoto.de\/wordpress\/pilze-a-z\/rotgelber-stoppelpilz\/","title":{"rendered":"Rotgelber Stoppelpilz"},"content":{"rendered":"<p><a href=\"http:\/\/woerrlein-naturfoto.de\/wordpress\/hauptseite-pflanzen\/pflanzen\/\"><span style=\"color: #ffff66;\">Pflanzen<\/span> <\/a>-&gt;<a href=\"http:\/\/woerrlein-naturfoto.de\/wordpress\/hauptseite-pflanzen\/pflanzen\/pilze-2\/\"> <span style=\"color: #ffff66;\">Pilze<\/span><\/a><br \/>\n<a href=\"http:\/\/woerrlein-naturfoto.de\/wordpress\/pflanzen-von-a-z\/\">Pflanzen von A-Z<\/a><br \/>\nzur Galerie <a href=\"https:\/\/woerrlein-naturfoto.de\/wordpress\/hauptseite-pflanzen\/pflanzen\/pilze-2\/pilze-ii-h-bis-r\/\">Pilze II<\/a><\/p>\n<p><img loading=\"lazy\" decoding=\"async\" class=\"alignleft wp-image-11568\" src=\"http:\/\/woerrlein-naturfoto.de\/wordpress\/wp-content\/uploads\/2015\/01\/Rotgelber-Stoppelpilz_DSC_3064-400x600.jpg\" alt=\"\" width=\"267\" height=\"400\" \/><\/p>\n<p class=\"Stil24\">Der <strong>Rotgelbe Stoppelpilz<\/strong> <em>(Hydnum repandum var.rufescens) <\/em>wurde fr\u00fcher als eigene Art, vom Semmelstoppelpilz <em>(Hydnum repandum<\/em>) abgetrennt. Es gibt Zwischenformen, die nicht exakt zugeordnet werden k\u00f6nnen, daher wurde die Trennung in zwei verschiedene Arten wieder aufgegeben.<br \/>\nDer 3-8cm breite Hut ist oranger\u00f6tlich, semmelfarben bis orangebr\u00e4unlich gef\u00e4rbt. Die Stacheln sind wie der Hut gef\u00e4rbt und laufen am Stiel kurz herab.<\/p>\n<p><strong>Vorkommen:<\/strong>\u00a0\u00a0\u00a0\u00a0\u00a0\u00a0\u00a0 Juli &#8211; November<\/p>\n<p>zur Galerie <a href=\"https:\/\/woerrlein-naturfoto.de\/wordpress\/hauptseite-pflanzen\/pflanzen\/pilze-2\/pilze-ii-h-bis-r\/\">Pilze II<\/a><\/p>\n","protected":false},"excerpt":{"rendered":"<p>Pflanzen -&gt; Pilze Pflanzen von A-Z zur Galerie Pilze II Der Rotgelbe Stoppelpilz (Hydnum repandum var.rufescens) wurde fr\u00fcher als eigene Art, vom Semmelstoppelpilz (Hydnum repandum) abgetrennt. Es gibt Zwischenformen, die nicht exakt zugeordnet werden k\u00f6nnen, daher wurde die Trennung in zwei verschiedene Arten wieder aufgegeben. Der 3-8cm breite Hut ist oranger\u00f6tlich, semmelfarben bis orangebr\u00e4unlich gef\u00e4rbt. &hellip; <a href=\"https:\/\/woerrlein-naturfoto.de\/wordpress\/pilze-a-z\/rotgelber-stoppelpilz\/\" class=\"more-link\"><span class=\"screen-reader-text\">Rotgelber Stoppelpilz<\/span> weiterlesen <span class=\"meta-nav\">&rarr;<\/span><\/a><\/p>\n","protected":false},"author":1,"featured_media":0,"parent":5118,"menu_order":0,"comment_status":"closed","ping_status":"closed","template":"page-templates\/full-width.php","meta":{"footnotes":""},"class_list":["post-11595","page","type-page","status-publish","hentry"],"_links":{"self":[{"href":"https:\/\/woerrlein-naturfoto.de\/wordpress\/wp-json\/wp\/v2\/pages\/11595","targetHints":{"allow":["GET"]}}],"collection":[{"href":"https:\/\/woerrlein-naturfoto.de\/wordpress\/wp-json\/wp\/v2\/pages"}],"about":[{"href":"https:\/\/woerrlein-naturfoto.de\/wordpress\/wp-json\/wp\/v2\/types\/page"}],"author":[{"embeddable":true,"href":"https:\/\/woerrlein-naturfoto.de\/wordpress\/wp-json\/wp\/v2\/users\/1"}],"replies":[{"embeddable":true,"href":"https:\/\/woerrlein-naturfoto.de\/wordpress\/wp-json\/wp\/v2\/comments?post=11595"}],"version-history":[{"count":2,"href":"https:\/\/woerrlein-naturfoto.de\/wordpress\/wp-json\/wp\/v2\/pages\/11595\/revisions"}],"predecessor-version":[{"id":15549,"href":"https:\/\/woerrlein-naturfoto.de\/wordpress\/wp-json\/wp\/v2\/pages\/11595\/revisions\/15549"}],"up":[{"embeddable":true,"href":"https:\/\/woerrlein-naturfoto.de\/wordpress\/wp-json\/wp\/v2\/pages\/5118"}],"wp:attachment":[{"href":"https:\/\/woerrlein-naturfoto.de\/wordpress\/wp-json\/wp\/v2\/media?parent=11595"}],"curies":[{"name":"wp","href":"https:\/\/api.w.org\/{rel}","templated":true}]}}