{"id":11455,"date":"2019-11-24T14:58:17","date_gmt":"2019-11-24T13:58:17","guid":{"rendered":"http:\/\/woerrlein-naturfoto.de\/wordpress\/?page_id=11455"},"modified":"2022-10-19T13:52:25","modified_gmt":"2022-10-19T11:52:25","slug":"rillstieliger-helmling-2","status":"publish","type":"page","link":"https:\/\/woerrlein-naturfoto.de\/wordpress\/pilze-a-z\/rillstieliger-helmling-2\/","title":{"rendered":"Rillstieliger Helmling"},"content":{"rendered":"<p><a href=\"http:\/\/woerrlein-naturfoto.de\/wordpress\/hauptseite-pflanzen\/pflanzen\/\"><span style=\"color: #ffff66;\">Pflanzen<\/span> <\/a>-&gt;<a href=\"http:\/\/woerrlein-naturfoto.de\/wordpress\/hauptseite-pflanzen\/pflanzen\/pilze-2\/\"> <span style=\"color: #ffff66;\">Pilze<\/span><\/a><br \/>\n<a href=\"http:\/\/woerrlein-naturfoto.de\/wordpress\/pflanzen-von-a-z\/\">Pflanzen von A-Z<\/a><br \/>\nzur Galerie <a href=\"https:\/\/woerrlein-naturfoto.de\/wordpress\/hauptseite-pflanzen\/pflanzen\/pilze-2\/pilze-ii-h-bis-r\/\">Pilze II<\/a><\/p>\n<p><img loading=\"lazy\" decoding=\"async\" class=\"alignleft wp-image-11378\" src=\"http:\/\/woerrlein-naturfoto.de\/wordpress\/wp-content\/uploads\/2015\/01\/RillstieligerHelmling_191110_3938-600x400.jpg\" alt=\"\" width=\"600\" height=\"400\" \/>Der ungenie\u00dfbare <b>Rillstielige Helmling<\/b> (<i>Mycena polygramma<\/i>) ist eine Pilzart aus der Familie der Helmlingsverwandten. Die Fruchtk\u00f6rper des Helmlings erscheinen von Mai bis Dezember und wachsen h\u00e4ufig auf totem Eichenholz.<br \/>\nDer d\u00fcnnfleischige, trockene Hut ist mehr oder weniger kegelig und wird 1,5\u20134 (5)\u00a0cm breit. Der Rand ist grob gerieft. Die matte, bereifte Oberfl\u00e4che ist hell- bis dunkelgrau oder -braun gef\u00e4rbt und h\u00e4ufig rostbraun gefleckt. Die Lamellen sind ausgebuchtet am Stiel angewachsen und bleiben lange wei\u00dflich bis gr\u00e4ulich wei\u00df. Im Alter werden sie wie der Hut oft rostfleckig. Das Sporenpulver ist wei\u00df.<br \/>\nDer lang und schlank wirkende, hohle Stiel ist 5\u201312\u00a0cm lang und 0,2\u20130,6\u00a0cm breit. Er ist mehr oder weniger grau und hat eine leicht bl\u00e4uliche T\u00f6nung. Insgesamt ist er etwas dunkler als der Hut gef\u00e4rbt. Er ist steif, aber gebrechlich und zumindest trocken auffallend l\u00e4ngsrillig. Das d\u00fcnne, blasse Fleisch ist nahezu geruchlos und schmeckt unauff\u00e4llig.<\/p>\n<p><strong>Vorkommen:<\/strong>\u00a0\u00a0\u00a0\u00a0\u00a0\u00a0\u00a0 Mai &#8211; Dezember<\/p>\n<p>zur Galerie <a href=\"https:\/\/woerrlein-naturfoto.de\/wordpress\/hauptseite-pflanzen\/pflanzen\/pilze-2\/pilze-ii-h-bis-r\/\">Pilze II<\/a><\/p>\n<p><em>Quelle des Textauszuges und weitere Infos bei <\/em><a href=\"https:\/\/de.wikipedia.org\/wiki\/Rillstieliger_Helmling\" target=\"_blank\" rel=\"noopener noreferrer\">Wikipedia<\/a><em> (<\/em><a href=\"http:\/\/www.gnu.org\/licenses\/fdl-1.3.txt\" target=\"_blank\" rel=\"noopener noreferrer\">GNU-Lizenz<\/a><em>)\u2013 mein Dank gilt den <\/em><a href=\"https:\/\/de.wikipedia.org\/w\/index.php?title=Rillstieliger_Helmling&amp;action=history\" target=\"_blank\" rel=\"noopener noreferrer\">Autoren<\/a><em>.<\/em><\/p>\n","protected":false},"excerpt":{"rendered":"<p>Pflanzen -&gt; Pilze Pflanzen von A-Z zur Galerie Pilze II Der ungenie\u00dfbare Rillstielige Helmling (Mycena polygramma) ist eine Pilzart aus der Familie der Helmlingsverwandten. Die Fruchtk\u00f6rper des Helmlings erscheinen von Mai bis Dezember und wachsen h\u00e4ufig auf totem Eichenholz. Der d\u00fcnnfleischige, trockene Hut ist mehr oder weniger kegelig und wird 1,5\u20134 (5)\u00a0cm breit. Der Rand &hellip; <a href=\"https:\/\/woerrlein-naturfoto.de\/wordpress\/pilze-a-z\/rillstieliger-helmling-2\/\" class=\"more-link\"><span class=\"screen-reader-text\">Rillstieliger Helmling<\/span> weiterlesen <span class=\"meta-nav\">&rarr;<\/span><\/a><\/p>\n","protected":false},"author":1,"featured_media":0,"parent":5118,"menu_order":0,"comment_status":"closed","ping_status":"closed","template":"page-templates\/full-width.php","meta":{"footnotes":""},"class_list":["post-11455","page","type-page","status-publish","hentry"],"_links":{"self":[{"href":"https:\/\/woerrlein-naturfoto.de\/wordpress\/wp-json\/wp\/v2\/pages\/11455","targetHints":{"allow":["GET"]}}],"collection":[{"href":"https:\/\/woerrlein-naturfoto.de\/wordpress\/wp-json\/wp\/v2\/pages"}],"about":[{"href":"https:\/\/woerrlein-naturfoto.de\/wordpress\/wp-json\/wp\/v2\/types\/page"}],"author":[{"embeddable":true,"href":"https:\/\/woerrlein-naturfoto.de\/wordpress\/wp-json\/wp\/v2\/users\/1"}],"replies":[{"embeddable":true,"href":"https:\/\/woerrlein-naturfoto.de\/wordpress\/wp-json\/wp\/v2\/comments?post=11455"}],"version-history":[{"count":4,"href":"https:\/\/woerrlein-naturfoto.de\/wordpress\/wp-json\/wp\/v2\/pages\/11455\/revisions"}],"predecessor-version":[{"id":15545,"href":"https:\/\/woerrlein-naturfoto.de\/wordpress\/wp-json\/wp\/v2\/pages\/11455\/revisions\/15545"}],"up":[{"embeddable":true,"href":"https:\/\/woerrlein-naturfoto.de\/wordpress\/wp-json\/wp\/v2\/pages\/5118"}],"wp:attachment":[{"href":"https:\/\/woerrlein-naturfoto.de\/wordpress\/wp-json\/wp\/v2\/media?parent=11455"}],"curies":[{"name":"wp","href":"https:\/\/api.w.org\/{rel}","templated":true}]}}