{"id":11388,"date":"2019-11-23T19:02:49","date_gmt":"2019-11-23T18:02:49","guid":{"rendered":"http:\/\/woerrlein-naturfoto.de\/wordpress\/?page_id=11388"},"modified":"2022-10-19T12:49:36","modified_gmt":"2022-10-19T10:49:36","slug":"amiant-koernchenschirmling","status":"publish","type":"page","link":"https:\/\/woerrlein-naturfoto.de\/wordpress\/pilze-a-z\/amiant-koernchenschirmling\/","title":{"rendered":"Amiant-K\u00f6rnchenschirmling"},"content":{"rendered":"<p><a href=\"http:\/\/woerrlein-naturfoto.de\/wordpress\/hauptseite-pflanzen\/pflanzen\/\"><span style=\"color: #ffff66;\">Pflanzen<\/span> <\/a>-&gt;<a href=\"http:\/\/woerrlein-naturfoto.de\/wordpress\/hauptseite-pflanzen\/pflanzen\/pilze-2\/\"> <span style=\"color: #ffff66;\">Pilze<\/span><\/a><br \/>\n<a href=\"http:\/\/woerrlein-naturfoto.de\/wordpress\/pflanzen-von-a-z\/\">Pflanzen von A-Z<\/a><br \/>\nzur Galerie <a href=\"https:\/\/woerrlein-naturfoto.de\/wordpress\/hauptseite-pflanzen\/pflanzen\/pilze-2\/pilze-i-a-bis-g\/\">Pilze I<\/a><\/p>\n<p><img loading=\"lazy\" decoding=\"async\" class=\"alignleft wp-image-11368\" src=\"http:\/\/woerrlein-naturfoto.de\/wordpress\/wp-content\/uploads\/2015\/01\/AmiantKoernchenschirmling_191020_3600-400x600.jpg\" alt=\"\" width=\"267\" height=\"400\" \/>Der <b>Amiant-K\u00f6rnchenschirmling<\/b> (<i>Cystoderma amianthinum<\/i>) ist ein Pilz aus der Familie der Champignonverwandten. Es ist ein kleiner, schirmlingsartiger Pilz, mit einem ockergelben bis br\u00e4unlichen, feink\u00f6rnigem Hut. Die Fruchtk\u00f6rper erscheinen in der Regel zwischen August und November, bevorzugt in Nadelw\u00e4ldern. Der Pilz gilt wegen seines dumpf erdigen Geruchs als ungenie\u00dfbar.<br \/>\nDer Hut des Amiant-K\u00f6rnchenschirmlings ist 2\u20134\u00a0cm breit. Anfangs ist er kegelig, dann gew\u00f6lbt und schlie\u00dflich flach ausgebreitet und stumpf gebuckelt. Die Hutoberfl\u00e4che ist flockig oder fein bis rau k\u00f6rnig, im Alter oft auch radialrunzelig bis faltig. Der Hut ist blassgelb bis ockergelb oder gelborange gef\u00e4rbt. Der Rand ist scharf und bei jungen Fruchtk\u00f6rpern oft mit Velumresten behangen.<br \/>\nDie Lamellen sind breit oder ausgerandet am Stiel angewachsen und k\u00f6nnen mit einem Zahn daran herablaufen. Sie stehen kaum gedr\u00e4ngt und sind zun\u00e4chst wei\u00df und sp\u00e4ter cremefarben bis hell ockergelblich gef\u00e4rbt. Das Sporenpulver ist cremefarben.<br \/>\nDer zylindrische Stiel ist 4\u20136\u00a0cm lang und 0,2\u20130,6\u00a0cm breit. Er ist schlank, hohl und \u00e4hnlich wie der Hut ockergelb gef\u00e4rbt und tr\u00e4gt einen aufsteigenden, flockigen und oft undeutlichen Ring. Von der Basis bis zum Ring ist er orangebr\u00e4unlich und grobschuppig bis k\u00f6rnig, oberhalb des Ringes ist er cremefarben und im Alter br\u00e4unlich.<\/p>\n<p><strong>Vorkommen:<\/strong>\u00a0\u00a0\u00a0\u00a0\u00a0\u00a0\u00a0 August &#8211; November<\/p>\n<p>zur Galerie <a href=\"https:\/\/woerrlein-naturfoto.de\/wordpress\/hauptseite-pflanzen\/pflanzen\/pilze-2\/pilze-i-a-bis-g\/\">Pilze I<\/a><\/p>\n<p><em>Quelle des Textauszuges und weitere Infos bei <\/em><a href=\"https:\/\/de.wikipedia.org\/wiki\/Amiant-K%C3%B6rnchenschirmling\" target=\"_blank\" rel=\"noopener noreferrer\">Wikipedia<\/a><em> (<\/em><a href=\"http:\/\/www.gnu.org\/licenses\/fdl-1.3.txt\" target=\"_blank\" rel=\"noopener noreferrer\">GNU-Lizenz<\/a><em>)\u2013 mein Dank gilt den <\/em><a href=\"https:\/\/de.wikipedia.org\/w\/index.php?title=Amiant-K%C3%B6rnchenschirmling&amp;action=history\" target=\"_blank\" rel=\"noopener noreferrer\">Autoren<\/a><em>.<\/em><\/p>\n","protected":false},"excerpt":{"rendered":"<p>Pflanzen -&gt; Pilze Pflanzen von A-Z zur Galerie Pilze I Der Amiant-K\u00f6rnchenschirmling (Cystoderma amianthinum) ist ein Pilz aus der Familie der Champignonverwandten. Es ist ein kleiner, schirmlingsartiger Pilz, mit einem ockergelben bis br\u00e4unlichen, feink\u00f6rnigem Hut. Die Fruchtk\u00f6rper erscheinen in der Regel zwischen August und November, bevorzugt in Nadelw\u00e4ldern. Der Pilz gilt wegen seines dumpf erdigen &hellip; <a href=\"https:\/\/woerrlein-naturfoto.de\/wordpress\/pilze-a-z\/amiant-koernchenschirmling\/\" class=\"more-link\"><span class=\"screen-reader-text\">Amiant-K\u00f6rnchenschirmling<\/span> weiterlesen <span class=\"meta-nav\">&rarr;<\/span><\/a><\/p>\n","protected":false},"author":1,"featured_media":0,"parent":5118,"menu_order":0,"comment_status":"closed","ping_status":"closed","template":"page-templates\/full-width.php","meta":{"footnotes":""},"class_list":["post-11388","page","type-page","status-publish","hentry"],"_links":{"self":[{"href":"https:\/\/woerrlein-naturfoto.de\/wordpress\/wp-json\/wp\/v2\/pages\/11388","targetHints":{"allow":["GET"]}}],"collection":[{"href":"https:\/\/woerrlein-naturfoto.de\/wordpress\/wp-json\/wp\/v2\/pages"}],"about":[{"href":"https:\/\/woerrlein-naturfoto.de\/wordpress\/wp-json\/wp\/v2\/types\/page"}],"author":[{"embeddable":true,"href":"https:\/\/woerrlein-naturfoto.de\/wordpress\/wp-json\/wp\/v2\/users\/1"}],"replies":[{"embeddable":true,"href":"https:\/\/woerrlein-naturfoto.de\/wordpress\/wp-json\/wp\/v2\/comments?post=11388"}],"version-history":[{"count":6,"href":"https:\/\/woerrlein-naturfoto.de\/wordpress\/wp-json\/wp\/v2\/pages\/11388\/revisions"}],"predecessor-version":[{"id":15508,"href":"https:\/\/woerrlein-naturfoto.de\/wordpress\/wp-json\/wp\/v2\/pages\/11388\/revisions\/15508"}],"up":[{"embeddable":true,"href":"https:\/\/woerrlein-naturfoto.de\/wordpress\/wp-json\/wp\/v2\/pages\/5118"}],"wp:attachment":[{"href":"https:\/\/woerrlein-naturfoto.de\/wordpress\/wp-json\/wp\/v2\/media?parent=11388"}],"curies":[{"name":"wp","href":"https:\/\/api.w.org\/{rel}","templated":true}]}}